DROP DATABASE IF EXISTS cs122a_sp19;
CREATE DATABASE cs122a_sp19;
USE cs122a_sp19;

CREATE TABLE PHLogger(
   phlid  		VARCHAR(8),
   name		VARCHAR(50) NOT NULL,
   address_street	VARCHAR(50) NOT NULL,
   address_city		VARCHAR(20) NOT NULL,
   address_state	CHAR(2) NOT NULL,
   address_pcode	VARCHAR(10) NOT NULL,
   PRIMARY KEY (phlid),
   FOREIGN KEY (phlid) REFERENCES User (phlid) ON DELETE CASCADE
  );

CREATE TABLE Supporter(
   phlid  	VARCHAR(8),
   phone	VARCHAR(20) NOT NULL,
   role 		VARCHAR(20) NOT NULL,
   PRIMARY KEY (phlid),
   FOREIGN KEY (phlid) REFERENCES User (phlid) ON DELETE CASCADE
  );

CREATE TABLE Contact(
   phlid		VARCHAR(8),
   number	VARCHAR(20),
   PRIMARY KEY (phlid,number),
   FOREIGN KEY (phlid) REFERENCES PHLogger (phlid) ON DELETE CASCADE
  );

CREATE TABLE Interest(
   iname	VARCHAR(20),
   description 	VARCHAR(300) NOT NULL,
   topic 		VARCHAR(20) NOT NULL,
   date		DATETIME NOT NULL,
   PRIMARY KEY (iname)
  );

CREATE TABLE Thought(
   phlid		VARCHAR(8),
   tnum		INTEGER,
   text		VARCHAR(300) NOT NULL,
   date		DATETIME NOT NULL,
   PRIMARY KEY (phlid,tnum),
   FOREIGN KEY (phlid) REFERENCES PHLogger (phlid) ON DELETE CASCADE
  );

CREATE TABLE Event(
   eid		VARCHAR(8),
   phlid		VARCHAR(8) NOT NULL,
   ename	VARCHAR(50) NOT NULL,
   start		DATETIME NOT NULL,
   end		DATETIME,
   origin	VARCHAR(100),
   PRIMARY KEY (eid),
   FOREIGN KEY (phlid) REFERENCES PHLogger(phlid) ON DELETE CASCADE
  );

CREATE TABLE Observation(
   observation_id	VARCHAR(8),
   phlid			VARCHAR(8),
   start			DATETIME NOT NULL,
   end			DATETIME,
   PRIMARY KEY (observation_id),
   FOREIGN KEY (phlid) REFERENCES User(phlid) ON DELETE CASCADE
  );

CREATE TABLE Observer(
   observer_id		VARCHAR(8),
   phlid			VARCHAR(8) NOT NULL,
   kind			VARCHAR(50) NOT NULL,
   manufacturer	VARCHAR(50) NOT NULL,
   model		VARCHAR(50) NOT NULL,
   software_version	VARCHAR(50),
   PRIMARY KEY (observer_id),
   FOREIGN KEY (phlid) REFERENCES PHLogger(phlid) ON DELETE CASCADE
  );

CREATE TABLE Observable(
   observation_id	VARCHAR(8),
   observer_id		VARCHAR(8),
   kind    		ENUM('observable','heartrate','bloodpressure','picture') NOT NULL,
   rate			INTEGER,
   diastolic		INTEGER,
   systolic		INTEGER,
   picture		VARBINARY(1000),
   label			VARCHAR(100),
   text			VARCHAR(300),
   PRIMARY KEY (observation_id),
   FOREIGN KEY (observation_id) REFERENCES Observation(observation_id) ON DELETE CASCADE,
   FOREIGN KEY (observer_id) REFERENCES Observer(observer_id) ON DELETE CASCADE
  );

CREATE TABLE PHLG_obs(
   observation_id	VARCHAR(8),
   text			VARCHAR(300) NOT NULL,
   PRIMARY KEY (observation_id),
   FOREIGN KEY (observation_id) REFERENCES Observation(observation_id) ON DELETE CASCADE
  );
 ----------------------------------------------------- Page 2 -----------------------------------------------
CREATE TABLE About(
   phlid		VARCHAR(8),
   tnum		INTEGER,
   iname	VARCHAR(20),
   PRIMARY KEY (phlid,tnum,iname),
   FOREIGN KEY (phlid,tnum) REFERENCES Thought(phlid,tnum) ON DELETE CASCADE,
   FOREIGN KEY (iname) REFERENCES Interest(iname) ON DELETE CASCADE
  );

CREATE TABLE Member(
   phlid		VARCHAR(8),
   iname	VARCHAR(20),
   PRIMARY KEY (phlid,iname),
   FOREIGN KEY (phlid) REFERENCES PHLogger(phlid) ON DELETE CASCADE,
   FOREIGN KEY (iname) REFERENCES Interest(iname) ON DELETE CASCADE
  );

CREATE TABLE Indicate(
   eid			VARCHAR(8),
   observation_id	VARCHAR(8),
   PRIMARY KEY (eid,observation_id),
   FOREIGN KEY (eid) REFERENCES Event(eid) ON DELETE CASCADE,
   FOREIGN KEY (observation_id) REFERENCES Observation(observation_id) ON DELETE CASCADE
  );
INSERT INTO PHLogger VALUES ('1','Tereasa Feest','McDermott Inlet','South King','IN','40309');
INSERT INTO PHLogger VALUES ('2','Verlie Doyle','Deckow Course','Breitenbergside','WY','13037-3825');
INSERT INTO Contact VALUES ('2','027-050-6221');
INSERT INTO PHLogger VALUES ('3','Roselia Kiehn','Tish Skyway','West Demetrice','NE','34237-3337');
INSERT INTO Contact VALUES ('3','402-894-0519');
INSERT INTO PHLogger VALUES ('4','Brunilda Wehner','Monroe Wall','Lake Jordonville','WA','96210');
INSERT INTO Contact VALUES ('4','652-688-6548');
INSERT INTO Contact VALUES ('4','705-504-7238');
INSERT INTO Contact VALUES ('4','777-449-6331');
INSERT INTO PHLogger VALUES ('5','Jean Muller','Welch Landing','Jantown','RI','42139-1082');
INSERT INTO Contact VALUES ('5','470-850-7524');
INSERT INTO Contact VALUES ('5','520-652-6521');
INSERT INTO PHLogger VALUES ('6','Mac Maggio','Shandi Rapid','Gorczanyberg','AL','08420');
INSERT INTO Contact VALUES ('6','057-094-5996');
INSERT INTO PHLogger VALUES ('7','Arianne Volkman','Donn Lock','South Odell','CO','42904-5415');
INSERT INTO Contact VALUES ('7','585-057-6351');
INSERT INTO Contact VALUES ('7','713-230-4186');
INSERT INTO PHLogger VALUES ('8','Caren Hegmann','Jeana Lodge','East Carlos','NJ','62332');
INSERT INTO Contact VALUES ('8','453-594-4285');
INSERT INTO PHLogger VALUES ('9','Beverley Quitzon','Bauch Port','South Steven','VA','96792');
INSERT INTO Contact VALUES ('9','379-369-2874');
INSERT INTO Contact VALUES ('9','151-727-8973');
INSERT INTO Contact VALUES ('9','211-788-0070');
INSERT INTO PHLogger VALUES ('10','Malia Bashirian','Kamilah Flat','North Mittie','LA','84442');
INSERT INTO PHLogger VALUES ('11','Rosamaria Morissette','Tremblay Key','South Etheltown','NH','74522-2147');
INSERT INTO Contact VALUES ('11','676-669-2569');
INSERT INTO Contact VALUES ('11','310-838-9451');
INSERT INTO PHLogger VALUES ('12','Vernon Wilderman','Mckinley Orchard','North Janaeland','MS','39553');
INSERT INTO Contact VALUES ('12','763-094-1364');
INSERT INTO Contact VALUES ('12','460-120-5517');
INSERT INTO PHLogger VALUES ('13','Nathanial Emard','Nolan Courts','North Nguyet','MN','15802-6023');
INSERT INTO PHLogger VALUES ('14','Misty Reynolds','Pfannerstill Motorway','West Chasetown','NE','92565');
INSERT INTO Contact VALUES ('14','327-141-1100');
INSERT INTO PHLogger VALUES ('15','Ludivina Bergnaum','Lakin Lights','Lake Pete','SD','67844-5689');
INSERT INTO Contact VALUES ('15','826-547-6086');
INSERT INTO PHLogger VALUES ('16','Harold Hackett','Mueller Track','Carmanside','NH','98087');
INSERT INTO Contact VALUES ('16','639-879-9028');
INSERT INTO Contact VALUES ('16','168-769-4357');
INSERT INTO PHLogger VALUES ('17','Ingrid Quitzon','Daren Light','Dickifurt','CA','56511');
INSERT INTO Contact VALUES ('17','345-530-4343');
INSERT INTO PHLogger VALUES ('18','Suzi Kessler','Nader Drives','Emmerichfort','NY','40185');
INSERT INTO Contact VALUES ('18','998-535-1613');
INSERT INTO Contact VALUES ('18','182-748-4101');
INSERT INTO PHLogger VALUES ('19','Taneka Zemlak','Bess Flats','Legrosstad','ME','06704-6624');
INSERT INTO Contact VALUES ('19','202-150-2527');
INSERT INTO PHLogger VALUES ('20','Cherelle Effertz','Forest Key','Abbottport','WY','05230-3293');
INSERT INTO Contact VALUES ('20','474-871-0036');
INSERT INTO Contact VALUES ('20','254-087-4931');
INSERT INTO PHLogger VALUES ('21','Larry Nikolaus','Hans Viaduct','New Porfirio','WA','46223');
INSERT INTO Contact VALUES ('21','075-831-4478');
INSERT INTO PHLogger VALUES ('22','Shanelle Turner','Ruecker Fall','Port Wilsonside','CT','37374-3112');
INSERT INTO PHLogger VALUES ('23','Jenae Simonis','Emmaline Throughway','South Chung','NE','75989-9443');
INSERT INTO Contact VALUES ('23','382-317-9959');
INSERT INTO Contact VALUES ('23','393-405-6237');
INSERT INTO PHLogger VALUES ('24','Darrin Erdman','Catina Ville','West Charlie','NH','84313-3955');
INSERT INTO Contact VALUES ('24','777-729-1759');
INSERT INTO Contact VALUES ('24','930-328-1199');
INSERT INTO PHLogger VALUES ('25','Sean Lowe','Ritchie Squares','East Aaronhaven','SC','46357-7923');
INSERT INTO Contact VALUES ('25','547-933-4733');
INSERT INTO PHLogger VALUES ('26','Leon McCullough','Moen Ways','East Kipborough','AZ','42154');
INSERT INTO Contact VALUES ('26','308-669-6504');
INSERT INTO PHLogger VALUES ('27','Antonio Torphy','Sanford Lodge','South Eddy','UT','83337-8927');
INSERT INTO Contact VALUES ('27','377-605-8943');
INSERT INTO PHLogger VALUES ('28','Timothy Abernathy','Weissnat Shoals','Port Venusville','SD','42003');
INSERT INTO PHLogger VALUES ('29','Filiberto Fadel','Langworth Field','Willisport','CT','34069');
INSERT INTO PHLogger VALUES ('30','Jules Rau','Alita Shore','South Bertie','PA','31697');
INSERT INTO PHLogger VALUES ('31','Jean Treutel','Joya Stream','Ninafort','TN','69825');
INSERT INTO Contact VALUES ('31','797-471-8517');
INSERT INTO Contact VALUES ('31','653-025-2976');
INSERT INTO Contact VALUES ('31','166-835-0074');
INSERT INTO PHLogger VALUES ('32','Michell Sipes','Denesik Streets','West Zenobiaton','WI','71133');
INSERT INTO Contact VALUES ('32','460-741-7410');
INSERT INTO Contact VALUES ('32','497-786-9534');
INSERT INTO Contact VALUES ('32','271-358-9509');
INSERT INTO PHLogger VALUES ('33','Shanice Kemmer','Boehm Shores','MacGyverside','NC','67405-7196');
INSERT INTO Contact VALUES ('33','073-219-5900');
INSERT INTO Contact VALUES ('33','759-825-2486');
INSERT INTO PHLogger VALUES ('34','Renaldo Walsh','Kunze Rapids','Ivorystad','AZ','82748-6800');
INSERT INTO Contact VALUES ('34','680-716-4176');
INSERT INTO Contact VALUES ('34','208-502-9716');
INSERT INTO PHLogger VALUES ('35','Robby Crist','Efren Cliffs','Genevaberg','ND','56940-4776');
INSERT INTO Contact VALUES ('35','735-689-3772');
INSERT INTO Contact VALUES ('35','950-050-6529');
INSERT INTO Contact VALUES ('35','515-328-7730');
INSERT INTO PHLogger VALUES ('36','Marine Breitenberg','Schuppe Loaf','Lake Hunterland','CT','78048');
INSERT INTO Contact VALUES ('36','293-863-3236');
INSERT INTO Contact VALUES ('36','090-861-9935');
INSERT INTO PHLogger VALUES ('37','Connie Kirlin','Grant Ferry','North Benitaville','CA','32816-5956');
INSERT INTO PHLogger VALUES ('38','Clark Nader','Tatyana Shoals','Lake Cathy','PA','70702');
INSERT INTO Contact VALUES ('38','059-520-9632');
INSERT INTO PHLogger VALUES ('39','Rhett Rohan','Tillman Plaza','Heathcoteburgh','MD','09482-5133');
INSERT INTO Contact VALUES ('39','320-562-4042');
INSERT INTO Contact VALUES ('39','607-211-7123');
INSERT INTO PHLogger VALUES ('40','Reggie Cassin','Mante Greens','Adamsfort','IL','07673');
INSERT INTO Contact VALUES ('40','253-038-0813');
INSERT INTO Contact VALUES ('40','350-344-1140');
INSERT INTO Contact VALUES ('40','050-996-0726');
INSERT INTO PHLogger VALUES ('41','Clint Will','Suzie Villages','Muellerchester','TX','17493-6095');
INSERT INTO Contact VALUES ('41','772-126-7316');
INSERT INTO Contact VALUES ('41','080-688-3125');
INSERT INTO PHLogger VALUES ('42','Kory Murazik','Luz Mill','Lake Prestonland','NE','67870');
INSERT INTO Contact VALUES ('42','376-460-5077');
INSERT INTO PHLogger VALUES ('43','Ryan Blanda','Harris Walks','Cristinaberg','NH','62838');
INSERT INTO Contact VALUES ('43','003-150-7307');
INSERT INTO PHLogger VALUES ('44','Camellia Hoeger','Zulauf Union','Rebeckamouth','VA','16195-6568');
INSERT INTO Contact VALUES ('44','246-498-1701');
INSERT INTO Contact VALUES ('44','287-158-2250');
INSERT INTO PHLogger VALUES ('45','Karie Zulauf','Christian Plaza','Jeromechester','OR','06921');
INSERT INTO Contact VALUES ('45','438-064-2091');
INSERT INTO PHLogger VALUES ('46','Cyrus Willms','Heidenreich Wells','North Elmo','NM','24925');
INSERT INTO Contact VALUES ('46','155-679-7449');
INSERT INTO Contact VALUES ('46','999-229-3198');
INSERT INTO Contact VALUES ('46','857-668-4558');
INSERT INTO PHLogger VALUES ('47','Sau Emard','Bennie Mews','North Ezequieltown','VT','65031-5453');
INSERT INTO Contact VALUES ('47','249-514-6449');
INSERT INTO Contact VALUES ('47','841-347-6930');
INSERT INTO Contact VALUES ('47','474-760-7243');
INSERT INTO PHLogger VALUES ('48','Mauro Kris','Gavin Shore','Haagfort','MT','62478');
INSERT INTO PHLogger VALUES ('49','Zina Johnston','Nienow Gateway','New Denisse','LA','78126-8270');
INSERT INTO Contact VALUES ('49','950-256-5623');
INSERT INTO Contact VALUES ('49','708-539-2741');
INSERT INTO Contact VALUES ('49','989-807-3289');
INSERT INTO PHLogger VALUES ('50','Manuel Pfannerstill','Bergstrom Valleys','Port Sungborough','IN','21346');
INSERT INTO Contact VALUES ('50','023-148-8954');
INSERT INTO Contact VALUES ('50','446-613-1853');
INSERT INTO Contact VALUES ('50','244-813-6003');
INSERT INTO Contact VALUES ('50','888-007-3733');
INSERT INTO PHLogger VALUES ('51','Fermina Kshlerin','Dong Trail','South Cruz','NJ','47415-5568');
INSERT INTO Contact VALUES ('51','006-171-1466');
INSERT INTO PHLogger VALUES ('52','Elda Leffler','Tiera Trail','South Shanefurt','UT','82169');
INSERT INTO Contact VALUES ('52','376-079-8324');
INSERT INTO Contact VALUES ('52','877-548-1429');
INSERT INTO Contact VALUES ('52','640-245-2043');
INSERT INTO PHLogger VALUES ('53','Carmelo Green','Silvana Via','Shastachester','AZ','69906-4089');
INSERT INTO Contact VALUES ('53','789-520-6087');
INSERT INTO PHLogger VALUES ('54','Randall Lubowitz','Lester Tunnel','Randalltown','NJ','52769-0454');
INSERT INTO Contact VALUES ('54','873-516-6996');
INSERT INTO Contact VALUES ('54','525-505-2939');
INSERT INTO Contact VALUES ('54','377-637-6258');
INSERT INTO PHLogger VALUES ('55','Bernardo Littel','Spencer Parkways','Darrylstad','IN','14370');
INSERT INTO PHLogger VALUES ('56','Doreatha Zulauf','Cruz Parkway','Lake Shirley','WY','85245');
INSERT INTO Contact VALUES ('56','373-767-7626');
INSERT INTO Contact VALUES ('56','517-396-1021');
INSERT INTO PHLogger VALUES ('57','Adeline Miller','Prosacco Place','South Olene','SD','11100');
INSERT INTO Contact VALUES ('57','865-548-8222');
INSERT INTO Contact VALUES ('57','836-570-0261');
INSERT INTO PHLogger VALUES ('58','Dallas Boehm','Johnie Point','North Tobyview','VA','79147-1219');
INSERT INTO Contact VALUES ('58','173-373-1436');
INSERT INTO PHLogger VALUES ('59','Dedra Champlin','Raynor Freeway','Zandrafort','IL','41696-9240');
INSERT INTO PHLogger VALUES ('60','Jacalyn Hilpert','Reynolds Wells','Emmittton','MD','43458-1699');
INSERT INTO Contact VALUES ('60','452-256-7610');
INSERT INTO PHLogger VALUES ('61','Antone Olson','Herman Flat','West Kathe','AR','39504-3963');
INSERT INTO Contact VALUES ('61','824-977-8454');
INSERT INTO PHLogger VALUES ('62','Mallory Carter','Durgan Light','North Kiethtown','TX','93826-0779');
INSERT INTO Contact VALUES ('62','079-090-2651');
INSERT INTO Contact VALUES ('62','187-074-4044');
INSERT INTO Contact VALUES ('62','106-952-5638');
INSERT INTO PHLogger VALUES ('63','Estell Jones','Boyle Villages','Jamechester','AL','35729');
INSERT INTO Contact VALUES ('63','070-904-0120');
INSERT INTO Contact VALUES ('63','410-563-1951');
INSERT INTO Contact VALUES ('63','694-137-1298');
INSERT INTO Contact VALUES ('63','945-937-3220');
INSERT INTO PHLogger VALUES ('64','Andreas Langosh','Bebe Cape','South Sabina','NH','20346');
INSERT INTO Contact VALUES ('64','254-527-6616');
INSERT INTO Contact VALUES ('64','935-397-2382');
INSERT INTO PHLogger VALUES ('65','Doug Krajcik','Klocko Circle','North Hosea','TX','67694');
INSERT INTO Contact VALUES ('65','244-032-1195');
INSERT INTO Contact VALUES ('65','499-194-2142');
INSERT INTO PHLogger VALUES ('66','Rueben MacGyver','Danna Route','North Mandy','NY','33373-6388');
INSERT INTO Contact VALUES ('66','400-756-0909');
INSERT INTO Contact VALUES ('66','909-631-7103');
INSERT INTO PHLogger VALUES ('67','Sheldon Hauck','Mayra Roads','Bednarborough','MT','07656-9464');
INSERT INTO Contact VALUES ('67','656-311-0799');
INSERT INTO Contact VALUES ('67','108-694-1667');
INSERT INTO Contact VALUES ('67','062-908-4065');
INSERT INTO PHLogger VALUES ('68','Anastacia Ruecker','Darren Manors','Gilland','PA','65260');
INSERT INTO Contact VALUES ('68','766-564-2031');
INSERT INTO Contact VALUES ('68','359-635-6651');
INSERT INTO PHLogger VALUES ('69','Charlena Rath','Kozey Trail','Lake Oren','TX','21124-0356');
INSERT INTO Contact VALUES ('69','962-888-1152');
INSERT INTO PHLogger VALUES ('70','Tory Rau','Suellen Key','Dariushaven','ND','52971');
INSERT INTO Contact VALUES ('70','991-630-6307');
INSERT INTO Contact VALUES ('70','018-087-0256');
INSERT INTO PHLogger VALUES ('71','Thresa Oberbrunner','Crona Summit','Lake Mikeberg','IA','26574');
INSERT INTO Contact VALUES ('71','789-105-4490');
INSERT INTO Contact VALUES ('71','345-674-8660');
INSERT INTO Contact VALUES ('71','536-870-6637');
INSERT INTO PHLogger VALUES ('72','Kareen Baumbach','Pouros Shoal','East Florida','NV','35544');
INSERT INTO Contact VALUES ('72','486-654-0897');
INSERT INTO PHLogger VALUES ('73','Dorethea Hilll','Tandy Wells','West Noel','CT','40804-2170');
INSERT INTO Contact VALUES ('73','144-468-8966');
INSERT INTO PHLogger VALUES ('74','Merilyn Dickens','Reichel Burg','North Bettina','LA','72098');
INSERT INTO Contact VALUES ('74','840-913-4845');
INSERT INTO Contact VALUES ('74','916-516-2048');
INSERT INTO PHLogger VALUES ('75','Sammy White','Jon Fall','Mohrberg','CA','73488');
INSERT INTO Contact VALUES ('75','145-233-3219');
INSERT INTO PHLogger VALUES ('76','Vivian Schumm','Lucila Path','West Tameikamouth','ND','78890');
INSERT INTO PHLogger VALUES ('77','Shirley Keebler','Darren Walks','Port Blair','GA','19277-6093');
INSERT INTO Contact VALUES ('77','367-659-5650');
INSERT INTO Contact VALUES ('77','160-905-0787');
INSERT INTO PHLogger VALUES ('78','Norma Wunsch','McClure Brooks','Schowaltermouth','MD','76250');
INSERT INTO Contact VALUES ('78','675-493-4913');
INSERT INTO PHLogger VALUES ('79','Isiah Pouros','Lila Plain','North Liliaside','HI','34985');
INSERT INTO Contact VALUES ('79','053-465-8101');
INSERT INTO Contact VALUES ('79','055-450-0552');
INSERT INTO PHLogger VALUES ('80','Venus Lueilwitz','Hirthe Overpass','New Ursulashire','RI','95489-6878');
INSERT INTO Contact VALUES ('80','707-731-7923');
INSERT INTO Contact VALUES ('80','422-660-9475');
INSERT INTO PHLogger VALUES ('81','Brooke Gleichner','Gerardo Cliff','Lake Christiaside','RI','95264-7128');
INSERT INTO Contact VALUES ('81','107-190-9386');
INSERT INTO PHLogger VALUES ('82','Dillon Collier','Norbert Plains','Adrianaberg','VT','75236-5009');
INSERT INTO Contact VALUES ('82','483-734-1071');
INSERT INTO Contact VALUES ('82','337-165-3005');
INSERT INTO PHLogger VALUES ('83','Elliott Dibbert','Hyatt Spring','Cedrickmouth','WA','52985-5418');
INSERT INTO Contact VALUES ('83','179-969-6769');
INSERT INTO Contact VALUES ('83','009-430-5333');
INSERT INTO PHLogger VALUES ('84','Pat Quigley','Donn Fall','East Charissebury','NE','07462-9221');
INSERT INTO Contact VALUES ('84','905-854-8700');
INSERT INTO Contact VALUES ('84','628-908-1970');
INSERT INTO Contact VALUES ('84','399-518-3943');
INSERT INTO Contact VALUES ('84','461-797-8142');
INSERT INTO PHLogger VALUES ('85','Valentine Welch','Mante Ways','East Wyatt','NJ','76065');
INSERT INTO Contact VALUES ('85','405-753-3637');
INSERT INTO Contact VALUES ('85','680-012-3551');
INSERT INTO PHLogger VALUES ('86','Nathanial Kovacek','Kristle Trafficway','Turnertown','MD','85326-9482');
INSERT INTO Contact VALUES ('86','489-093-9603');
INSERT INTO PHLogger VALUES ('87','Buddy MacGyver','Rowe Shoals','Yundtport','WI','93368-7993');
INSERT INTO PHLogger VALUES ('88','Florentino Bogan','Saul Dam','South Deidreland','DE','63022-4753');
INSERT INTO Contact VALUES ('88','277-893-4347');
INSERT INTO PHLogger VALUES ('89','Emmett Botsford','Rusty Bridge','Netaberg','TX','10554-1797');
INSERT INTO Contact VALUES ('89','204-051-8487');
INSERT INTO PHLogger VALUES ('90','Yolando Hermann','Bergstrom Views','Jenkinsside','IN','31386');
INSERT INTO PHLogger VALUES ('91','Robt Donnelly','Dare Run','Bobberg','SD','00349-8515');
INSERT INTO Contact VALUES ('91','259-937-6225');
INSERT INTO Contact VALUES ('91','569-447-3411');
INSERT INTO PHLogger VALUES ('92','Gabriel Collier','Mueller Mountain','New Ross','KY','23967-9238');
INSERT INTO PHLogger VALUES ('93','Suzanne Mitchell','MacGyver Ramp','New Clevelandfort','AL','63565-1767');
INSERT INTO Contact VALUES ('93','589-212-5594');
INSERT INTO Contact VALUES ('93','564-582-1261');
INSERT INTO Contact VALUES ('93','420-175-3982');
INSERT INTO PHLogger VALUES ('94','Lean Satterfield','Coleman Trail','North Valarie','HI','60164');
INSERT INTO PHLogger VALUES ('95','Hosea Fadel','Barbar Loop','Lake Jaymiestad','KS','48264-0336');
INSERT INTO Contact VALUES ('95','924-344-5818');
INSERT INTO Contact VALUES ('95','730-984-4064');
INSERT INTO PHLogger VALUES ('96','Joanie Aufderhar','Schaefer Meadow','Lake Myrtis','ID','59560');
INSERT INTO PHLogger VALUES ('97','Desmond McLaughlin','Rosina Street','North Madelene','LA','39747');
INSERT INTO Contact VALUES ('97','299-881-1842');
INSERT INTO Contact VALUES ('97','967-855-3893');
INSERT INTO Contact VALUES ('97','514-377-2124');
INSERT INTO Contact VALUES ('97','504-864-8681');
INSERT INTO PHLogger VALUES ('98','Alonso Greenfelder','Yost Bridge','Lake Delanafurt','MD','47800-6883');
INSERT INTO Contact VALUES ('98','722-816-4401');
INSERT INTO Contact VALUES ('98','163-706-6197');
INSERT INTO Contact VALUES ('98','433-339-1545');
INSERT INTO PHLogger VALUES ('99','Coy Conn','Reatha Alley','Lake Tasha','AL','96215-3817');
INSERT INTO Contact VALUES ('99','613-909-1221');
INSERT INTO PHLogger VALUES ('100','Robert Maggio','Garth Stravenue','Ornbury','FL','19447-5855');
INSERT INTO Contact VALUES ('100','707-498-6915');
INSERT INTO Contact VALUES ('100','260-098-0329');
INSERT INTO Supporter VALUES ('101','205-616-6553','psychiatrist');
INSERT INTO Supporter VALUES ('102','583-568-0076','nephrologist');
INSERT INTO Supporter VALUES ('103','449-578-5568','anesthesiologist');
INSERT INTO Supporter VALUES ('104','375-345-2087','trainer');
INSERT INTO Supporter VALUES ('105','620-053-0951','otolaryngologist');
INSERT INTO Supporter VALUES ('106','654-144-8380','dermatologist');
INSERT INTO Supporter VALUES ('107','441-982-5223','rheumatologist');
INSERT INTO Supporter VALUES ('108','423-924-5244','anesthesiologist');
INSERT INTO Supporter VALUES ('109','491-710-8948','pediatrician');
INSERT INTO Supporter VALUES ('110','690-554-9850','ophthalmologist');
INSERT INTO Supporter VALUES ('111','122-651-9115','neurologist');
INSERT INTO Supporter VALUES ('112','830-961-8544','gastroenterologist');
INSERT INTO Supporter VALUES ('113','099-460-6021','psychiatrist');
INSERT INTO Supporter VALUES ('114','607-492-2845','doctor');
INSERT INTO Supporter VALUES ('115','113-378-0493','cardiologist');
INSERT INTO Supporter VALUES ('116','104-895-5698','doctor');
INSERT INTO Supporter VALUES ('117','027-860-7774','allergist');
INSERT INTO Supporter VALUES ('118','335-351-9000','anesthesiologist');
INSERT INTO Supporter VALUES ('119','186-631-7813','ophthalmologist');
INSERT INTO Supporter VALUES ('120','517-922-2463','trainer');
INSERT INTO Supporter VALUES ('121','006-425-9192','endocrinologist');
INSERT INTO Supporter VALUES ('122','777-971-6886','psychiatrist');
INSERT INTO Supporter VALUES ('123','324-953-5526','dermatologist');
INSERT INTO Supporter VALUES ('124','125-136-6141','doctor');
INSERT INTO Supporter VALUES ('125','216-077-9636','otolaryngologist');
INSERT INTO Interest VALUES ('diabetes 0','Group number 0 about the topic diabetes','diabetes','2019-04-19 21:26:26');
INSERT INTO Interest VALUES ('exercise 0','Group number 0 about the topic exercise','exercise','2019-03-25 23:42:23');
INSERT INTO Interest VALUES ('HIV 0','Group number 0 about the topic HIV','HIV','2019-04-24 08:22:40');
INSERT INTO Interest VALUES ('exercise 1','Group number 1 about the topic exercise','exercise','2019-04-30 15:49:59');
INSERT INTO Interest VALUES ('HIV 1','Group number 1 about the topic HIV','HIV','2019-04-15 16:12:33');
INSERT INTO Interest VALUES ('diet 0','Group number 0 about the topic diet','diet','2019-03-03 05:45:29');
INSERT INTO Interest VALUES ('diabetes 1','Group number 1 about the topic diabetes','diabetes','2019-03-27 15:56:02');
INSERT INTO Interest VALUES ('exercise 2','Group number 2 about the topic exercise','exercise','2019-03-24 11:43:49');
INSERT INTO Interest VALUES ('alcoholism 0','Group number 0 about the topic alcoholism','alcoholism','2019-04-30 01:25:05');
INSERT INTO Interest VALUES ('alcoholism 1','Group number 1 about the topic alcoholism','alcoholism','2019-03-08 15:17:34');
INSERT INTO Interest VALUES ('depression 0','Group number 0 about the topic depression','depression','2019-03-27 06:19:13');
INSERT INTO Interest VALUES ('exercise 3','Group number 3 about the topic exercise','exercise','2019-03-15 05:09:07');
INSERT INTO Interest VALUES ('depression 1','Group number 1 about the topic depression','depression','2019-04-16 20:12:14');
INSERT INTO Interest VALUES ('alcoholism 2','Group number 2 about the topic alcoholism','alcoholism','2019-04-14 17:03:56');
INSERT INTO Interest VALUES ('exercise 4','Group number 4 about the topic exercise','exercise','2019-04-08 22:56:54');
INSERT INTO Interest VALUES ('exercise 5','Group number 5 about the topic exercise','exercise','2019-03-19 06:17:54');
INSERT INTO Interest VALUES ('alcoholism 3','Group number 3 about the topic alcoholism','alcoholism','2019-03-16 01:50:22');
INSERT INTO Interest VALUES ('alcoholism 4','Group number 4 about the topic alcoholism','alcoholism','2019-03-31 21:40:51');
INSERT INTO Interest VALUES ('asthma 0','Group number 0 about the topic asthma','asthma','2019-03-11 10:53:32');
INSERT INTO Interest VALUES ('alcoholism 5','Group number 5 about the topic alcoholism','alcoholism','2019-03-19 09:45:46');
INSERT INTO Thought VALUES ('44','0','I got wasted and forgot to go to work.','2019-04-15 14:21:02');
INSERT INTO About VALUES ('44',0,'alcoholism 3');
INSERT INTO Thought VALUES ('44','1','I had low blood sugar today.','2019-04-24 11:45:26');
INSERT INTO About VALUES ('44',1,'diabetes 1');
INSERT INTO Thought VALUES ('45','0','I had low blood sugar today.','2019-03-16 01:32:37');
INSERT INTO About VALUES ('45',0,'diabetes 1');
INSERT INTO Thought VALUES ('45','1','It was was easy for me to breathe today.','2019-03-15 11:25:55');
INSERT INTO About VALUES ('45',1,'asthma 0');
INSERT INTO Thought VALUES ('45','2','I had a dream about drinking.','2019-04-26 03:26:45');
INSERT INTO About VALUES ('45',2,'alcoholism 2');
INSERT INTO Thought VALUES ('46','0','It was was easy for me to breathe today.','2019-03-22 17:02:10');
INSERT INTO About VALUES ('46',0,'asthma 0');
INSERT INTO Thought VALUES ('46','1','My coworkers remarked at my dedication to my diet.','2019-04-20 12:43:31');
INSERT INTO About VALUES ('46',1,'diet 0');
INSERT INTO Thought VALUES ('46','2','Today I played ice hockey.','2019-04-17 06:37:51');
INSERT INTO About VALUES ('46',2,'exercise 3');
INSERT INTO Thought VALUES ('46','3','Today I have a sore throat.','2019-03-10 20:16:35');
INSERT INTO About VALUES ('46',3,'HIV 1');
INSERT INTO Thought VALUES ('46','4','Today I played ice hockey.','2019-03-17 17:59:10');
INSERT INTO About VALUES ('46',4,'exercise 0');
INSERT INTO Thought VALUES ('46','5','It was was easy for me to breathe today.','2019-04-27 21:23:35');
INSERT INTO About VALUES ('46',5,'asthma 0');
INSERT INTO Thought VALUES ('46','6','Today I played volleyball.','2019-04-12 00:48:29');
INSERT INTO About VALUES ('46',6,'exercise 2');
INSERT INTO Thought VALUES ('46','7','I feel careful.','2019-04-29 15:46:02');
INSERT INTO About VALUES ('46',7,'depression 1');
INSERT INTO Thought VALUES ('46','8','My coworkers remarked at my dedication to my diet.','2019-04-14 05:21:22');
INSERT INTO About VALUES ('46',8,'diet 0');
INSERT INTO Thought VALUES ('47','0','I had low blood sugar today.','2019-03-21 22:25:32');
INSERT INTO About VALUES ('47',0,'diabetes 0');
INSERT INTO Thought VALUES ('47','1','Today I have a skin rash.','2019-04-16 08:28:16');
INSERT INTO About VALUES ('47',1,'HIV 1');
INSERT INTO Thought VALUES ('47','2','It was was easy for me to breathe today.','2019-04-20 07:23:06');
INSERT INTO About VALUES ('47',2,'asthma 0');
INSERT INTO Thought VALUES ('47','3','Today I went to an AA meeting.','2019-04-14 22:59:43');
INSERT INTO About VALUES ('47',3,'alcoholism 3');
INSERT INTO Thought VALUES ('47','4','Today I have swollen glans.','2019-04-01 13:17:31');
INSERT INTO About VALUES ('47',4,'HIV 1');
INSERT INTO Thought VALUES ('48','0','I had low blood sugar today.','2019-04-25 20:45:39');
INSERT INTO About VALUES ('48',0,'diabetes 0');
INSERT INTO Thought VALUES ('48','1','I had a dream about drinking.','2019-03-24 03:24:04');
INSERT INTO About VALUES ('48',1,'alcoholism 4');
INSERT INTO Thought VALUES ('48','2','Today I went scuba diving.','2019-04-14 20:27:12');
INSERT INTO About VALUES ('48',2,'exercise 3');
INSERT INTO Thought VALUES ('48','3','It was was easy for me to breathe today.','2019-04-10 08:11:07');
INSERT INTO About VALUES ('48',3,'asthma 0');
INSERT INTO Thought VALUES ('48','4','Today I went to yoga.','2019-03-01 00:24:47');
INSERT INTO About VALUES ('48',4,'exercise 1');
INSERT INTO Thought VALUES ('48','5','Today I ran.','2019-03-25 09:48:04');
INSERT INTO About VALUES ('48',5,'exercise 4');
INSERT INTO Thought VALUES ('48','6','It was was easy for me to breathe today.','2019-04-30 03:42:26');
INSERT INTO About VALUES ('48',6,'asthma 0');
INSERT INTO Thought VALUES ('48','7','My diet is making my feel amazing.','2019-03-30 19:18:38');
INSERT INTO About VALUES ('48',7,'diet 0');
INSERT INTO Thought VALUES ('48','8','I feel capable.','2019-04-24 10:24:38');
INSERT INTO About VALUES ('48',8,'depression 0');
INSERT INTO Thought VALUES ('49','0','I had low blood sugar today.','2019-03-30 09:52:35');
INSERT INTO About VALUES ('49',0,'diabetes 0');
INSERT INTO Thought VALUES ('49','1','Today I ran.','2019-03-13 05:56:38');
INSERT INTO About VALUES ('49',1,'exercise 2');
INSERT INTO Thought VALUES ('49','2','I feel disappointed','2019-03-08 08:50:04');
INSERT INTO About VALUES ('49',2,'depression 1');
INSERT INTO Thought VALUES ('49','3','I had a terrible day and relapsed.','2019-03-20 19:34:19');
INSERT INTO About VALUES ('49',3,'alcoholism 0');
INSERT INTO Thought VALUES ('49','4','I had a dream about drinking.','2019-04-26 03:21:55');
INSERT INTO About VALUES ('49',4,'alcoholism 2');
INSERT INTO Thought VALUES ('49','5','I relapsed and I do not feel that bad.','2019-04-05 01:34:18');
INSERT INTO About VALUES ('49',5,'alcoholism 0');
INSERT INTO Thought VALUES ('90','0','I had low blood sugar today.','2019-04-09 20:15:05');
INSERT INTO About VALUES ('90',0,'diabetes 1');
INSERT INTO Thought VALUES ('90','1','Today I ran.','2019-04-17 21:03:32');
INSERT INTO About VALUES ('90',1,'exercise 1');
INSERT INTO Thought VALUES ('91','0','I had a dream about drinking.','2019-04-09 19:36:50');
INSERT INTO About VALUES ('91',0,'alcoholism 2');
INSERT INTO Thought VALUES ('91','1','Today I went paintballing.','2019-03-02 23:56:24');
INSERT INTO About VALUES ('91',1,'exercise 2');
INSERT INTO Thought VALUES ('91','2','Today I went bowling.','2019-03-09 02:26:28');
INSERT INTO About VALUES ('91',2,'exercise 0');
INSERT INTO Thought VALUES ('91','3','It was was easy for me to breathe today.','2019-03-18 13:32:18');
INSERT INTO About VALUES ('91',3,'asthma 0');
INSERT INTO Thought VALUES ('91','4','I feel annoyed.','2019-03-13 20:04:04');
INSERT INTO About VALUES ('91',4,'depression 0');
INSERT INTO Thought VALUES ('91','5','I got wasted and forgot to go to work.','2019-04-17 18:44:35');
INSERT INTO About VALUES ('91',5,'alcoholism 1');
INSERT INTO Thought VALUES ('91','6','My diet is making my feel amazing.','2019-04-25 01:40:03');
INSERT INTO About VALUES ('91',6,'diet 0');
INSERT INTO Thought VALUES ('91','7','I feel good.','2019-04-19 04:16:58');
INSERT INTO About VALUES ('91',7,'depression 0');
INSERT INTO Thought VALUES ('91','8','I had low blood sugar today.','2019-03-11 04:37:54');
INSERT INTO About VALUES ('91',8,'diabetes 1');
INSERT INTO Thought VALUES ('93','0','Today I have a sore throat.','2019-04-22 10:27:19');
INSERT INTO About VALUES ('93',0,'HIV 0');
INSERT INTO Thought VALUES ('93','1','I feel confident.','2019-04-16 16:00:08');
INSERT INTO About VALUES ('93',1,'depression 1');
INSERT INTO Thought VALUES ('93','2','I had a dream about drinking.','2019-04-25 14:47:20');
INSERT INTO About VALUES ('93',2,'alcoholism 4');
INSERT INTO Thought VALUES ('93','3','My diet is making my feel amazing.','2019-03-07 18:49:49');
INSERT INTO About VALUES ('93',3,'diet 0');
INSERT INTO Thought VALUES ('93','4','Today I went to an AA meeting.','2019-04-12 10:35:02');
INSERT INTO About VALUES ('93',4,'alcoholism 1');
INSERT INTO Thought VALUES ('94','0','I had low blood sugar today.','2019-04-30 05:29:05');
INSERT INTO About VALUES ('94',0,'diabetes 1');
INSERT INTO Thought VALUES ('94','1','I had low blood sugar today.','2019-03-01 23:05:57');
INSERT INTO About VALUES ('94',1,'diabetes 0');
INSERT INTO Thought VALUES ('94','2','I opted for a salad during lunch.','2019-04-05 06:59:47');
INSERT INTO About VALUES ('94',2,'diet 0');
INSERT INTO Thought VALUES ('94','3','It was was easy for me to breathe today.','2019-03-22 22:32:34');
INSERT INTO About VALUES ('94',3,'asthma 0');
INSERT INTO Thought VALUES ('94','4','Today I have a sore throat.','2019-03-14 21:31:03');
INSERT INTO About VALUES ('94',4,'HIV 0');
INSERT INTO Thought VALUES ('51','0','I had the urge to drink with my coworkers but I decided not to.','2019-03-08 17:09:33');
INSERT INTO About VALUES ('51',0,'alcoholism 5');
INSERT INTO Thought VALUES ('95','0','It was was easy for me to breathe today.','2019-04-12 11:23:55');
INSERT INTO About VALUES ('95',0,'asthma 0');
INSERT INTO Thought VALUES ('95','1','Today I went to an AA meeting.','2019-03-10 06:39:29');
INSERT INTO About VALUES ('95',1,'alcoholism 1');
INSERT INTO Thought VALUES ('95','2','I feel frustrated.','2019-04-21 03:36:35');
INSERT INTO About VALUES ('95',2,'depression 0');
INSERT INTO Thought VALUES ('96','0','It was was easy for me to breathe today.','2019-04-10 01:04:15');
INSERT INTO About VALUES ('96',0,'asthma 0');
INSERT INTO Thought VALUES ('96','1','Today I have muscle pain.','2019-04-03 02:34:55');
INSERT INTO About VALUES ('96',1,'HIV 0');
INSERT INTO Thought VALUES ('96','2','My diet is making my feel amazing.','2019-04-12 00:43:33');
INSERT INTO About VALUES ('96',2,'diet 0');
INSERT INTO Thought VALUES ('96','3','It was was easy for me to breathe today.','2019-03-05 15:40:01');
INSERT INTO About VALUES ('96',3,'asthma 0');
INSERT INTO Thought VALUES ('96','4','I resisted the urge to eat ice-cream today.','2019-03-14 02:54:36');
INSERT INTO About VALUES ('96',4,'diet 0');
INSERT INTO Thought VALUES ('96','5','It was was easy for me to breathe today.','2019-04-10 23:52:44');
INSERT INTO About VALUES ('96',5,'asthma 0');
INSERT INTO Thought VALUES ('96','6','I feel good.','2019-04-16 20:59:35');
INSERT INTO About VALUES ('96',6,'depression 1');
INSERT INTO Thought VALUES ('96','7','I had low blood sugar today.','2019-03-01 02:05:04');
INSERT INTO About VALUES ('96',7,'diabetes 1');
INSERT INTO Thought VALUES ('96','8','I feel angry.','2019-04-07 11:52:18');
INSERT INTO About VALUES ('96',8,'depression 1');
INSERT INTO Thought VALUES ('52','0','Today I have swollen glans.','2019-03-18 00:24:05');
INSERT INTO About VALUES ('52',0,'HIV 1');
INSERT INTO Thought VALUES ('52','1','It was was easy for me to breathe today.','2019-03-01 05:29:16');
INSERT INTO About VALUES ('52',1,'asthma 0');
INSERT INTO Thought VALUES ('52','2','I had low blood sugar today.','2019-04-21 21:42:01');
INSERT INTO About VALUES ('52',2,'diabetes 1');
INSERT INTO Thought VALUES ('52','3','I resisted the urge to eat ice-cream today.','2019-04-12 23:44:33');
INSERT INTO About VALUES ('52',3,'diet 0');
INSERT INTO Thought VALUES ('52','4','It was was easy for me to breathe today.','2019-03-13 06:28:21');
INSERT INTO About VALUES ('52',4,'asthma 0');
INSERT INTO Thought VALUES ('52','5','I had the urge to drink with my coworkers but I decided not to.','2019-03-03 23:49:22');
INSERT INTO About VALUES ('52',5,'alcoholism 3');
INSERT INTO Thought VALUES ('97','0','It was was easy for me to breathe today.','2019-04-28 15:29:30');
INSERT INTO About VALUES ('97',0,'asthma 0');
INSERT INTO Thought VALUES ('97','1','My coworkers remarked at my dedication to my diet.','2019-03-13 12:44:54');
INSERT INTO About VALUES ('97',1,'diet 0');
INSERT INTO Thought VALUES ('97','2','I feel calculated.','2019-04-11 21:02:05');
INSERT INTO About VALUES ('97',2,'depression 0');
INSERT INTO Thought VALUES ('97','3','I relapsed and I do not feel that bad.','2019-03-05 12:42:35');
INSERT INTO About VALUES ('97',3,'alcoholism 1');
INSERT INTO Thought VALUES ('97','4','It was was easy for me to breathe today.','2019-04-18 07:21:24');
INSERT INTO About VALUES ('97',4,'asthma 0');
INSERT INTO Thought VALUES ('54','0','I had low blood sugar today.','2019-03-28 07:29:26');
INSERT INTO About VALUES ('54',0,'diabetes 1');
INSERT INTO Thought VALUES ('54','1','Today I have swollen glans.','2019-04-09 09:16:25');
INSERT INTO About VALUES ('54',1,'HIV 0');
INSERT INTO Thought VALUES ('54','2','Today I played football.','2019-04-07 22:15:06');
INSERT INTO About VALUES ('54',2,'exercise 0');
INSERT INTO Thought VALUES ('54','3','Today I went paintballing.','2019-04-11 13:44:08');
INSERT INTO About VALUES ('54',3,'exercise 5');
INSERT INTO Thought VALUES ('54','4','Today I went golfing.','2019-03-02 10:13:47');
INSERT INTO About VALUES ('54',4,'exercise 0');
INSERT INTO Thought VALUES ('54','5','I got wasted and forgot to go to work.','2019-03-21 18:16:57');
INSERT INTO About VALUES ('54',5,'alcoholism 0');
INSERT INTO Thought VALUES ('54','6','I feel hopeful.','2019-03-09 11:32:55');
INSERT INTO About VALUES ('54',6,'depression 0');
INSERT INTO Thought VALUES ('98','0','I had the urge to drink with my coworkers but I decided not to.','2019-03-31 08:03:22');
INSERT INTO About VALUES ('98',0,'alcoholism 5');
INSERT INTO Thought VALUES ('10','0','I have not eat sweets in as long as I can remember.','2019-04-14 11:33:43');
INSERT INTO About VALUES ('10',0,'diet 0');
INSERT INTO Thought VALUES ('55','0','Today I have joint pain.','2019-04-19 08:00:09');
INSERT INTO About VALUES ('55',0,'HIV 1');
INSERT INTO Thought VALUES ('55','1','It was was easy for me to breathe today.','2019-03-04 21:32:27');
INSERT INTO About VALUES ('55',1,'asthma 0');
INSERT INTO Thought VALUES ('55','2','I had low blood sugar today.','2019-03-07 04:45:44');
INSERT INTO About VALUES ('55',2,'diabetes 1');
INSERT INTO Thought VALUES ('55','3','I had low blood sugar today.','2019-04-06 04:48:29');
INSERT INTO About VALUES ('55',3,'diabetes 0');
INSERT INTO Thought VALUES ('99','0','I feel serene.','2019-03-22 16:29:41');
INSERT INTO About VALUES ('99',0,'depression 1');
INSERT INTO Thought VALUES ('99','1','I resisted the urge to eat ice-cream today.','2019-04-16 13:11:21');
INSERT INTO About VALUES ('99',1,'diet 0');
INSERT INTO Thought VALUES ('11','0','Today I went sailing.','2019-04-24 07:25:55');
INSERT INTO About VALUES ('11',0,'exercise 1');
INSERT INTO Thought VALUES ('14','0','Today I have a fever.','2019-04-15 15:31:15');
INSERT INTO About VALUES ('14',0,'HIV 1');
INSERT INTO Thought VALUES ('14','1','I had low blood sugar today.','2019-04-25 03:10:05');
INSERT INTO About VALUES ('14',1,'diabetes 1');
INSERT INTO Thought VALUES ('14','2','I got wasted and forgot to go to work.','2019-03-27 13:07:24');
INSERT INTO About VALUES ('14',2,'alcoholism 4');
INSERT INTO Thought VALUES ('14','3','Today I have a fever.','2019-03-04 10:13:18');
INSERT INTO About VALUES ('14',3,'HIV 1');
INSERT INTO Thought VALUES ('14','4','Today I went bowling.','2019-03-05 20:46:44');
INSERT INTO About VALUES ('14',4,'exercise 5');
INSERT INTO Thought VALUES ('14','5','Today I have swollen glans.','2019-04-30 12:43:55');
INSERT INTO About VALUES ('14',5,'HIV 1');
INSERT INTO Thought VALUES ('14','6','I feel lovely.','2019-03-12 20:01:45');
INSERT INTO About VALUES ('14',6,'depression 0');
INSERT INTO Thought VALUES ('14','7','Today I have joint pain.','2019-03-03 05:08:42');
INSERT INTO About VALUES ('14',7,'HIV 0');
INSERT INTO Thought VALUES ('14','8','Today I went hiking.','2019-04-21 19:17:27');
INSERT INTO About VALUES ('14',8,'exercise 3');
INSERT INTO Thought VALUES ('58','0','I had low blood sugar today.','2019-03-13 21:14:00');
INSERT INTO About VALUES ('58',0,'diabetes 1');
INSERT INTO Thought VALUES ('58','1','Today I went hiking.','2019-04-29 18:21:22');
INSERT INTO About VALUES ('58',1,'exercise 0');
INSERT INTO Thought VALUES ('58','2','I had low blood sugar today.','2019-03-09 00:48:59');
INSERT INTO About VALUES ('58',2,'diabetes 0');
INSERT INTO Thought VALUES ('58','3','I got wasted and forgot to go to work.','2019-04-01 21:44:45');
INSERT INTO About VALUES ('58',3,'alcoholism 2');
INSERT INTO Thought VALUES ('58','4','Today I have joint pain.','2019-03-20 08:25:22');
INSERT INTO About VALUES ('58',4,'HIV 1');
INSERT INTO Thought VALUES ('59','0','Today I have a skin rash.','2019-03-20 04:52:38');
INSERT INTO About VALUES ('59',0,'HIV 0');
INSERT INTO Thought VALUES ('15','0','I feel confident.','2019-03-30 10:11:17');
INSERT INTO About VALUES ('15',0,'depression 1');
INSERT INTO Thought VALUES ('15','1','Today I went hiking.','2019-03-06 10:48:29');
INSERT INTO About VALUES ('15',1,'exercise 4');
INSERT INTO Thought VALUES ('15','2','Today I played tennis.','2019-04-27 04:49:06');
INSERT INTO About VALUES ('15',2,'exercise 0');
INSERT INTO Thought VALUES ('15','3','Today I have a skin rash.','2019-03-16 22:28:44');
INSERT INTO About VALUES ('15',3,'HIV 0');
INSERT INTO Thought VALUES ('15','4','I had low blood sugar today.','2019-04-20 20:41:55');
INSERT INTO About VALUES ('15',4,'diabetes 0');
INSERT INTO Thought VALUES ('15','5','I had low blood sugar today.','2019-03-27 19:40:23');
INSERT INTO About VALUES ('15',5,'diabetes 0');
INSERT INTO Thought VALUES ('15','6','I got wasted and forgot to go to work.','2019-04-11 22:03:51');
INSERT INTO About VALUES ('15',6,'alcoholism 4');
INSERT INTO Thought VALUES ('16','0','Today I played volleyball.','2019-03-25 01:09:05');
INSERT INTO About VALUES ('16',0,'exercise 0');
INSERT INTO Thought VALUES ('16','1','It was was easy for me to breathe today.','2019-04-25 12:05:45');
INSERT INTO About VALUES ('16',1,'asthma 0');
INSERT INTO Thought VALUES ('17','0','It was was easy for me to breathe today.','2019-03-04 05:41:45');
INSERT INTO About VALUES ('17',0,'asthma 0');
INSERT INTO Thought VALUES ('17','1','I had low blood sugar today.','2019-03-07 09:55:27');
INSERT INTO About VALUES ('17',1,'diabetes 0');
INSERT INTO Thought VALUES ('17','2','Today I have a sore throat.','2019-03-30 02:53:17');
INSERT INTO About VALUES ('17',2,'HIV 0');
INSERT INTO Thought VALUES ('17','3','I feel crafty.','2019-04-07 13:54:54');
INSERT INTO About VALUES ('17',3,'depression 0');
INSERT INTO Thought VALUES ('17','4','My diet is making my feel amazing.','2019-03-08 23:04:43');
INSERT INTO About VALUES ('17',4,'diet 0');
INSERT INTO Thought VALUES ('17','5','It was was easy for me to breathe today.','2019-04-03 19:48:34');
INSERT INTO About VALUES ('17',5,'asthma 0');
INSERT INTO Thought VALUES ('18','0','I feel cheerful.','2019-03-27 13:16:14');
INSERT INTO About VALUES ('18',0,'depression 1');
INSERT INTO Thought VALUES ('18','1','I had low blood sugar today.','2019-04-11 15:47:13');
INSERT INTO About VALUES ('18',1,'diabetes 0');
INSERT INTO Thought VALUES ('18','2','I resisted the urge to eat ice-cream today.','2019-03-29 15:25:58');
INSERT INTO About VALUES ('18',2,'diet 0');
INSERT INTO Thought VALUES ('18','3','Today I played basketball.','2019-03-20 17:37:40');
INSERT INTO About VALUES ('18',3,'exercise 4');
INSERT INTO Thought VALUES ('18','4','I got wasted and forgot to go to work.','2019-03-10 15:21:43');
INSERT INTO About VALUES ('18',4,'alcoholism 5');
INSERT INTO Thought VALUES ('18','5','It was was easy for me to breathe today.','2019-03-11 10:18:01');
INSERT INTO About VALUES ('18',5,'asthma 0');
INSERT INTO Thought VALUES ('18','6','I had low blood sugar today.','2019-03-25 18:46:32');
INSERT INTO About VALUES ('18',6,'diabetes 1');
INSERT INTO Thought VALUES ('18','7','Today I have a skin rash.','2019-04-09 13:11:43');
INSERT INTO About VALUES ('18',7,'HIV 0');
INSERT INTO Thought VALUES ('19','0','My diet is making my feel amazing.','2019-04-15 07:44:25');
INSERT INTO About VALUES ('19',0,'diet 0');
INSERT INTO Thought VALUES ('19','1','I relapsed and I do not feel that bad.','2019-04-12 05:39:08');
INSERT INTO About VALUES ('19',1,'alcoholism 0');
INSERT INTO Thought VALUES ('19','2','I feel hopeful.','2019-04-06 05:20:22');
INSERT INTO About VALUES ('19',2,'depression 1');
INSERT INTO Thought VALUES ('19','3','I feel crafty.','2019-03-15 22:35:37');
INSERT INTO About VALUES ('19',3,'depression 0');
INSERT INTO Thought VALUES ('19','4','I feel angry.','2019-03-06 08:39:51');
INSERT INTO About VALUES ('19',4,'depression 1');
INSERT INTO Thought VALUES ('19','5','I feel capable.','2019-04-08 12:13:43');
INSERT INTO About VALUES ('19',5,'depression 1');
INSERT INTO Thought VALUES ('19','6','Today I played ice hockey.','2019-04-08 02:41:05');
INSERT INTO About VALUES ('19',6,'exercise 1');
INSERT INTO Thought VALUES ('19','7','Today I have joint pain.','2019-04-05 05:43:19');
INSERT INTO About VALUES ('19',7,'HIV 0');
INSERT INTO Thought VALUES ('19','8','My diet is making my feel amazing.','2019-04-09 10:48:33');
INSERT INTO About VALUES ('19',8,'diet 0');
INSERT INTO Thought VALUES ('1','0','I feel interested.','2019-04-20 14:41:44');
INSERT INTO About VALUES ('1',0,'depression 0');
INSERT INTO Thought VALUES ('1','1','I had the urge to drink with my coworkers but I decided not to.','2019-04-24 17:12:50');
INSERT INTO About VALUES ('1',1,'alcoholism 3');
INSERT INTO Thought VALUES ('1','2','Today I have muscle pain.','2019-04-13 19:06:07');
INSERT INTO About VALUES ('1',2,'HIV 0');
INSERT INTO Thought VALUES ('1','3','It was was easy for me to breathe today.','2019-04-17 13:28:39');
INSERT INTO About VALUES ('1',3,'asthma 0');
INSERT INTO Thought VALUES ('1','4','My coworkers remarked at my dedication to my diet.','2019-04-01 03:10:24');
INSERT INTO About VALUES ('1',4,'diet 0');
INSERT INTO Thought VALUES ('1','5','I had low blood sugar today.','2019-03-08 20:42:50');
INSERT INTO About VALUES ('1',5,'diabetes 1');
INSERT INTO Thought VALUES ('1','6','I feel chivalrous.','2019-04-10 19:57:02');
INSERT INTO About VALUES ('1',6,'depression 0');
INSERT INTO Thought VALUES ('1','7','I had low blood sugar today.','2019-04-16 16:09:34');
INSERT INTO About VALUES ('1',7,'diabetes 1');
INSERT INTO Thought VALUES ('2','0','It was was easy for me to breathe today.','2019-03-22 14:00:53');
INSERT INTO About VALUES ('2',0,'asthma 0');
INSERT INTO Thought VALUES ('4','0','Today I went fishing.','2019-03-05 16:56:33');
INSERT INTO About VALUES ('4',0,'exercise 0');
INSERT INTO Thought VALUES ('4','1','Today I went swimming.','2019-03-04 06:29:44');
INSERT INTO About VALUES ('4',1,'exercise 1');
INSERT INTO Thought VALUES ('4','2','It was was easy for me to breathe today.','2019-03-19 10:19:13');
INSERT INTO About VALUES ('4',2,'asthma 0');
INSERT INTO Thought VALUES ('4','3','It was was easy for me to breathe today.','2019-03-13 09:34:36');
INSERT INTO About VALUES ('4',3,'asthma 0');
INSERT INTO Thought VALUES ('4','4','I had a dream about drinking.','2019-03-15 00:33:33');
INSERT INTO About VALUES ('4',4,'alcoholism 1');
INSERT INTO Thought VALUES ('5','0','I had the urge to drink with my coworkers but I decided not to.','2019-03-05 21:04:03');
INSERT INTO About VALUES ('5',0,'alcoholism 2');
INSERT INTO Thought VALUES ('5','1','Today I have a sore throat.','2019-03-04 22:26:34');
INSERT INTO About VALUES ('5',1,'HIV 0');
INSERT INTO Thought VALUES ('5','2','I had low blood sugar today.','2019-04-17 10:18:34');
INSERT INTO About VALUES ('5',2,'diabetes 1');
INSERT INTO Thought VALUES ('5','3','Today I have swollen glans.','2019-04-30 08:23:43');
INSERT INTO About VALUES ('5',3,'HIV 0');
INSERT INTO Thought VALUES ('6','0','I opted for a salad during lunch.','2019-03-01 09:00:24');
INSERT INTO About VALUES ('6',0,'diet 0');
INSERT INTO Thought VALUES ('6','1','I feel certain.','2019-03-16 21:33:56');
INSERT INTO About VALUES ('6',1,'depression 0');
INSERT INTO Thought VALUES ('6','2','I relapsed and I do not feel that bad.','2019-04-08 22:01:25');
INSERT INTO About VALUES ('6',2,'alcoholism 2');
INSERT INTO Thought VALUES ('6','3','I had a terrible day and relapsed.','2019-04-06 16:44:38');
INSERT INTO About VALUES ('6',3,'alcoholism 1');
INSERT INTO Thought VALUES ('6','4','I feel interested.','2019-03-19 08:26:42');
INSERT INTO About VALUES ('6',4,'depression 0');
INSERT INTO Thought VALUES ('6','5','Today I went sailing.','2019-04-24 10:00:01');
INSERT INTO About VALUES ('6',5,'exercise 1');
INSERT INTO Thought VALUES ('6','6','Today I played football.','2019-04-22 00:10:44');
INSERT INTO About VALUES ('6',6,'exercise 4');
INSERT INTO Thought VALUES ('7','0','Today I went to an AA meeting.','2019-03-13 07:21:57');
INSERT INTO About VALUES ('7',0,'alcoholism 3');
INSERT INTO Thought VALUES ('7','1','I got wasted and forgot to go to work.','2019-04-27 08:19:10');
INSERT INTO About VALUES ('7',1,'alcoholism 0');
INSERT INTO Thought VALUES ('7','2','I had a dream about drinking.','2019-03-03 18:01:10');
INSERT INTO About VALUES ('7',2,'alcoholism 5');
INSERT INTO Thought VALUES ('8','0','Today I went sailing.','2019-04-02 15:40:38');
INSERT INTO About VALUES ('8',0,'exercise 5');
INSERT INTO Thought VALUES ('8','1','I had a terrible day and relapsed.','2019-04-19 21:58:47');
INSERT INTO About VALUES ('8',1,'alcoholism 2');
INSERT INTO Thought VALUES ('8','2','My coworkers remarked at my dedication to my diet.','2019-04-12 09:03:32');
INSERT INTO About VALUES ('8',2,'diet 0');
INSERT INTO Thought VALUES ('8','3','I had a dream about drinking.','2019-04-22 13:57:56');
INSERT INTO About VALUES ('8',3,'alcoholism 4');
INSERT INTO Thought VALUES ('8','4','I had a dream about drinking.','2019-04-13 01:23:16');
INSERT INTO About VALUES ('8',4,'alcoholism 4');
INSERT INTO Thought VALUES ('8','5','It was was easy for me to breathe today.','2019-04-13 03:25:27');
INSERT INTO About VALUES ('8',5,'asthma 0');
INSERT INTO Thought VALUES ('8','6','I have not eat sweets in as long as I can remember.','2019-04-14 04:59:36');
INSERT INTO About VALUES ('8',6,'diet 0');
INSERT INTO Thought VALUES ('8','7','I had low blood sugar today.','2019-04-18 21:29:14');
INSERT INTO About VALUES ('8',7,'diabetes 1');
INSERT INTO Thought VALUES ('8','8','Today I have a sore throat.','2019-04-29 18:20:26');
INSERT INTO About VALUES ('8',8,'HIV 1');
INSERT INTO Thought VALUES ('9','0','I had low blood sugar today.','2019-04-26 00:15:43');
INSERT INTO About VALUES ('9',0,'diabetes 0');
INSERT INTO Thought VALUES ('9','1','I got wasted and forgot to go to work.','2019-03-14 21:47:41');
INSERT INTO About VALUES ('9',1,'alcoholism 1');
INSERT INTO Thought VALUES ('9','2','I had low blood sugar today.','2019-04-22 03:56:55');
INSERT INTO About VALUES ('9',2,'diabetes 0');
INSERT INTO Thought VALUES ('9','3','Today I went bicycling.','2019-04-14 11:43:38');
INSERT INTO About VALUES ('9',3,'exercise 3');
INSERT INTO Thought VALUES ('9','4','I resisted the urge to eat ice-cream today.','2019-04-27 15:55:45');
INSERT INTO About VALUES ('9',4,'diet 0');
INSERT INTO Thought VALUES ('9','5','Today I have swollen glans.','2019-03-02 07:26:15');
INSERT INTO About VALUES ('9',5,'HIV 1');
INSERT INTO Thought VALUES ('9','6','Today I played soccer.','2019-03-27 15:36:26');
INSERT INTO About VALUES ('9',6,'exercise 0');
INSERT INTO Thought VALUES ('60','0','My diet is making my feel amazing.','2019-04-10 00:29:35');
INSERT INTO About VALUES ('60',0,'diet 0');
INSERT INTO Thought VALUES ('60','1','Today I went golfing.','2019-03-04 18:49:30');
INSERT INTO About VALUES ('60',1,'exercise 3');
INSERT INTO Thought VALUES ('60','2','I feel kind.','2019-04-18 16:35:51');
INSERT INTO About VALUES ('60',2,'depression 0');
INSERT INTO Thought VALUES ('60','3','Today I went to an AA meeting.','2019-03-20 14:59:33');
INSERT INTO About VALUES ('60',3,'alcoholism 1');
INSERT INTO Thought VALUES ('60','4','Today I have joint pain.','2019-03-24 07:14:38');
INSERT INTO About VALUES ('60',4,'HIV 1');
INSERT INTO Thought VALUES ('60','5','I got wasted and forgot to go to work.','2019-03-29 15:06:12');
INSERT INTO About VALUES ('60',5,'alcoholism 3');
INSERT INTO Thought VALUES ('60','6','I feel sad.','2019-03-30 13:00:10');
INSERT INTO About VALUES ('60',6,'depression 0');
INSERT INTO Thought VALUES ('60','7','I resisted the urge to eat ice-cream today.','2019-04-24 03:28:41');
INSERT INTO About VALUES ('60',7,'diet 0');
INSERT INTO Thought VALUES ('61','0','My coworkers remarked at my dedication to my diet.','2019-04-14 05:58:11');
INSERT INTO About VALUES ('61',0,'diet 0');
INSERT INTO Thought VALUES ('61','1','Today I have joint pain.','2019-04-06 09:33:25');
INSERT INTO About VALUES ('61',1,'HIV 0');
INSERT INTO Thought VALUES ('61','2','Today I played football.','2019-03-07 19:37:11');
INSERT INTO About VALUES ('61',2,'exercise 3');
INSERT INTO Thought VALUES ('61','3','I have not eat sweets in as long as I can remember.','2019-04-20 22:01:11');
INSERT INTO About VALUES ('61',3,'diet 0');
INSERT INTO Thought VALUES ('61','4','Today I played basketball.','2019-03-21 16:40:24');
INSERT INTO About VALUES ('61',4,'exercise 5');
INSERT INTO Thought VALUES ('61','5','I got wasted and forgot to go to work.','2019-04-26 02:04:24');
INSERT INTO About VALUES ('61',5,'alcoholism 2');
INSERT INTO Thought VALUES ('62','0','It was was easy for me to breathe today.','2019-04-23 12:47:05');
INSERT INTO About VALUES ('62',0,'asthma 0');
INSERT INTO Thought VALUES ('62','1','It was was easy for me to breathe today.','2019-04-10 21:23:48');
INSERT INTO About VALUES ('62',1,'asthma 0');
INSERT INTO Thought VALUES ('62','2','I feel interested.','2019-03-05 15:17:10');
INSERT INTO About VALUES ('62',2,'depression 1');
INSERT INTO Thought VALUES ('62','3','I feel happy.','2019-04-29 15:51:43');
INSERT INTO About VALUES ('62',3,'depression 0');
INSERT INTO Thought VALUES ('62','4','Today I have muscle pain.','2019-03-03 22:36:19');
INSERT INTO About VALUES ('62',4,'HIV 1');
INSERT INTO Thought VALUES ('62','5','I feel serene.','2019-04-24 01:43:51');
INSERT INTO About VALUES ('62',5,'depression 1');
INSERT INTO Thought VALUES ('62','6','It was was easy for me to breathe today.','2019-04-28 23:50:26');
INSERT INTO About VALUES ('62',6,'asthma 0');
INSERT INTO Thought VALUES ('62','7','Today I have a skin rash.','2019-03-13 10:00:11');
INSERT INTO About VALUES ('62',7,'HIV 0');
INSERT INTO Thought VALUES ('62','8','I had low blood sugar today.','2019-04-09 19:58:17');
INSERT INTO About VALUES ('62',8,'diabetes 0');
INSERT INTO Thought VALUES ('63','0','It was was easy for me to breathe today.','2019-04-15 20:08:25');
INSERT INTO About VALUES ('63',0,'asthma 0');
INSERT INTO Thought VALUES ('63','1','I had a dream about drinking.','2019-03-13 06:12:54');
INSERT INTO About VALUES ('63',1,'alcoholism 2');
INSERT INTO Thought VALUES ('63','2','I opted for a salad during lunch.','2019-04-29 02:46:52');
INSERT INTO About VALUES ('63',2,'diet 0');
INSERT INTO Thought VALUES ('63','3','I had a dream about drinking.','2019-03-18 03:50:05');
INSERT INTO About VALUES ('63',3,'alcoholism 0');
INSERT INTO Thought VALUES ('63','4','I feel sad.','2019-04-24 03:08:31');
INSERT INTO About VALUES ('63',4,'depression 1');
INSERT INTO Thought VALUES ('63','5','I have not eat sweets in as long as I can remember.','2019-03-16 12:35:29');
INSERT INTO About VALUES ('63',5,'diet 0');
INSERT INTO Thought VALUES ('63','6','It was was easy for me to breathe today.','2019-03-15 13:53:09');
INSERT INTO About VALUES ('63',6,'asthma 0');
INSERT INTO Thought VALUES ('20','0','Today I have joint pain.','2019-03-13 10:25:22');
INSERT INTO About VALUES ('20',0,'HIV 0');
INSERT INTO Thought VALUES ('20','1','It was was easy for me to breathe today.','2019-04-10 18:34:14');
INSERT INTO About VALUES ('20',1,'asthma 0');
INSERT INTO Thought VALUES ('20','2','I had a terrible day and relapsed.','2019-03-27 08:45:00');
INSERT INTO About VALUES ('20',2,'alcoholism 5');
INSERT INTO Thought VALUES ('20','3','Today I went swimming.','2019-03-28 18:41:21');
INSERT INTO About VALUES ('20',3,'exercise 3');
INSERT INTO Thought VALUES ('20','4','I feel captivated.','2019-04-26 00:37:14');
INSERT INTO About VALUES ('20',4,'depression 1');
INSERT INTO Thought VALUES ('20','5','My diet is making my feel amazing.','2019-04-08 14:05:15');
INSERT INTO About VALUES ('20',5,'diet 0');
INSERT INTO Thought VALUES ('20','6','My coworkers remarked at my dedication to my diet.','2019-03-22 12:21:39');
INSERT INTO About VALUES ('20',6,'diet 0');
INSERT INTO Thought VALUES ('20','7','My diet is making my feel amazing.','2019-04-14 15:32:24');
INSERT INTO About VALUES ('20',7,'diet 0');
INSERT INTO Thought VALUES ('65','0','I had low blood sugar today.','2019-04-07 05:03:36');
INSERT INTO About VALUES ('65',0,'diabetes 1');
INSERT INTO Thought VALUES ('65','1','I had the urge to drink with my coworkers but I decided not to.','2019-03-25 20:34:14');
INSERT INTO About VALUES ('65',1,'alcoholism 1');
INSERT INTO Thought VALUES ('65','2','I had low blood sugar today.','2019-03-18 08:46:16');
INSERT INTO About VALUES ('65',2,'diabetes 0');
INSERT INTO Thought VALUES ('65','3','Today I went golfing.','2019-03-06 03:01:10');
INSERT INTO About VALUES ('65',3,'exercise 0');
INSERT INTO Thought VALUES ('65','4','Today I have a sore throat.','2019-04-06 04:56:20');
INSERT INTO About VALUES ('65',4,'HIV 1');
INSERT INTO Thought VALUES ('65','5','It was was easy for me to breathe today.','2019-03-30 07:08:16');
INSERT INTO About VALUES ('65',5,'asthma 0');
INSERT INTO Thought VALUES ('65','6','I feel content.','2019-04-11 08:42:11');
INSERT INTO About VALUES ('65',6,'depression 0');
INSERT INTO Thought VALUES ('65','7','I opted for a salad during lunch.','2019-03-09 16:01:24');
INSERT INTO About VALUES ('65',7,'diet 0');
INSERT INTO Thought VALUES ('22','0','It was was easy for me to breathe today.','2019-04-09 19:17:16');
INSERT INTO About VALUES ('22',0,'asthma 0');
INSERT INTO Thought VALUES ('22','1','Today I went bowling.','2019-03-22 11:44:15');
INSERT INTO About VALUES ('22',1,'exercise 1');
INSERT INTO Thought VALUES ('67','0','It was was easy for me to breathe today.','2019-04-29 11:09:16');
INSERT INTO About VALUES ('67',0,'asthma 0');
INSERT INTO Thought VALUES ('24','0','It was was easy for me to breathe today.','2019-03-10 19:03:14');
INSERT INTO About VALUES ('24',0,'asthma 0');
INSERT INTO Thought VALUES ('24','1','I had low blood sugar today.','2019-04-14 08:32:52');
INSERT INTO About VALUES ('24',1,'diabetes 1');
INSERT INTO Thought VALUES ('24','2','I relapsed and I do not feel that bad.','2019-03-28 20:15:53');
INSERT INTO About VALUES ('24',2,'alcoholism 1');
INSERT INTO Thought VALUES ('69','0','Today I went golfing.','2019-03-07 03:27:33');
INSERT INTO About VALUES ('69',0,'exercise 5');
INSERT INTO Thought VALUES ('69','1','Today I have muscle pain.','2019-04-14 08:53:11');
INSERT INTO About VALUES ('69',1,'HIV 0');
INSERT INTO Thought VALUES ('69','2','Today I have joint pain.','2019-03-26 01:10:21');
INSERT INTO About VALUES ('69',2,'HIV 0');
INSERT INTO Thought VALUES ('69','3','It was was easy for me to breathe today.','2019-04-09 08:04:44');
INSERT INTO About VALUES ('69',3,'asthma 0');
INSERT INTO Thought VALUES ('69','4','Today I played basketball.','2019-04-07 08:46:18');
INSERT INTO About VALUES ('69',4,'exercise 3');
INSERT INTO Thought VALUES ('25','0','Today I played soccer.','2019-04-01 13:15:27');
INSERT INTO About VALUES ('25',0,'exercise 0');
INSERT INTO Thought VALUES ('25','1','Today I have joint pain.','2019-04-08 16:58:42');
INSERT INTO About VALUES ('25',1,'HIV 1');
INSERT INTO Thought VALUES ('25','2','I have not eat sweets in as long as I can remember.','2019-03-20 20:18:40');
INSERT INTO About VALUES ('25',2,'diet 0');
INSERT INTO Thought VALUES ('25','3','I had a dream about drinking.','2019-03-25 04:54:43');
INSERT INTO About VALUES ('25',3,'alcoholism 4');
INSERT INTO Thought VALUES ('25','4','It was was easy for me to breathe today.','2019-03-15 12:08:12');
INSERT INTO About VALUES ('25',4,'asthma 0');
INSERT INTO Thought VALUES ('25','5','I had low blood sugar today.','2019-03-31 01:18:21');
INSERT INTO About VALUES ('25',5,'diabetes 1');
INSERT INTO Thought VALUES ('26','0','I feel chivalrous.','2019-03-10 18:57:43');
INSERT INTO About VALUES ('26',0,'depression 1');
INSERT INTO Thought VALUES ('26','1','I feel joyful.','2019-03-19 12:51:46');
INSERT INTO About VALUES ('26',1,'depression 0');
INSERT INTO Thought VALUES ('26','2','Today I played volleyball.','2019-03-24 11:32:29');
INSERT INTO About VALUES ('26',2,'exercise 4');
INSERT INTO Thought VALUES ('28','0','It was was easy for me to breathe today.','2019-03-15 11:39:26');
INSERT INTO About VALUES ('28',0,'asthma 0');
INSERT INTO Thought VALUES ('28','1','It was was easy for me to breathe today.','2019-04-15 04:17:17');
INSERT INTO About VALUES ('28',1,'asthma 0');
INSERT INTO Thought VALUES ('29','0','Today I went to yoga.','2019-03-22 20:42:13');
INSERT INTO About VALUES ('29',0,'exercise 5');
INSERT INTO Thought VALUES ('29','1','It was was easy for me to breathe today.','2019-03-10 07:15:02');
INSERT INTO About VALUES ('29',1,'asthma 0');
INSERT INTO Thought VALUES ('29','2','I had low blood sugar today.','2019-03-27 00:37:23');
INSERT INTO About VALUES ('29',2,'diabetes 0');
INSERT INTO Thought VALUES ('29','3','It was was easy for me to breathe today.','2019-03-12 00:31:47');
INSERT INTO About VALUES ('29',3,'asthma 0');
INSERT INTO Thought VALUES ('29','4','Today I have swollen glans.','2019-03-31 20:45:22');
INSERT INTO About VALUES ('29',4,'HIV 0');
INSERT INTO Thought VALUES ('29','5','I had low blood sugar today.','2019-04-24 17:39:45');
INSERT INTO About VALUES ('29',5,'diabetes 1');
INSERT INTO Thought VALUES ('70','0','Today I ran.','2019-03-18 19:18:39');
INSERT INTO About VALUES ('70',0,'exercise 1');
INSERT INTO Thought VALUES ('70','1','I had low blood sugar today.','2019-04-02 21:00:27');
INSERT INTO About VALUES ('70',1,'diabetes 1');
INSERT INTO Thought VALUES ('70','2','My coworkers remarked at my dedication to my diet.','2019-03-26 03:22:04');
INSERT INTO About VALUES ('70',2,'diet 0');
INSERT INTO Thought VALUES ('70','3','My coworkers remarked at my dedication to my diet.','2019-03-10 10:15:30');
INSERT INTO About VALUES ('70',3,'diet 0');
INSERT INTO Thought VALUES ('70','4','I had a dream about drinking.','2019-04-05 01:32:09');
INSERT INTO About VALUES ('70',4,'alcoholism 1');
INSERT INTO Thought VALUES ('70','5','I had a dream about drinking.','2019-04-08 08:42:16');
INSERT INTO About VALUES ('70',5,'alcoholism 5');
INSERT INTO Thought VALUES ('70','6','Today I have a skin rash.','2019-03-15 15:03:00');
INSERT INTO About VALUES ('70',6,'HIV 1');
INSERT INTO Thought VALUES ('71','0','I feel comfortable.','2019-04-08 20:35:45');
INSERT INTO About VALUES ('71',0,'depression 1');
INSERT INTO Thought VALUES ('71','1','I have not eat sweets in as long as I can remember.','2019-04-27 18:03:27');
INSERT INTO About VALUES ('71',1,'diet 0');
INSERT INTO Thought VALUES ('74','0','Today I have a skin rash.','2019-04-03 23:49:31');
INSERT INTO About VALUES ('74',0,'HIV 0');
INSERT INTO Thought VALUES ('74','1','I had the urge to drink with my coworkers but I decided not to.','2019-04-05 02:41:06');
INSERT INTO About VALUES ('74',1,'alcoholism 2');
INSERT INTO Thought VALUES ('74','2','I had low blood sugar today.','2019-03-28 09:42:49');
INSERT INTO About VALUES ('74',2,'diabetes 0');
INSERT INTO Thought VALUES ('74','3','Today I ran.','2019-04-24 22:50:01');
INSERT INTO About VALUES ('74',3,'exercise 0');
INSERT INTO Thought VALUES ('74','4','I had low blood sugar today.','2019-03-15 10:36:48');
INSERT INTO About VALUES ('74',4,'diabetes 0');
INSERT INTO Thought VALUES ('74','5','I opted for a salad during lunch.','2019-03-06 13:01:55');
INSERT INTO About VALUES ('74',5,'diet 0');
INSERT INTO Thought VALUES ('74','6','I got wasted and forgot to go to work.','2019-04-06 21:17:03');
INSERT INTO About VALUES ('74',6,'alcoholism 0');
INSERT INTO Thought VALUES ('30','0','It was was easy for me to breathe today.','2019-04-18 21:08:34');
INSERT INTO About VALUES ('30',0,'asthma 0');
INSERT INTO Thought VALUES ('30','1','My coworkers remarked at my dedication to my diet.','2019-03-30 00:55:05');
INSERT INTO About VALUES ('30',1,'diet 0');
INSERT INTO Thought VALUES ('30','2','I had low blood sugar today.','2019-03-07 10:59:14');
INSERT INTO About VALUES ('30',2,'diabetes 0');
INSERT INTO Thought VALUES ('30','3','It was was easy for me to breathe today.','2019-03-27 10:09:05');
INSERT INTO About VALUES ('30',3,'asthma 0');
INSERT INTO Thought VALUES ('30','4','I had a dream about drinking.','2019-03-29 11:10:49');
INSERT INTO About VALUES ('30',4,'alcoholism 0');
INSERT INTO Thought VALUES ('32','0','My symptoms appear to be receding.','2019-04-29 14:05:06');
INSERT INTO About VALUES ('32',0,'HIV 1');
INSERT INTO Thought VALUES ('32','1','I feel good.','2019-04-23 07:55:23');
INSERT INTO About VALUES ('32',1,'depression 1');
INSERT INTO Thought VALUES ('32','2','I feel calculated.','2019-03-26 05:19:02');
INSERT INTO About VALUES ('32',2,'depression 0');
INSERT INTO Thought VALUES ('32','3','I relapsed and I do not feel that bad.','2019-04-11 22:36:19');
INSERT INTO About VALUES ('32',3,'alcoholism 5');
INSERT INTO Thought VALUES ('32','4','I had low blood sugar today.','2019-04-17 22:19:17');
INSERT INTO About VALUES ('32',4,'diabetes 0');
INSERT INTO Thought VALUES ('32','5','I feel disappointed','2019-04-27 11:29:31');
INSERT INTO About VALUES ('32',5,'depression 1');
INSERT INTO Thought VALUES ('32','6','It was was easy for me to breathe today.','2019-04-30 19:29:01');
INSERT INTO About VALUES ('32',6,'asthma 0');
INSERT INTO Thought VALUES ('32','7','I got wasted and forgot to go to work.','2019-03-29 22:42:04');
INSERT INTO About VALUES ('32',7,'alcoholism 5');
INSERT INTO Thought VALUES ('76','0','I had low blood sugar today.','2019-04-05 10:50:08');
INSERT INTO About VALUES ('76',0,'diabetes 1');
INSERT INTO Thought VALUES ('76','1','It was was easy for me to breathe today.','2019-04-18 03:25:01');
INSERT INTO About VALUES ('76',1,'asthma 0');
INSERT INTO Thought VALUES ('76','2','It was was easy for me to breathe today.','2019-03-04 11:07:55');
INSERT INTO About VALUES ('76',2,'asthma 0');
INSERT INTO Thought VALUES ('76','3','Today I played football.','2019-04-11 09:45:28');
INSERT INTO About VALUES ('76',3,'exercise 5');
INSERT INTO Thought VALUES ('76','4','I opted for a salad during lunch.','2019-03-16 01:16:34');
INSERT INTO About VALUES ('76',4,'diet 0');
INSERT INTO Thought VALUES ('76','5','I had a dream about drinking.','2019-03-10 04:22:22');
INSERT INTO About VALUES ('76',5,'alcoholism 3');
INSERT INTO Thought VALUES ('76','6','I got wasted and forgot to go to work.','2019-03-04 21:58:54');
INSERT INTO About VALUES ('76',6,'alcoholism 4');
INSERT INTO Thought VALUES ('77','0','I resisted the urge to eat ice-cream today.','2019-04-06 05:52:03');
INSERT INTO About VALUES ('77',0,'diet 0');
INSERT INTO Thought VALUES ('77','1','Today I went bicycling.','2019-04-13 03:54:51');
INSERT INTO About VALUES ('77',1,'exercise 0');
INSERT INTO Thought VALUES ('77','2','I feel crafty.','2019-03-30 03:28:16');
INSERT INTO About VALUES ('77',2,'depression 0');
INSERT INTO Thought VALUES ('77','3','I had low blood sugar today.','2019-04-22 15:41:25');
INSERT INTO About VALUES ('77',3,'diabetes 1');
INSERT INTO Thought VALUES ('34','0','I resisted the urge to eat ice-cream today.','2019-04-04 09:53:13');
INSERT INTO About VALUES ('34',0,'diet 0');
INSERT INTO Thought VALUES ('34','1','Today I ran.','2019-03-29 02:23:51');
INSERT INTO About VALUES ('34',1,'exercise 4');
INSERT INTO Thought VALUES ('34','2','I had the urge to drink with my coworkers but I decided not to.','2019-04-16 00:56:22');
INSERT INTO About VALUES ('34',2,'alcoholism 3');
INSERT INTO Thought VALUES ('34','3','I feel calculated.','2019-04-16 10:50:30');
INSERT INTO About VALUES ('34',3,'depression 0');
INSERT INTO Thought VALUES ('34','4','I had the urge to drink with my coworkers but I decided not to.','2019-03-26 20:55:22');
INSERT INTO About VALUES ('34',4,'alcoholism 2');
INSERT INTO Thought VALUES ('34','5','I feel fearful.','2019-03-09 12:37:58');
INSERT INTO About VALUES ('34',5,'depression 0');
INSERT INTO Thought VALUES ('34','6','Today I played basketball.','2019-03-14 20:56:38');
INSERT INTO About VALUES ('34',6,'exercise 3');
INSERT INTO Thought VALUES ('34','7','I feel careful.','2019-04-02 21:34:48');
INSERT INTO About VALUES ('34',7,'depression 1');
INSERT INTO Thought VALUES ('34','8','I feel cheerful.','2019-03-13 23:20:35');
INSERT INTO About VALUES ('34',8,'depression 0');
INSERT INTO Thought VALUES ('36','0','I feel certain.','2019-04-28 16:55:20');
INSERT INTO About VALUES ('36',0,'depression 1');
INSERT INTO Thought VALUES ('37','0','I feel comfortable.','2019-04-15 21:13:25');
INSERT INTO About VALUES ('37',0,'depression 1');
INSERT INTO Thought VALUES ('37','1','It was was easy for me to breathe today.','2019-04-15 06:16:54');
INSERT INTO About VALUES ('37',1,'asthma 0');
INSERT INTO Thought VALUES ('37','2','Today I played soccer.','2019-03-12 05:59:29');
INSERT INTO About VALUES ('37',2,'exercise 1');
INSERT INTO Thought VALUES ('37','3','It was was easy for me to breathe today.','2019-03-21 03:45:17');
INSERT INTO About VALUES ('37',3,'asthma 0');
INSERT INTO Thought VALUES ('37','4','I resisted the urge to eat ice-cream today.','2019-03-22 22:16:38');
INSERT INTO About VALUES ('37',4,'diet 0');
INSERT INTO Thought VALUES ('37','5','I feel cooperative.','2019-03-11 17:05:04');
INSERT INTO About VALUES ('37',5,'depression 1');
INSERT INTO Thought VALUES ('37','6','I feel prideful.','2019-03-07 03:08:44');
INSERT INTO About VALUES ('37',6,'depression 1');
INSERT INTO Thought VALUES ('37','7','I got wasted and forgot to go to work.','2019-04-26 18:41:53');
INSERT INTO About VALUES ('37',7,'alcoholism 3');
INSERT INTO Thought VALUES ('37','8','It was was easy for me to breathe today.','2019-03-20 04:20:54');
INSERT INTO About VALUES ('37',8,'asthma 0');
INSERT INTO Thought VALUES ('38','0','Today I have muscle pain.','2019-04-19 02:36:05');
INSERT INTO About VALUES ('38',0,'HIV 1');
INSERT INTO Thought VALUES ('38','1','Today I went hiking.','2019-04-02 00:40:45');
INSERT INTO About VALUES ('38',1,'exercise 2');
INSERT INTO Thought VALUES ('38','2','My symptoms appear to be receding.','2019-03-11 22:31:50');
INSERT INTO About VALUES ('38',2,'HIV 1');
INSERT INTO Thought VALUES ('38','3','I got wasted and forgot to go to work.','2019-03-24 16:42:57');
INSERT INTO About VALUES ('38',3,'alcoholism 1');
INSERT INTO Thought VALUES ('38','4','Today I have a fever.','2019-03-11 18:51:27');
INSERT INTO About VALUES ('38',4,'HIV 1');
INSERT INTO Thought VALUES ('38','5','Today I have swollen glans.','2019-04-09 16:42:03');
INSERT INTO About VALUES ('38',5,'HIV 0');
INSERT INTO Thought VALUES ('39','0','It was was easy for me to breathe today.','2019-04-27 11:39:45');
INSERT INTO About VALUES ('39',0,'asthma 0');
INSERT INTO Thought VALUES ('80','0','I feel captivated.','2019-04-30 05:48:14');
INSERT INTO About VALUES ('80',0,'depression 0');
INSERT INTO Thought VALUES ('80','1','I resisted the urge to eat ice-cream today.','2019-04-13 17:23:52');
INSERT INTO About VALUES ('80',1,'diet 0');
INSERT INTO Thought VALUES ('80','2','Today I went scuba diving.','2019-04-30 22:52:47');
INSERT INTO About VALUES ('80',2,'exercise 0');
INSERT INTO Thought VALUES ('80','3','It was was easy for me to breathe today.','2019-04-05 13:02:42');
INSERT INTO About VALUES ('80',3,'asthma 0');
INSERT INTO Thought VALUES ('80','4','Today I went scuba diving.','2019-04-24 17:16:27');
INSERT INTO About VALUES ('80',4,'exercise 2');
INSERT INTO Thought VALUES ('80','5','I had low blood sugar today.','2019-03-16 08:57:28');
INSERT INTO About VALUES ('80',5,'diabetes 0');
INSERT INTO Thought VALUES ('82','0','I got wasted and forgot to go to work.','2019-03-09 11:56:33');
INSERT INTO About VALUES ('82',0,'alcoholism 2');
INSERT INTO Thought VALUES ('82','1','Today I have muscle pain.','2019-03-22 12:20:31');
INSERT INTO About VALUES ('82',1,'HIV 1');
INSERT INTO Thought VALUES ('82','2','It was was easy for me to breathe today.','2019-04-06 01:51:49');
INSERT INTO About VALUES ('82',2,'asthma 0');
INSERT INTO Thought VALUES ('83','0','Today I went bicycling.','2019-04-02 02:45:59');
INSERT INTO About VALUES ('83',0,'exercise 0');
INSERT INTO Thought VALUES ('83','1','Today I have a sore throat.','2019-03-16 07:08:11');
INSERT INTO About VALUES ('83',1,'HIV 0');
INSERT INTO Thought VALUES ('83','2','Today I went to the gym.','2019-04-30 17:59:57');
INSERT INTO About VALUES ('83',2,'exercise 4');
INSERT INTO Thought VALUES ('83','3','I feel kind.','2019-04-04 10:46:23');
INSERT INTO About VALUES ('83',3,'depression 0');
INSERT INTO Thought VALUES ('83','4','I had low blood sugar today.','2019-04-27 07:46:09');
INSERT INTO About VALUES ('83',4,'diabetes 1');
INSERT INTO Thought VALUES ('83','5','Today I played ice hockey.','2019-04-12 21:58:58');
INSERT INTO About VALUES ('83',5,'exercise 2');
INSERT INTO Thought VALUES ('83','6','My coworkers remarked at my dedication to my diet.','2019-04-14 00:52:48');
INSERT INTO About VALUES ('83',6,'diet 0');
INSERT INTO Thought VALUES ('84','0','Today I have muscle pain.','2019-03-08 10:37:52');
INSERT INTO About VALUES ('84',0,'HIV 0');
INSERT INTO Thought VALUES ('84','1','Today I played ice hockey.','2019-03-31 00:49:38');
INSERT INTO About VALUES ('84',1,'exercise 4');
INSERT INTO Thought VALUES ('84','2','I had low blood sugar today.','2019-03-31 13:53:03');
INSERT INTO About VALUES ('84',2,'diabetes 0');
INSERT INTO Thought VALUES ('40','0','Today I went golfing.','2019-03-04 03:24:31');
INSERT INTO About VALUES ('40',0,'exercise 0');
INSERT INTO Thought VALUES ('40','1','I resisted the urge to eat ice-cream today.','2019-03-06 11:32:49');
INSERT INTO About VALUES ('40',1,'diet 0');
INSERT INTO Thought VALUES ('40','2','Today I have a fever.','2019-03-01 16:28:32');
INSERT INTO About VALUES ('40',2,'HIV 1');
INSERT INTO Thought VALUES ('40','3','I had low blood sugar today.','2019-04-05 01:28:56');
INSERT INTO About VALUES ('40',3,'diabetes 1');
INSERT INTO Thought VALUES ('40','4','I had low blood sugar today.','2019-04-04 04:20:05');
INSERT INTO About VALUES ('40',4,'diabetes 0');
INSERT INTO Thought VALUES ('40','5','I relapsed and I do not feel that bad.','2019-04-06 16:31:31');
INSERT INTO About VALUES ('40',5,'alcoholism 4');
INSERT INTO Thought VALUES ('40','6','I had low blood sugar today.','2019-03-26 18:02:21');
INSERT INTO About VALUES ('40',6,'diabetes 0');
INSERT INTO Thought VALUES ('40','7','I got wasted and forgot to go to work.','2019-04-15 10:01:04');
INSERT INTO About VALUES ('40',7,'alcoholism 2');
INSERT INTO Thought VALUES ('40','8','I feel capable.','2019-04-13 03:17:11');
INSERT INTO About VALUES ('40',8,'depression 0');
INSERT INTO Thought VALUES ('85','0','I had low blood sugar today.','2019-04-11 22:04:28');
INSERT INTO About VALUES ('85',0,'diabetes 1');
INSERT INTO Thought VALUES ('85','1','I had low blood sugar today.','2019-03-07 21:39:32');
INSERT INTO About VALUES ('85',1,'diabetes 0');
INSERT INTO Thought VALUES ('85','2','I feel certain.','2019-04-09 04:42:36');
INSERT INTO About VALUES ('85',2,'depression 1');
INSERT INTO Thought VALUES ('85','3','My coworkers remarked at my dedication to my diet.','2019-04-19 02:14:21');
INSERT INTO About VALUES ('85',3,'diet 0');
INSERT INTO Thought VALUES ('87','0','I feel cheery.','2019-03-28 03:06:31');
INSERT INTO About VALUES ('87',0,'depression 0');
INSERT INTO Thought VALUES ('87','1','It was was easy for me to breathe today.','2019-03-06 22:24:21');
INSERT INTO About VALUES ('87',1,'asthma 0');
INSERT INTO Member VALUES ('32','alcoholism 0');
INSERT INTO Member VALUES ('34','exercise 0');
INSERT INTO Member VALUES ('49','diabetes 0');
INSERT INTO Member VALUES ('6','exercise 4');
INSERT INTO Member VALUES ('55','exercise 4');
INSERT INTO Member VALUES ('83','alcoholism 4');
INSERT INTO Member VALUES ('97','diabetes 1');
INSERT INTO Member VALUES ('90','alcoholism 1');
INSERT INTO Member VALUES ('37','alcoholism 1');
INSERT INTO Member VALUES ('19','alcoholism 4');
INSERT INTO Member VALUES ('54','diet 0');
INSERT INTO Member VALUES ('97','exercise 3');
INSERT INTO Member VALUES ('64','exercise 3');
INSERT INTO Member VALUES ('6','exercise 2');
INSERT INTO Member VALUES ('69','exercise 3');
INSERT INTO Member VALUES ('40','exercise 2');
INSERT INTO Member VALUES ('68','exercise 2');
INSERT INTO Member VALUES ('31','depression 0');
INSERT INTO Member VALUES ('70','alcoholism 1');
INSERT INTO Member VALUES ('12','exercise 0');
INSERT INTO Member VALUES ('30','alcoholism 3');
INSERT INTO Member VALUES ('58','exercise 4');
INSERT INTO Member VALUES ('93','exercise 5');
INSERT INTO Member VALUES ('99','diabetes 0');
INSERT INTO Member VALUES ('75','alcoholism 2');
INSERT INTO Member VALUES ('52','exercise 3');
INSERT INTO Member VALUES ('21','alcoholism 5');
INSERT INTO Member VALUES ('5','exercise 5');
INSERT INTO Member VALUES ('41','HIV 0');
INSERT INTO Member VALUES ('39','alcoholism 4');
INSERT INTO Member VALUES ('44','diabetes 0');
INSERT INTO Member VALUES ('26','alcoholism 5');
INSERT INTO Member VALUES ('86','alcoholism 4');
INSERT INTO Member VALUES ('66','HIV 1');
INSERT INTO Member VALUES ('10','HIV 1');
INSERT INTO Member VALUES ('11','exercise 0');
INSERT INTO Member VALUES ('48','depression 1');
INSERT INTO Member VALUES ('95','diet 0');
INSERT INTO Member VALUES ('73','depression 1');
INSERT INTO Member VALUES ('44','alcoholism 0');
INSERT INTO Member VALUES ('10','HIV 0');
INSERT INTO Member VALUES ('91','alcoholism 4');
INSERT INTO Member VALUES ('27','alcoholism 3');
INSERT INTO Member VALUES ('87','alcoholism 1');
INSERT INTO Member VALUES ('28','depression 1');
INSERT INTO Member VALUES ('91','exercise 3');
INSERT INTO Member VALUES ('92','alcoholism 0');
INSERT INTO Member VALUES ('22','diabetes 1');
INSERT INTO Member VALUES ('14','exercise 4');
INSERT INTO Member VALUES ('50','alcoholism 3');
INSERT INTO Member VALUES ('14','alcoholism 1');
INSERT INTO Member VALUES ('46','depression 0');
INSERT INTO Member VALUES ('36','HIV 0');
INSERT INTO Member VALUES ('98','diabetes 0');
INSERT INTO Member VALUES ('50','diabetes 1');
INSERT INTO Member VALUES ('64','alcoholism 1');
INSERT INTO Member VALUES ('64','alcoholism 3');
INSERT INTO Member VALUES ('22','asthma 0');
INSERT INTO Member VALUES ('82','exercise 1');
INSERT INTO Member VALUES ('86','alcoholism 3');
INSERT INTO Member VALUES ('81','alcoholism 2');
INSERT INTO Member VALUES ('28','exercise 4');
INSERT INTO Member VALUES ('58','alcoholism 1');
INSERT INTO Member VALUES ('67','diet 0');
INSERT INTO Member VALUES ('46','HIV 0');
INSERT INTO Member VALUES ('58','diabetes 1');
INSERT INTO Member VALUES ('39','exercise 1');
INSERT INTO Member VALUES ('23','depression 1');
INSERT INTO Member VALUES ('40','HIV 1');
INSERT INTO Member VALUES ('15','exercise 2');
INSERT INTO Member VALUES ('35','diabetes 0');
INSERT INTO Member VALUES ('67','exercise 3');
INSERT INTO Member VALUES ('81','alcoholism 0');
INSERT INTO Member VALUES ('36','alcoholism 3');
INSERT INTO Member VALUES ('54','alcoholism 4');
INSERT INTO Member VALUES ('68','exercise 1');
INSERT INTO Member VALUES ('18','alcoholism 0');
INSERT INTO Member VALUES ('32','exercise 0');
INSERT INTO Member VALUES ('50','exercise 4');
INSERT INTO Member VALUES ('18','alcoholism 1');
INSERT INTO Member VALUES ('70','depression 1');
INSERT INTO Member VALUES ('98','alcoholism 5');
INSERT INTO Member VALUES ('6','HIV 1');
INSERT INTO Member VALUES ('89','depression 0');
INSERT INTO Member VALUES ('42','depression 1');
INSERT INTO Member VALUES ('11','HIV 0');
INSERT INTO Member VALUES ('77','alcoholism 5');
INSERT INTO Member VALUES ('94','exercise 3');
INSERT INTO Member VALUES ('88','HIV 0');
INSERT INTO Member VALUES ('28','exercise 0');
INSERT INTO Member VALUES ('30','diabetes 0');
INSERT INTO Member VALUES ('58','exercise 2');
INSERT INTO Member VALUES ('16','asthma 0');
INSERT INTO Member VALUES ('1','alcoholism 4');
INSERT INTO Member VALUES ('78','exercise 2');
INSERT INTO Member VALUES ('47','diet 0');
INSERT INTO Member VALUES ('32','diabetes 0');
INSERT INTO Member VALUES ('86','depression 0');
INSERT INTO Member VALUES ('3','depression 1');
INSERT INTO Member VALUES ('72','alcoholism 2');
INSERT INTO Member VALUES ('44','alcoholism 4');
INSERT INTO Member VALUES ('31','exercise 3');
INSERT INTO Member VALUES ('100','HIV 1');
INSERT INTO Member VALUES ('90','alcoholism 4');
INSERT INTO Member VALUES ('63','alcoholism 5');
INSERT INTO Member VALUES ('67','exercise 1');
INSERT INTO Member VALUES ('88','HIV 1');
INSERT INTO Member VALUES ('65','alcoholism 1');
INSERT INTO Member VALUES ('46','HIV 1');
INSERT INTO Member VALUES ('44','asthma 0');
INSERT INTO Member VALUES ('94','HIV 0');
INSERT INTO Member VALUES ('53','exercise 1');
INSERT INTO Member VALUES ('84','alcoholism 4');
INSERT INTO Member VALUES ('7','exercise 5');
INSERT INTO Member VALUES ('9','diabetes 0');
INSERT INTO Member VALUES ('1','alcoholism 5');
INSERT INTO Member VALUES ('45','exercise 5');
INSERT INTO Member VALUES ('32','HIV 0');
INSERT INTO Member VALUES ('15','asthma 0');
INSERT INTO Member VALUES ('48','alcoholism 0');
INSERT INTO Member VALUES ('87','exercise 4');
INSERT INTO Member VALUES ('66','alcoholism 5');
INSERT INTO Member VALUES ('89','exercise 0');
INSERT INTO Member VALUES ('31','exercise 2');
INSERT INTO Member VALUES ('43','alcoholism 0');
INSERT INTO Member VALUES ('93','alcoholism 2');
INSERT INTO Member VALUES ('25','diabetes 0');
INSERT INTO Member VALUES ('89','exercise 4');
INSERT INTO Member VALUES ('9','alcoholism 5');
INSERT INTO Member VALUES ('24','diabetes 0');
INSERT INTO Member VALUES ('72','HIV 1');
INSERT INTO Member VALUES ('99','HIV 1');
INSERT INTO Member VALUES ('27','HIV 0');
INSERT INTO Member VALUES ('9','exercise 1');
INSERT INTO Member VALUES ('10','exercise 1');
INSERT INTO Member VALUES ('74','exercise 0');
INSERT INTO Member VALUES ('38','alcoholism 5');
INSERT INTO Member VALUES ('52','diabetes 0');
INSERT INTO Member VALUES ('17','exercise 4');
INSERT INTO Member VALUES ('77','alcoholism 0');
INSERT INTO Member VALUES ('19','depression 1');
INSERT INTO Member VALUES ('99','exercise 0');
INSERT INTO Member VALUES ('15','HIV 1');
INSERT INTO Member VALUES ('8','alcoholism 2');
INSERT INTO Member VALUES ('7','asthma 0');
INSERT INTO Member VALUES ('2','exercise 5');
INSERT INTO Member VALUES ('83','depression 1');
INSERT INTO Member VALUES ('56','depression 1');
INSERT INTO Member VALUES ('52','HIV 0');
INSERT INTO Member VALUES ('3','exercise 1');
INSERT INTO Member VALUES ('58','alcoholism 2');
INSERT INTO Member VALUES ('13','HIV 1');
INSERT INTO Member VALUES ('25','asthma 0');
INSERT INTO Member VALUES ('28','asthma 0');
INSERT INTO Member VALUES ('59','alcoholism 4');
INSERT INTO Member VALUES ('18','alcoholism 5');
INSERT INTO Member VALUES ('30','HIV 0');
INSERT INTO Member VALUES ('54','asthma 0');
INSERT INTO Member VALUES ('41','asthma 0');
INSERT INTO Member VALUES ('85','exercise 0');
INSERT INTO Member VALUES ('43','asthma 0');
INSERT INTO Member VALUES ('90','alcoholism 3');
INSERT INTO Member VALUES ('7','exercise 0');
INSERT INTO Member VALUES ('44','HIV 1');
INSERT INTO Member VALUES ('80','alcoholism 2');
INSERT INTO Member VALUES ('99','diet 0');
INSERT INTO Member VALUES ('85','HIV 0');
INSERT INTO Member VALUES ('47','alcoholism 0');
INSERT INTO Member VALUES ('70','HIV 0');
INSERT INTO Member VALUES ('23','exercise 2');
INSERT INTO Member VALUES ('8','alcoholism 5');
INSERT INTO Member VALUES ('2','depression 0');
INSERT INTO Member VALUES ('65','depression 0');
INSERT INTO Member VALUES ('68','alcoholism 3');
INSERT INTO Member VALUES ('54','HIV 1');
INSERT INTO Member VALUES ('80','exercise 2');
INSERT INTO Member VALUES ('76','exercise 1');
INSERT INTO Member VALUES ('45','HIV 1');
INSERT INTO Member VALUES ('100','alcoholism 4');
INSERT INTO Member VALUES ('78','HIV 1');
INSERT INTO Member VALUES ('76','alcoholism 5');
INSERT INTO Member VALUES ('53','exercise 4');
INSERT INTO Member VALUES ('77','diabetes 0');
INSERT INTO Member VALUES ('57','depression 0');
INSERT INTO Member VALUES ('51','depression 1');
INSERT INTO Member VALUES ('83','alcoholism 0');
INSERT INTO Member VALUES ('86','alcoholism 1');
INSERT INTO Member VALUES ('72','depression 0');
INSERT INTO Member VALUES ('53','alcoholism 2');
INSERT INTO Member VALUES ('42','alcoholism 2');
INSERT INTO Member VALUES ('96','HIV 0');
INSERT INTO Member VALUES ('37','exercise 3');
INSERT INTO Member VALUES ('64','depression 0');
INSERT INTO Member VALUES ('89','exercise 5');
INSERT INTO Member VALUES ('84','diabetes 1');
INSERT INTO Member VALUES ('66','exercise 1');
INSERT INTO Member VALUES ('41','alcoholism 3');
INSERT INTO Member VALUES ('32','exercise 4');
INSERT INTO Member VALUES ('70','diet 0');
INSERT INTO Member VALUES ('24','depression 0');
INSERT INTO Observer VALUES ('1','45','camera','Google','Model 4','8.2');
INSERT INTO Observer VALUES ('2','62','camera','Sony','Model 4','4.8');
INSERT INTO Observer VALUES ('3','43','camera','Apple','Model 4','9.2');
INSERT INTO Observer VALUES ('4','5','smartwatch','Google','Model 2','2.5');
INSERT INTO Observer VALUES ('5','15','glucose monitor','Microsoft','Model 2','8.6');
INSERT INTO Observer VALUES ('6','77','smartphone','Microsoft','Model 4','5.2');
INSERT INTO Observer VALUES ('7','39','smartwatch','Google','Model 7','12.1');
INSERT INTO Observer VALUES ('8','78','smartwatch','Microsoft','Model 1','0.3');
INSERT INTO Observer VALUES ('9','12','smartphone','Microsoft','Model 4','7.5');
INSERT INTO Observer VALUES ('10','100','smartphone','Microsoft','Model 6','8.1');
INSERT INTO Observer VALUES ('11','24','smartphone','Google','Model 5','7.3');
INSERT INTO Observer VALUES ('12','7','smartwatch','Microsoft','Model 9','11.8');
INSERT INTO Observer VALUES ('13','89','smartwatch','Microsoft','Model 1','7.1');
INSERT INTO Observer VALUES ('14','59','glucose monitor','Google','Model 2','12.9');
INSERT INTO Observer VALUES ('15','18','smartwatch','Microsoft','Model 4','1.8');
INSERT INTO Observer VALUES ('16','64','camera','Apple','Model 7','3.1');
INSERT INTO Observer VALUES ('17','62','smartwatch','Google','Model 9','8.7');
INSERT INTO Observer VALUES ('18','29','smartphone','Sony','Model 6','12.5');
INSERT INTO Observer VALUES ('19','72','smartphone','Apple','Model 5','8.2');
INSERT INTO Observer VALUES ('20','78','smartphone','Sony','Model 8','5.5');
INSERT INTO Observer VALUES ('21','40','smartphone','Google','Model 5','4.8');
INSERT INTO Observer VALUES ('22','77','camera','Sony','Model 1','10.1');
INSERT INTO Observer VALUES ('23','50','smartphone','Apple','Model 1','10.1');
INSERT INTO Observer VALUES ('24','62','glucose monitor','Google','Model 3','2.9');
INSERT INTO Observer VALUES ('25','90','camera','Microsoft','Model 7','4.2');
INSERT INTO Observer VALUES ('26','63','smartwatch','Microsoft','Model 6','7.2');
INSERT INTO Observer VALUES ('27','89','camera','Apple','Model 8','0.3');
INSERT INTO Observer VALUES ('28','6','smartwatch','Microsoft','Model 5','6.1');
INSERT INTO Observer VALUES ('29','78','smartphone','Apple','Model 5','6.2');
INSERT INTO Observer VALUES ('30','32','smartphone','Microsoft','Model 7','7.8');
INSERT INTO Observer VALUES ('31','8','smartphone','Sony','Model 0','1.8');
INSERT INTO Observer VALUES ('32','39','smartwatch','Microsoft','Model 6','1.8');
INSERT INTO Observer VALUES ('33','20','glucose monitor','Apple','Model 2','1.6');
INSERT INTO Observer VALUES ('34','52','glucose monitor','Apple','Model 1','7.1');
INSERT INTO Observer VALUES ('35','47','smartwatch','Sony','Model 6','11.1');
INSERT INTO Observer VALUES ('36','64','camera','Sony','Model 4','8.5');
INSERT INTO Observer VALUES ('37','27','glucose monitor','Microsoft','Model 8','9.7');
INSERT INTO Observer VALUES ('38','72','smartwatch','Apple','Model 8','0.9');
INSERT INTO Observer VALUES ('39','56','smartphone','Microsoft','Model 4','10.3');
INSERT INTO Observer VALUES ('40','33','camera','Sony','Model 6','12.6');
INSERT INTO Observer VALUES ('41','17','smartwatch','Sony','Model 7','0.4');
INSERT INTO Observer VALUES ('42','65','glucose monitor','Microsoft','Model 9','8.8');
INSERT INTO Observer VALUES ('43','7','camera','Google','Model 2','8.6');
INSERT INTO Observer VALUES ('44','10','glucose monitor','Google','Model 8','2.9');
INSERT INTO Observer VALUES ('45','25','smartwatch','Apple','Model 4','3.8');
INSERT INTO Observer VALUES ('46','35','smartphone','Microsoft','Model 4','10.3');
INSERT INTO Observer VALUES ('47','30','camera','Microsoft','Model 2','8.7');
INSERT INTO Observer VALUES ('48','80','camera','Sony','Model 0','10.2');
INSERT INTO Observer VALUES ('49','20','smartwatch','Apple','Model 5','4.6');
INSERT INTO Observer VALUES ('50','88','smartwatch','Microsoft','Model 4','1.1');
INSERT INTO Observer VALUES ('51','51','smartwatch','Microsoft','Model 2','8.9');
INSERT INTO Observer VALUES ('52','9','smartwatch','Sony','Model 4','12.1');
INSERT INTO Observer VALUES ('53','68','smartwatch','Sony','Model 4','9.3');
INSERT INTO Observer VALUES ('54','80','smartphone','Microsoft','Model 1','2.4');
INSERT INTO Observer VALUES ('55','8','smartphone','Sony','Model 4','8.3');
INSERT INTO Observer VALUES ('56','35','glucose monitor','Sony','Model 9','8.8');
INSERT INTO Observer VALUES ('57','27','smartphone','Sony','Model 9','4.7');
INSERT INTO Observer VALUES ('58','52','glucose monitor','Microsoft','Model 4','0.8');
INSERT INTO Observer VALUES ('59','55','glucose monitor','Google','Model 9','6.2');
INSERT INTO Observer VALUES ('60','13','smartwatch','Apple','Model 8','11.7');
INSERT INTO Observer VALUES ('61','13','smartwatch','Apple','Model 9','0.7');
INSERT INTO Observer VALUES ('62','94','camera','Microsoft','Model 8','9.2');
INSERT INTO Observer VALUES ('63','59','smartwatch','Apple','Model 0','0.1');
INSERT INTO Observer VALUES ('64','50','smartphone','Sony','Model 9','12.1');
INSERT INTO Observer VALUES ('65','13','glucose monitor','Google','Model 8','4.3');
INSERT INTO Observer VALUES ('66','46','smartwatch','Microsoft','Model 3','11.3');
INSERT INTO Observer VALUES ('67','61','smartwatch','Google','Model 8','0.4');
INSERT INTO Observer VALUES ('68','31','camera','Google','Model 4','12.4');
INSERT INTO Observer VALUES ('69','82','smartwatch','Google','Model 1','9.9');
INSERT INTO Observer VALUES ('70','67','glucose monitor','Google','Model 7','0.9');
INSERT INTO Observer VALUES ('71','64','camera','Sony','Model 6','0.4');
INSERT INTO Observer VALUES ('72','73','smartphone','Apple','Model 3','1.1');
INSERT INTO Observer VALUES ('73','9','glucose monitor','Microsoft','Model 2','10.5');
INSERT INTO Observer VALUES ('74','14','smartwatch','Apple','Model 2','8.2');
INSERT INTO Observer VALUES ('75','56','smartwatch','Microsoft','Model 0','8.4');
INSERT INTO Observer VALUES ('76','5','camera','Google','Model 8','10.8');
INSERT INTO Observer VALUES ('77','59','glucose monitor','Microsoft','Model 6','11.7');
INSERT INTO Observer VALUES ('78','43','camera','Google','Model 1','12.1');
INSERT INTO Observer VALUES ('79','62','smartphone','Microsoft','Model 4','10.7');
INSERT INTO Observer VALUES ('80','23','smartwatch','Apple','Model 0','5.5');
INSERT INTO Observer VALUES ('81','36','smartwatch','Sony','Model 4','4.4');
INSERT INTO Observer VALUES ('82','69','camera','Google','Model 1','12.3');
INSERT INTO Observer VALUES ('83','30','camera','Google','Model 2','8.9');
INSERT INTO Observer VALUES ('84','56','smartwatch','Sony','Model 8','2.1');
INSERT INTO Observer VALUES ('85','19','glucose monitor','Apple','Model 7','6.2');
INSERT INTO Observer VALUES ('86','55','camera','Google','Model 1','1.9');
INSERT INTO Observer VALUES ('87','50','smartphone','Sony','Model 3','7.5');
INSERT INTO Observer VALUES ('88','11','glucose monitor','Sony','Model 2','12.4');
INSERT INTO Observer VALUES ('89','43','smartwatch','Google','Model 9','11.1');
INSERT INTO Observer VALUES ('90','45','camera','Microsoft','Model 9','2.4');
INSERT INTO Observer VALUES ('91','7','glucose monitor','Apple','Model 7','10.3');
INSERT INTO Observer VALUES ('92','28','camera','Sony','Model 7','12.7');
INSERT INTO Observer VALUES ('93','68','camera','Google','Model 3','10.8');
INSERT INTO Observer VALUES ('94','90','camera','Sony','Model 8','0.3');
INSERT INTO Observer VALUES ('95','77','smartphone','Google','Model 3','0.3');
INSERT INTO Observer VALUES ('96','28','glucose monitor','Apple','Model 2','0.9');
INSERT INTO Observer VALUES ('97','32','camera','Sony','Model 6','5.4');
INSERT INTO Observer VALUES ('98','10','smartphone','Apple','Model 5','7.5');
INSERT INTO Observer VALUES ('99','56','camera','Apple','Model 0','6.1');
INSERT INTO Observer VALUES ('100','98','smartphone','Microsoft','Model 6','3.8');
INSERT INTO Observer VALUES ('101','24','smartphone','Sony','Model 4','4.3');
INSERT INTO Observer VALUES ('102','52','smartwatch','Google','Model 1','9.7');
INSERT INTO Observer VALUES ('103','93','camera','Apple','Model 1','2.9');
INSERT INTO Observer VALUES ('104','37','camera','Sony','Model 7','1.7');
INSERT INTO Observer VALUES ('105','10','glucose monitor','Apple','Model 1','0.6');
INSERT INTO Observer VALUES ('106','99','camera','Sony','Model 5','0.1');
INSERT INTO Observer VALUES ('107','71','camera','Sony','Model 0','0.1');
INSERT INTO Observer VALUES ('108','70','smartphone','Apple','Model 7','11.1');
INSERT INTO Observer VALUES ('109','79','glucose monitor','Google','Model 4','10.7');
INSERT INTO Observer VALUES ('110','59','camera','Sony','Model 7','9.7');
INSERT INTO Observer VALUES ('111','32','smartphone','Apple','Model 1','3.4');
INSERT INTO Observer VALUES ('112','49','smartphone','Google','Model 3','10.1');
INSERT INTO Observer VALUES ('113','42','glucose monitor','Microsoft','Model 6','8.5');
INSERT INTO Observer VALUES ('114','67','glucose monitor','Apple','Model 3','9.1');
INSERT INTO Observer VALUES ('115','76','glucose monitor','Google','Model 5','7.6');
INSERT INTO Observer VALUES ('116','14','camera','Apple','Model 0','5.2');
INSERT INTO Observer VALUES ('117','15','glucose monitor','Microsoft','Model 3','10.4');
INSERT INTO Observer VALUES ('118','80','camera','Microsoft','Model 3','10.1');
INSERT INTO Observer VALUES ('119','13','smartwatch','Microsoft','Model 8','0.3');
INSERT INTO Observer VALUES ('120','95','camera','Microsoft','Model 9','10.5');
INSERT INTO Observer VALUES ('121','5','smartwatch','Apple','Model 8','10.9');
INSERT INTO Observer VALUES ('122','80','smartwatch','Microsoft','Model 2','5.2');
INSERT INTO Observer VALUES ('123','1','camera','Sony','Model 2','11.7');
INSERT INTO Observer VALUES ('124','56','smartphone','Apple','Model 7','10.7');
INSERT INTO Observer VALUES ('125','85','smartphone','Sony','Model 0','5.4');
INSERT INTO Observer VALUES ('126','1','glucose monitor','Sony','Model 9','11.8');
INSERT INTO Observer VALUES ('127','75','smartwatch','Microsoft','Model 2','7.2');
INSERT INTO Observer VALUES ('128','94','glucose monitor','Microsoft','Model 6','1.9');
INSERT INTO Observer VALUES ('129','12','glucose monitor','Apple','Model 0','12.6');
INSERT INTO Observer VALUES ('130','11','smartphone','Google','Model 3','1.1');
INSERT INTO Observer VALUES ('131','53','smartphone','Sony','Model 3','1.7');
INSERT INTO Observer VALUES ('132','60','smartwatch','Sony','Model 4','5.6');
INSERT INTO Observer VALUES ('133','29','smartphone','Sony','Model 8','4.2');
INSERT INTO Observer VALUES ('134','61','smartphone','Apple','Model 4','10.7');
INSERT INTO Observer VALUES ('135','61','camera','Apple','Model 3','9.7');
INSERT INTO Observer VALUES ('136','41','smartphone','Apple','Model 7','3.3');
INSERT INTO Observer VALUES ('137','60','glucose monitor','Sony','Model 6','6.1');
INSERT INTO Observer VALUES ('138','73','smartphone','Apple','Model 8','7.2');
INSERT INTO Observer VALUES ('139','14','glucose monitor','Apple','Model 6','5.3');
INSERT INTO Observer VALUES ('140','42','camera','Apple','Model 6','1.3');
INSERT INTO Observer VALUES ('141','61','glucose monitor','Apple','Model 0','10.4');
INSERT INTO Observer VALUES ('142','51','glucose monitor','Microsoft','Model 1','11.2');
INSERT INTO Observer VALUES ('143','98','smartwatch','Sony','Model 7','4.8');
INSERT INTO Observer VALUES ('144','51','smartwatch','Google','Model 6','11.5');
INSERT INTO Observer VALUES ('145','75','camera','Apple','Model 0','6.1');
INSERT INTO Observer VALUES ('146','93','glucose monitor','Microsoft','Model 6','1.2');
INSERT INTO Observer VALUES ('147','56','camera','Google','Model 6','2.4');
INSERT INTO Observer VALUES ('148','53','camera','Google','Model 0','1.6');
INSERT INTO Observer VALUES ('149','93','camera','Microsoft','Model 5','7.5');
INSERT INTO Observer VALUES ('150','70','camera','Google','Model 1','10.1');
INSERT INTO Observer VALUES ('151','13','glucose monitor','Google','Model 8','4.4');
INSERT INTO Observer VALUES ('152','43','smartwatch','Google','Model 3','5.7');
INSERT INTO Observer VALUES ('153','54','smartphone','Sony','Model 4','1.2');
INSERT INTO Observer VALUES ('154','8','smartwatch','Microsoft','Model 7','1.6');
INSERT INTO Observer VALUES ('155','84','smartphone','Google','Model 1','11.4');
INSERT INTO Observer VALUES ('156','20','glucose monitor','Sony','Model 6','8.5');
INSERT INTO Observer VALUES ('157','27','smartwatch','Sony','Model 0','1.2');
INSERT INTO Observer VALUES ('158','63','smartphone','Apple','Model 9','9.2');
INSERT INTO Observer VALUES ('159','98','camera','Apple','Model 8','12.8');
INSERT INTO Observer VALUES ('160','43','smartphone','Apple','Model 9','5.2');
INSERT INTO Observer VALUES ('161','38','camera','Microsoft','Model 5','5.8');
INSERT INTO Observer VALUES ('162','63','camera','Google','Model 3','10.6');
INSERT INTO Observer VALUES ('163','76','camera','Microsoft','Model 1','11.8');
INSERT INTO Observer VALUES ('164','75','smartwatch','Google','Model 0','12.5');
INSERT INTO Observer VALUES ('165','60','smartphone','Apple','Model 9','3.4');
INSERT INTO Observer VALUES ('166','35','camera','Apple','Model 3','1.6');
INSERT INTO Observer VALUES ('167','27','smartphone','Apple','Model 3','11.9');
INSERT INTO Observer VALUES ('168','89','camera','Google','Model 9','6.3');
INSERT INTO Observer VALUES ('169','97','smartwatch','Google','Model 4','5.4');
INSERT INTO Observer VALUES ('170','76','camera','Apple','Model 3','2.3');
INSERT INTO Observer VALUES ('171','72','camera','Microsoft','Model 4','4.6');
INSERT INTO Observer VALUES ('172','46','glucose monitor','Google','Model 1','5.1');
INSERT INTO Observer VALUES ('173','44','smartwatch','Sony','Model 0','7.5');
INSERT INTO Observer VALUES ('174','96','smartwatch','Microsoft','Model 6','5.4');
INSERT INTO Observer VALUES ('175','75','smartwatch','Google','Model 2','6.5');
INSERT INTO Observer VALUES ('176','100','camera','Apple','Model 2','7.6');
INSERT INTO Observer VALUES ('177','60','glucose monitor','Apple','Model 4','1.4');
INSERT INTO Observer VALUES ('178','28','glucose monitor','Apple','Model 9','12.9');
INSERT INTO Observer VALUES ('179','63','glucose monitor','Google','Model 0','5.9');
INSERT INTO Observer VALUES ('180','51','camera','Sony','Model 7','3.4');
INSERT INTO Observer VALUES ('181','85','camera','Google','Model 6','4.7');
INSERT INTO Observer VALUES ('182','88','smartphone','Sony','Model 9','1.5');
INSERT INTO Observer VALUES ('183','94','glucose monitor','Sony','Model 5','3.4');
INSERT INTO Observer VALUES ('184','63','camera','Apple','Model 4','1.9');
INSERT INTO Observer VALUES ('185','38','smartwatch','Sony','Model 8','10.3');
INSERT INTO Observer VALUES ('186','12','camera','Google','Model 6','6.6');
INSERT INTO Observer VALUES ('187','21','camera','Sony','Model 0','12.3');
INSERT INTO Observer VALUES ('188','30','glucose monitor','Apple','Model 6','10.7');
INSERT INTO Observer VALUES ('189','87','glucose monitor','Google','Model 7','1.3');
INSERT INTO Observer VALUES ('190','10','glucose monitor','Microsoft','Model 9','1.4');
INSERT INTO Observer VALUES ('191','84','smartwatch','Microsoft','Model 1','9.2');
INSERT INTO Observer VALUES ('192','45','smartwatch','Sony','Model 4','2.9');
INSERT INTO Observer VALUES ('193','50','glucose monitor','Google','Model 8','4.2');
INSERT INTO Observer VALUES ('194','58','smartwatch','Apple','Model 5','7.9');
INSERT INTO Observer VALUES ('195','10','smartwatch','Google','Model 5','7.9');
INSERT INTO Observer VALUES ('196','25','camera','Apple','Model 8','1.7');
INSERT INTO Observer VALUES ('197','12','camera','Apple','Model 7','6.5');
INSERT INTO Observer VALUES ('198','73','camera','Google','Model 9','5.6');
INSERT INTO Observer VALUES ('199','23','glucose monitor','Apple','Model 0','11.9');
INSERT INTO Observer VALUES ('200','28','glucose monitor','Google','Model 9','0.3');
INSERT INTO Event VALUES ('1','35','volleyball','2019-03-10 16:33:17',null,'Joshuaton');
INSERT INTO Event VALUES ('2','59','jet skiing','2019-04-14 17:30:55','2019-04-14 18:27:23',null);
INSERT INTO Event VALUES ('3','47','discouraged','2019-04-30 21:30:08',null,null);
INSERT INTO Event VALUES ('4','42','wrestling','2019-04-26 19:39:41','2019-04-26 20:30:38',null);
INSERT INTO Event VALUES ('5','76','disappointed','2019-04-25 05:03:12',null,null);
INSERT INTO Event VALUES ('6','84','tai chi','2019-03-25 15:53:23',null,'North Rosendo');
INSERT INTO Event VALUES ('7','25','frustrated','2019-04-03 16:44:28','2019-04-03 16:46:55','Fritschview');
INSERT INTO Event VALUES ('8','100','content','2019-04-07 08:04:25',null,'Leroyside');
INSERT INTO Event VALUES ('9','10','disappointed','2019-03-04 04:03:50',null,null);
INSERT INTO Event VALUES ('10','17','motivated','2019-03-02 20:53:41',null,null);
INSERT INTO Event VALUES ('11','1','eating','2019-04-29 14:01:46',null,'East Robbynchester');
INSERT INTO Event VALUES ('12','49','rafting','2019-04-08 21:16:03','2019-04-08 21:44:57',null);
INSERT INTO Event VALUES ('13','55','tai chi','2019-03-26 19:02:08',null,'North Jacquesland');
INSERT INTO Event VALUES ('14','5','angry','2019-03-24 03:40:34','2019-03-24 04:28:14',null);
INSERT INTO Event VALUES ('15','47','guilty','2019-03-06 05:10:59','2019-03-06 05:29:20',null);
INSERT INTO Event VALUES ('16','3','guilty','2019-03-26 19:04:36','2019-03-26 19:24:19','Port Lashell');
INSERT INTO Event VALUES ('17','36','joyful','2019-04-19 16:43:58',null,null);
INSERT INTO Event VALUES ('18','83','ice hockey','2019-03-10 03:28:57','2019-03-10 03:56:24',null);
INSERT INTO Event VALUES ('19','46','walking','2019-04-16 03:54:20','2019-04-16 04:17:08','Kristelborough');
INSERT INTO Event VALUES ('20','64','discouraged','2019-04-26 21:05:56','2019-04-26 21:48:41',null);
INSERT INTO Event VALUES ('21','52','depressed','2019-03-20 20:06:21',null,'East Audreabury');
INSERT INTO Event VALUES ('22','66','excited','2019-04-28 12:56:44',null,null);
INSERT INTO Event VALUES ('23','65','meditating','2019-03-17 12:56:00',null,null);
INSERT INTO Event VALUES ('24','86','sailing','2019-03-02 08:23:57',null,null);
INSERT INTO Event VALUES ('25','85','agitated','2019-03-28 02:46:41','2019-03-28 03:22:48',null);
INSERT INTO Event VALUES ('26','41','football','2019-04-11 08:50:56',null,null);
INSERT INTO Event VALUES ('27','52','camping','2019-03-05 04:48:44',null,null);
INSERT INTO Event VALUES ('28','42','basketball','2019-03-06 10:25:25',null,null);
INSERT INTO Event VALUES ('29','76','soccer','2019-04-11 05:34:22','2019-04-11 05:41:13','North Jillianbury');
INSERT INTO Event VALUES ('30','87','hiking','2019-04-27 14:16:34','2019-04-27 14:44:37','Lake Johnie');
INSERT INTO Event VALUES ('31','25','partying','2019-04-26 04:35:11',null,'Murphyfort');
INSERT INTO Event VALUES ('32','98','journal','2019-03-21 20:40:21','2019-03-21 21:24:34',null);
INSERT INTO Event VALUES ('33','29','journal','2019-03-14 13:15:00','2019-03-14 13:32:27','East Alexander');
INSERT INTO Event VALUES ('34','71','fishing','2019-03-13 16:30:04','2019-03-13 17:06:26','Tremblayport');
INSERT INTO Event VALUES ('35','85','guilty','2019-03-19 03:05:21',null,null);
INSERT INTO Event VALUES ('36','29','enthusiastic','2019-04-21 23:03:16',null,null);
INSERT INTO Event VALUES ('37','94','meeting','2019-04-18 02:34:32',null,null);
INSERT INTO Event VALUES ('38','100','motivated','2019-03-16 11:18:57','2019-03-16 11:56:45',null);
INSERT INTO Event VALUES ('39','54','golfing','2019-03-30 04:42:28',null,null);
INSERT INTO Event VALUES ('40','91','exercising','2019-03-02 19:06:29',null,'Koelpinton');
INSERT INTO Event VALUES ('41','20','movies','2019-03-24 02:13:17',null,'West Dortheatown');
INSERT INTO Event VALUES ('42','32','depressed','2019-03-05 12:25:15','2019-03-05 12:57:11','West Fidelia');
INSERT INTO Event VALUES ('43','64','television','2019-03-27 04:10:13',null,'West Nathanael');
INSERT INTO Event VALUES ('44','47','exercising','2019-03-21 11:10:27',null,'Beatriceberg');
INSERT INTO Event VALUES ('45','30','snorkeling','2019-03-12 14:57:02','2019-03-12 15:54:49','Robertstown');
INSERT INTO Event VALUES ('46','17','fearful','2019-04-07 14:10:38','2019-04-07 15:06:32',null);
INSERT INTO Event VALUES ('47','56','golfing','2019-03-08 08:43:57','2019-03-08 09:07:56','North Yong');
INSERT INTO Event VALUES ('48','13','jet skiing','2019-04-28 17:20:42','2019-04-28 18:09:49','East Christopher');
INSERT INTO Event VALUES ('49','83','excited','2019-03-08 02:28:57',null,null);
INSERT INTO Event VALUES ('50','24','jet skiing','2019-04-22 08:58:22',null,null);
INSERT INTO Event VALUES ('51','51','camping','2019-03-14 15:13:56','2019-03-14 15:17:31',null);
INSERT INTO Event VALUES ('52','6','camping','2019-04-18 17:41:13',null,null);
INSERT INTO Event VALUES ('53','33','snorkeling','2019-04-12 07:36:24','2019-04-12 07:37:13','West Rodolfo');
INSERT INTO Event VALUES ('54','63','relaxed','2019-04-26 00:16:35',null,null);
INSERT INTO Event VALUES ('55','66','fearful','2019-03-16 18:49:46','2019-03-16 19:33:46',null);
INSERT INTO Event VALUES ('56','44','bowling','2019-03-13 21:32:36',null,'East Marcusbury');
INSERT INTO Event VALUES ('57','84','health alert','2019-03-03 05:28:09','2019-03-03 06:14:26',null);
INSERT INTO Event VALUES ('58','62','frustrated','2019-03-26 15:47:21','2019-03-26 16:36:25',null);
INSERT INTO Event VALUES ('59','59','snorkeling','2019-04-28 16:10:37','2019-04-28 17:07:32',null);
INSERT INTO Event VALUES ('60','24','agitated','2019-03-22 12:00:35',null,null);
INSERT INTO Event VALUES ('61','37','walking','2019-04-27 17:39:26',null,null);
INSERT INTO Event VALUES ('62','92','meditating','2019-04-15 23:44:59','2019-04-16 00:39:54',null);
INSERT INTO Event VALUES ('63','84','tennis','2019-04-02 01:57:42','2019-04-02 02:33:21','Stoltenbergfurt');
INSERT INTO Event VALUES ('64','36','relaxed','2019-04-27 21:12:40',null,'Lashawndashire');
INSERT INTO Event VALUES ('65','65','meeting','2019-03-29 18:44:51','2019-03-29 18:57:11','Lake Dannie');
INSERT INTO Event VALUES ('66','25','frustrated','2019-03-19 20:58:51','2019-03-19 21:53:16',null);
INSERT INTO Event VALUES ('67','73','soccer','2019-03-22 17:24:13',null,'Jaynestad');
INSERT INTO Event VALUES ('68','15','stretching','2019-04-27 10:34:34',null,'Port Flor');
INSERT INTO Event VALUES ('69','78','meeting','2019-03-07 22:31:46','2019-03-07 23:27:43',null);
INSERT INTO Event VALUES ('70','73','euphoric','2019-04-10 17:00:23','2019-04-10 17:15:00','New Luvenia');
INSERT INTO Event VALUES ('71','51','depressed','2019-04-14 22:51:03',null,null);
INSERT INTO Event VALUES ('72','30','tennis','2019-04-02 09:15:03',null,'Ileneland');
INSERT INTO Event VALUES ('73','44','sleeping','2019-03-26 15:20:39','2019-03-26 16:12:13',null);
INSERT INTO Event VALUES ('74','7','camping','2019-04-30 16:23:13','2019-04-30 17:01:25','South Edyth');
INSERT INTO Event VALUES ('75','99','swimming','2019-03-02 11:14:24',null,'West Clarethamouth');
INSERT INTO Event VALUES ('76','97','inspired','2019-04-13 09:52:38',null,'Lake Delois');
INSERT INTO Event VALUES ('77','28','working','2019-03-18 02:37:41','2019-03-18 02:48:26',null);
INSERT INTO Event VALUES ('78','67','health alert','2019-04-24 18:02:58',null,null);
INSERT INTO Event VALUES ('79','29','walking','2019-04-20 02:36:06',null,null);
INSERT INTO Event VALUES ('80','43','rafting','2019-03-31 02:06:36','2019-03-31 02:57:07','Artiefurt');
INSERT INTO Event VALUES ('81','87','camping','2019-03-04 23:56:45','2019-03-05 00:21:07','New Ashleyberg');
INSERT INTO Event VALUES ('82','62','scuba diving','2019-04-19 04:11:07','2019-04-19 04:45:26','Koeppborough');
INSERT INTO Event VALUES ('83','83','sleeping','2019-03-02 17:14:28',null,null);
INSERT INTO Event VALUES ('84','25','canoeing','2019-03-05 10:10:30',null,'West Marsha');
INSERT INTO Event VALUES ('85','39','working','2019-03-11 00:51:44','2019-03-11 01:18:41','Hermannfort');
INSERT INTO Event VALUES ('86','72','emailing','2019-04-09 23:02:49',null,null);
INSERT INTO Event VALUES ('87','25','archery','2019-04-02 00:35:34','2019-04-02 00:40:47','Boehmshire');
INSERT INTO Event VALUES ('88','27','disappointed','2019-04-14 10:54:27','2019-04-14 11:08:49',null);
INSERT INTO Event VALUES ('89','42','surfing','2019-03-05 23:30:05',null,'Louisshire');
INSERT INTO Event VALUES ('90','36','wrestling','2019-03-24 02:04:55',null,'Boscoview');
INSERT INTO Event VALUES ('91','63','swimming','2019-04-28 15:40:14','2019-04-28 15:41:43',null);
INSERT INTO Event VALUES ('92','87','journal','2019-03-31 03:03:49',null,null);
INSERT INTO Event VALUES ('93','83','happy','2019-04-14 03:20:51',null,'Davischester');
INSERT INTO Event VALUES ('94','4','dancing','2019-04-07 10:13:47',null,'West Clement');
INSERT INTO Event VALUES ('95','93','dancing','2019-03-24 11:32:08',null,'South Dottietown');
INSERT INTO Event VALUES ('96','45','angry','2019-03-14 18:34:39',null,'Port Lylafurt');
INSERT INTO Event VALUES ('97','37','camping','2019-04-24 06:29:40','2019-04-24 06:59:10',null);
INSERT INTO Event VALUES ('98','19','dancing','2019-03-04 17:17:06',null,null);
INSERT INTO Event VALUES ('99','5','anxious','2019-04-30 18:46:15','2019-04-30 19:31:17','Hettingerberg');
INSERT INTO Event VALUES ('100','55','guilty','2019-03-09 07:59:56',null,'West Robinberg');
INSERT INTO Event VALUES ('101','2','emailing','2019-04-02 18:09:26','2019-04-02 18:38:31','West Reid');
INSERT INTO Event VALUES ('102','24','tennis','2019-04-01 16:05:54',null,null);
INSERT INTO Event VALUES ('103','80','captivated','2019-04-13 15:52:34',null,null);
INSERT INTO Event VALUES ('104','89','wrestling','2019-03-12 00:16:37',null,'New Roseannefort');
INSERT INTO Event VALUES ('105','53','anxious','2019-03-11 22:17:43','2019-03-11 22:36:18','Watersport');
INSERT INTO Event VALUES ('106','4','ice hockey','2019-03-09 16:21:28',null,null);
INSERT INTO Event VALUES ('107','94','dancing','2019-04-20 18:36:04','2019-04-20 18:48:35','Grahammouth');
INSERT INTO Event VALUES ('108','1','ice hockey','2019-04-23 08:37:11',null,null);
INSERT INTO Event VALUES ('109','69','surfing','2019-04-14 22:35:03','2019-04-14 23:19:51','Hammesfort');
INSERT INTO Event VALUES ('110','77','euphoric','2019-03-17 00:47:02','2019-03-17 00:49:26',null);
INSERT INTO Event VALUES ('111','60','camping','2019-04-09 03:16:40',null,null);
INSERT INTO Event VALUES ('112','11','disappointed','2019-03-26 22:19:45',null,null);
INSERT INTO Event VALUES ('113','38','swimming','2019-03-20 12:24:28',null,'North Kaseyfort');
INSERT INTO Event VALUES ('114','48','eating','2019-03-06 15:18:19',null,null);
INSERT INTO Event VALUES ('115','68','health alert','2019-03-20 22:20:03',null,'Townehaven');
INSERT INTO Event VALUES ('116','73','amused','2019-03-11 02:57:38',null,null);
INSERT INTO Event VALUES ('117','74','angry','2019-03-25 06:44:54','2019-03-25 07:04:38',null);
INSERT INTO Event VALUES ('118','47','discouraged','2019-04-28 08:06:37',null,null);
INSERT INTO Event VALUES ('119','70','agitated','2019-03-15 20:37:11',null,'Lake Rena');
INSERT INTO Event VALUES ('120','39','hiking','2019-03-01 01:17:04',null,null);
INSERT INTO Event VALUES ('121','89','partying','2019-04-04 09:25:30',null,null);
INSERT INTO Event VALUES ('122','75','canoeing','2019-04-28 21:27:15','2019-04-28 21:57:56',null);
INSERT INTO Event VALUES ('123','37','stressed','2019-03-20 10:43:07','2019-03-20 11:01:43','Kathernton');
INSERT INTO Event VALUES ('124','67','sailing','2019-03-28 04:58:23','2019-03-28 05:53:37','East Miyokostad');
INSERT INTO Event VALUES ('125','76','happy','2019-03-15 18:29:04','2019-03-15 19:17:00','Jewellport');
INSERT INTO Event VALUES ('126','29','frustrated','2019-04-17 17:58:29',null,null);
INSERT INTO Event VALUES ('127','6','working','2019-03-04 15:01:39',null,null);
INSERT INTO Event VALUES ('128','49','baseball','2019-04-13 21:01:56','2019-04-13 21:11:52','Mosciskiview');
INSERT INTO Event VALUES ('129','34','frustrated','2019-04-19 20:42:43','2019-04-19 21:37:05',null);
INSERT INTO Event VALUES ('130','54','sleeping','2019-03-01 21:13:58','2019-03-01 21:23:42',null);
INSERT INTO Event VALUES ('131','3','ice skating','2019-03-06 07:01:24','2019-03-06 07:36:11','Rutherfordborough');
INSERT INTO Event VALUES ('132','75','bowling','2019-03-24 08:40:48','2019-03-24 09:35:17',null);
INSERT INTO Event VALUES ('133','34','dancing','2019-04-20 02:12:05','2019-04-20 02:30:16',null);
INSERT INTO Event VALUES ('134','63','journal','2019-03-13 04:49:09','2019-03-13 05:38:32',null);
INSERT INTO Event VALUES ('135','81','kayaking','2019-04-07 06:55:02','2019-04-07 07:33:28',null);
INSERT INTO Event VALUES ('136','93','baseball','2019-03-01 20:59:05',null,'South Randallfort');
INSERT INTO Event VALUES ('137','82','surfing','2019-04-01 02:24:27','2019-04-01 03:07:18','North Raymond');
INSERT INTO Event VALUES ('138','33','captivated','2019-03-07 15:27:16','2019-03-07 16:15:16','Lake Reikomouth');
INSERT INTO Event VALUES ('139','66','yoga','2019-04-17 06:13:55','2019-04-17 06:40:31','Ervinmouth');
INSERT INTO Event VALUES ('140','53','wrestling','2019-03-13 06:19:32',null,null);
INSERT INTO Event VALUES ('141','36','frustrated','2019-03-07 01:48:07','2019-03-07 02:17:39',null);
INSERT INTO Event VALUES ('142','17','jet skiing','2019-04-14 03:36:58',null,'Sawayntown');
INSERT INTO Event VALUES ('143','88','golfing','2019-04-18 07:37:57','2019-04-18 07:57:18',null);
INSERT INTO Event VALUES ('144','10','eating','2019-04-02 15:14:31','2019-04-02 15:39:44',null);
INSERT INTO Event VALUES ('145','65','canoeing','2019-03-13 07:28:29',null,'Donside');
INSERT INTO Event VALUES ('146','32','tennis','2019-03-02 07:14:44','2019-03-02 07:34:20',null);
INSERT INTO Event VALUES ('147','38','surfing','2019-04-15 12:49:36','2019-04-15 12:52:08','Port Conniebury');
INSERT INTO Event VALUES ('148','5','stretching','2019-04-02 08:39:14','2019-04-02 08:51:11','Bauchview');
INSERT INTO Event VALUES ('149','60','ultimate frisbee','2019-03-16 16:35:27',null,null);
INSERT INTO Event VALUES ('150','83','paintball','2019-04-16 13:10:18',null,null);
INSERT INTO Event VALUES ('151','56','bicycling','2019-03-22 04:38:13','2019-03-22 05:29:34','New Demetriabury');
INSERT INTO Event VALUES ('152','62','health alert','2019-03-20 06:27:12',null,'Hegmannton');
INSERT INTO Event VALUES ('153','90','rafting','2019-03-17 03:32:28','2019-03-17 04:31:24',null);
INSERT INTO Event VALUES ('154','91','depressed','2019-04-24 20:13:01',null,'Mrazfurt');
INSERT INTO Event VALUES ('155','99','scuba diving','2019-03-28 07:45:32',null,'West Nigel');
INSERT INTO Event VALUES ('156','98','scuba diving','2019-03-03 21:39:23',null,null);
INSERT INTO Event VALUES ('157','67','journal','2019-03-22 20:32:18',null,'Coyfurt');
INSERT INTO Event VALUES ('158','81','relaxed','2019-04-28 18:45:00','2019-04-28 18:59:40',null);
INSERT INTO Event VALUES ('159','50','exercising','2019-03-16 22:50:58','2019-03-16 23:21:01','Coralton');
INSERT INTO Event VALUES ('160','20','frustrated','2019-04-09 03:59:30','2019-04-09 04:26:21','West Trinidad');
INSERT INTO Event VALUES ('161','65','golfing','2019-04-23 08:18:40',null,'Orlandoton');
INSERT INTO Event VALUES ('162','6','golfing','2019-03-17 05:46:29','2019-03-17 06:08:46',null);
INSERT INTO Event VALUES ('163','81','kayaking','2019-04-19 10:51:22',null,null);
INSERT INTO Event VALUES ('164','58','soccer','2019-04-16 08:41:19','2019-04-16 09:22:39',null);
INSERT INTO Event VALUES ('165','62','archery','2019-04-14 10:52:16',null,'Port Elviebury');
INSERT INTO Event VALUES ('166','99','agitated','2019-03-26 07:40:07','2019-03-26 08:20:38',null);
INSERT INTO Event VALUES ('167','6','health alert','2019-03-09 03:58:37','2019-03-09 04:55:58','New Colbyside');
INSERT INTO Event VALUES ('168','91','joyful','2019-03-12 04:13:19','2019-03-12 04:26:16',null);
INSERT INTO Event VALUES ('169','5','yoga','2019-03-14 16:53:31','2019-03-14 17:32:51',null);
INSERT INTO Event VALUES ('170','33','yoga','2019-03-22 19:15:47',null,'New Treyshire');
INSERT INTO Event VALUES ('171','98','agitated','2019-04-16 05:48:02',null,'Lake Reubenport');
INSERT INTO Event VALUES ('172','35','stressed','2019-03-10 15:01:23',null,null);
INSERT INTO Event VALUES ('173','73','bicycling','2019-03-15 16:17:09',null,null);
INSERT INTO Event VALUES ('174','68','motivated','2019-03-17 14:05:12',null,null);
INSERT INTO Event VALUES ('175','69','running','2019-04-02 11:55:21',null,null);
INSERT INTO Event VALUES ('176','85','journal','2019-03-14 09:46:29',null,'Syreetafurt');
INSERT INTO Event VALUES ('177','58','disappointed','2019-03-13 11:15:31',null,'Lake Lesa');
INSERT INTO Event VALUES ('178','37','canoeing','2019-04-07 20:45:34',null,'Wallacestad');
INSERT INTO Event VALUES ('179','45','bowling','2019-03-05 02:08:27','2019-03-05 02:46:11',null);
INSERT INTO Event VALUES ('180','63','yoga','2019-04-07 22:37:25',null,'Fritzside');
INSERT INTO Event VALUES ('181','99','partying','2019-04-05 13:57:28','2019-04-05 14:04:51','Feilshire');
INSERT INTO Event VALUES ('182','66','tai chi','2019-04-26 04:49:22','2019-04-26 05:42:23',null);
INSERT INTO Event VALUES ('183','17','sad','2019-03-14 11:19:21',null,'West Santos');
INSERT INTO Event VALUES ('184','42','tennis','2019-03-28 09:48:12','2019-03-28 10:18:36',null);
INSERT INTO Event VALUES ('185','75','fishing','2019-04-11 07:32:39','2019-04-11 07:51:01','Laurencestad');
INSERT INTO Event VALUES ('186','4','guilty','2019-04-09 03:51:04',null,null);
INSERT INTO Event VALUES ('187','6','scuba diving','2019-03-10 16:24:57','2019-03-10 16:52:10','Blairton');
INSERT INTO Event VALUES ('188','90','discouraged','2019-04-15 00:20:18','2019-04-15 01:15:45',null);
INSERT INTO Event VALUES ('189','62','jet skiing','2019-04-24 14:20:03',null,null);
INSERT INTO Event VALUES ('190','80','rafting','2019-03-08 22:31:28',null,null);
INSERT INTO Event VALUES ('191','28','meeting','2019-03-30 10:00:06',null,'West Sam');
INSERT INTO Event VALUES ('192','36','anxious','2019-03-05 00:48:20',null,'Wmton');
INSERT INTO Event VALUES ('193','2','rock climbing','2019-03-23 17:55:33',null,null);
INSERT INTO Event VALUES ('194','51','running','2019-04-09 18:00:34',null,null);
INSERT INTO Event VALUES ('195','97','disappointed','2019-04-30 16:07:35','2019-04-30 16:46:01','West Joeyburgh');
INSERT INTO Event VALUES ('196','50','discouraged','2019-04-24 14:50:00','2019-04-24 15:42:05',null);
INSERT INTO Event VALUES ('197','54','rafting','2019-04-09 03:44:34','2019-04-09 04:09:03',null);
INSERT INTO Event VALUES ('198','41','tennis','2019-04-03 04:01:26',null,'Dickinsonbury');
INSERT INTO Event VALUES ('199','84','agitated','2019-03-24 17:10:51','2019-03-24 17:57:26',null);
INSERT INTO Event VALUES ('200','21','partying','2019-03-17 16:51:08',null,null);
INSERT INTO Observation VALUES ('1','54','2019-03-01 00:00:00','2019-03-01 00:01:35');
INSERT INTO PHLG_obs VALUES ('1','Today I swam.');
INSERT INTO Observation VALUES ('2','67','2019-03-01 00:30:00',null);
INSERT INTO PHLG_obs VALUES ('2','Today I ate peaches.');
INSERT INTO Observation VALUES ('3','115','2019-03-01 01:00:00','2019-03-01 01:01:49');
INSERT INTO PHLG_obs VALUES ('3','Today I ate sausage.');
INSERT INTO Observation VALUES ('4','106','2019-03-01 01:30:00','2019-03-01 01:30:00');
INSERT INTO PHLG_obs VALUES ('4','I feel extremely chivalrous today. On a scale from 1 to 10 I am a 8.');
INSERT INTO Observation VALUES ('5','2','2019-03-01 02:00:00',null);
INSERT INTO PHLG_obs VALUES ('5','Today I played ice hockey.');
INSERT INTO Observation VALUES ('6','100','2019-03-01 02:30:00','2019-03-01 02:31:40');
INSERT INTO PHLG_obs VALUES ('6','I feel very inspired today. On a scale from 1 to 10 I am a 9.');
INSERT INTO Observation VALUES ('7','113','2019-03-01 03:00:00',null);
INSERT INTO PHLG_obs VALUES ('7','I feel extremely disappointed this morning. On a scale from 1 to 10 I am a 3.');
INSERT INTO Observation VALUES ('8','6','2019-03-01 03:30:00','2019-03-01 03:30:35');
INSERT INTO PHLG_obs VALUES ('8','Today I played football.');
INSERT INTO Observation VALUES ('9','106','2019-03-01 04:00:00',null);
INSERT INTO PHLG_obs VALUES ('9','Today I ate mac and cheese.');
INSERT INTO Observation VALUES ('10','112','2019-03-01 04:30:00','2019-03-01 04:30:10');
INSERT INTO PHLG_obs VALUES ('10','Today I ate lamb chops.');
INSERT INTO Observation VALUES ('11','4','2019-03-01 05:00:00','2019-03-01 05:01:53');
INSERT INTO PHLG_obs VALUES ('11','Today I ate crepes.');
INSERT INTO Observation VALUES ('12','112','2019-03-01 05:30:00',null);
INSERT INTO PHLG_obs VALUES ('12','Today I ate ribs.');
INSERT INTO Observation VALUES ('13','17','2019-03-01 06:00:00',null);
INSERT INTO PHLG_obs VALUES ('13','Today I ate meatballs.');
INSERT INTO Observation VALUES ('14','18','2019-03-01 06:30:00',null);
INSERT INTO PHLG_obs VALUES ('14','I feel very joyful this afternoon. On a scale from 1 to 10 I am a 9.');
INSERT INTO Observation VALUES ('15','88','2019-03-01 07:00:00',null);
INSERT INTO PHLG_obs VALUES ('15','I feel very inspired this morning. On a scale from 1 to 10 I am a 7.');
INSERT INTO Observation VALUES ('16','49','2019-03-01 07:30:00',null);
INSERT INTO PHLG_obs VALUES ('16','Today I went rafting.');
INSERT INTO Observation VALUES ('17','18','2019-03-01 08:00:00',null);
INSERT INTO PHLG_obs VALUES ('17','Today I used a stationary bike.');
INSERT INTO Observation VALUES ('18','93','2019-03-01 08:30:00','2019-03-01 08:30:43');
INSERT INTO PHLG_obs VALUES ('18','Today I ate pancakes.');
INSERT INTO Observation VALUES ('19','73','2019-03-01 09:00:00','2019-03-01 09:01:33');
INSERT INTO PHLG_obs VALUES ('19','I feel very discouraged this month. On a scale from 1 to 10 I am a 2.');
INSERT INTO Observation VALUES ('20','52','2019-03-01 09:30:00',null);
INSERT INTO PHLG_obs VALUES ('20','Today I ate peaches.');
INSERT INTO Observation VALUES ('21','31','2019-03-01 10:00:00',null);
INSERT INTO PHLG_obs VALUES ('21','Today I ran on treadmill.');
INSERT INTO Observation VALUES ('22','73','2019-03-01 10:30:00',null);
INSERT INTO PHLG_obs VALUES ('22','Today I practiced archery.');
INSERT INTO Observation VALUES ('23','110','2019-03-01 11:00:00','2019-03-01 11:01:48');
INSERT INTO PHLG_obs VALUES ('23','Today I ate apple pie.');
INSERT INTO Observation VALUES ('24','59','2019-03-01 11:30:00','2019-03-01 11:30:07');
INSERT INTO PHLG_obs VALUES ('24','Today I ate kiwi.');
INSERT INTO Observation VALUES ('25','28','2019-03-01 12:00:00','2019-03-01 12:01:21');
INSERT INTO PHLG_obs VALUES ('25','I feel extremely apathetic this morning. On a scale from 1 to 10 I am a 2.');
INSERT INTO Observation VALUES ('26','112','2019-03-01 12:30:00','2019-03-01 12:31:53');
INSERT INTO PHLG_obs VALUES ('26','Today I used a stationary bike.');
INSERT INTO Observation VALUES ('27','50','2019-03-01 13:00:00',null);
INSERT INTO PHLG_obs VALUES ('27','I feel extremely depressed this week. On a scale from 1 to 10 I am a 1.');
INSERT INTO Observation VALUES ('28','66','2019-03-01 13:30:00',null);
INSERT INTO PHLG_obs VALUES ('28','Today I ate turkey.');
INSERT INTO Observation VALUES ('29','90','2019-03-01 14:00:00','2019-03-01 14:01:01');
INSERT INTO PHLG_obs VALUES ('29','I feel very cheerful today. On a scale from 1 to 10 I am a 10.');
INSERT INTO Observation VALUES ('30','4','2019-03-01 14:30:00',null);
INSERT INTO PHLG_obs VALUES ('30','I feel very depressed this month. On a scale from 1 to 10 I am a 1.');
INSERT INTO Observation VALUES ('31','77','2019-03-01 15:00:00',null);
INSERT INTO PHLG_obs VALUES ('31','I feel extremely disappointed this evening. On a scale from 1 to 10 I am a 3.');
INSERT INTO Observation VALUES ('32','68','2019-03-01 15:30:00','2019-03-01 15:31:14');
INSERT INTO PHLG_obs VALUES ('32','Today I ran.');
INSERT INTO Observation VALUES ('33','97','2019-03-01 16:00:00',null);
INSERT INTO PHLG_obs VALUES ('33','I feel very annoyed this week. On a scale from 1 to 10 I am a 3.');
INSERT INTO Observation VALUES ('34','36','2019-03-01 16:30:00',null);
INSERT INTO PHLG_obs VALUES ('34','Today I played soccer.');
INSERT INTO Observation VALUES ('35','108','2019-03-01 17:00:00','2019-03-01 17:01:24');
INSERT INTO PHLG_obs VALUES ('35','I feel extremely angry this evening. On a scale from 1 to 10 I am a 1.');
INSERT INTO Observation VALUES ('36','66','2019-03-01 17:30:00',null);
INSERT INTO PHLG_obs VALUES ('36','I feel very annoyed this morning. On a scale from 1 to 10 I am a 5.');
INSERT INTO Observation VALUES ('37','103','2019-03-01 18:00:00',null);
INSERT INTO PHLG_obs VALUES ('37','I feel extremely frustrated this afternoon. On a scale from 1 to 10 I am a 4.');
INSERT INTO Observation VALUES ('38','62','2019-03-01 18:30:00','2019-03-01 18:31:36');
INSERT INTO PHLG_obs VALUES ('38','Today I did calisthenics exercises.');
INSERT INTO Observation VALUES ('39','110','2019-03-01 19:00:00',null);
INSERT INTO PHLG_obs VALUES ('39','I feel very chivalrous this month. On a scale from 1 to 10 I am a 9.');
INSERT INTO Observation VALUES ('40','51','2019-03-01 19:30:00',null);
INSERT INTO PHLG_obs VALUES ('40','I feel very kind this week. On a scale from 1 to 10 I am a 9.');
INSERT INTO Observation VALUES ('41','8','2019-03-01 20:00:00','2019-03-01 20:01:21');
INSERT INTO PHLG_obs VALUES ('41','Today I ate stuffing.');
INSERT INTO Observation VALUES ('42','107','2019-03-01 20:30:00','2019-03-01 20:31:56');
INSERT INTO PHLG_obs VALUES ('42','Today I ate gelatin.');
INSERT INTO Observation VALUES ('43','48','2019-03-01 21:00:00',null);
INSERT INTO PHLG_obs VALUES ('43','Today I ate zucchini.');
INSERT INTO Observation VALUES ('44','28','2019-03-01 21:30:00','2019-03-01 21:30:52');
INSERT INTO PHLG_obs VALUES ('44','Today I ate chicken tenders.');
INSERT INTO Observation VALUES ('45','9','2019-03-01 22:00:00',null);
INSERT INTO PHLG_obs VALUES ('45','I feel very depressed today. On a scale from 1 to 10 I am a 5.');
INSERT INTO Observation VALUES ('46','75','2019-03-01 22:30:00','2019-03-01 22:30:16');
INSERT INTO PHLG_obs VALUES ('46','I feel extremely fearful this morning. On a scale from 1 to 10 I am a 4.');
INSERT INTO Observation VALUES ('47','74','2019-03-01 23:00:00','2019-03-01 23:01:18');
INSERT INTO PHLG_obs VALUES ('47','I feel very depressed this morning. On a scale from 1 to 10 I am a 1.');
INSERT INTO Observation VALUES ('48','119','2019-03-01 23:30:00',null);
INSERT INTO PHLG_obs VALUES ('48','I feel very enthusiastic this afternoon. On a scale from 1 to 10 I am a 6.');
INSERT INTO Observation VALUES ('49','73','2019-03-02 00:00:00','2019-03-02 00:01:41');
INSERT INTO PHLG_obs VALUES ('49','I feel very frustrated this month. On a scale from 1 to 10 I am a 1.');
INSERT INTO Observation VALUES ('50','54','2019-03-02 00:30:00',null);
INSERT INTO PHLG_obs VALUES ('50','I feel extremely apathetic this month. On a scale from 1 to 10 I am a 1.');
INSERT INTO Observation VALUES ('51','68','2019-03-02 01:00:00',null);
INSERT INTO PHLG_obs VALUES ('51','Today I practiced gymnastics.');
INSERT INTO Observation VALUES ('52','21','2019-03-02 01:30:00','2019-03-02 01:30:19');
INSERT INTO PHLG_obs VALUES ('52','Today I ate sausage.');
INSERT INTO Observation VALUES ('53','109','2019-03-02 02:00:00','2019-03-02 02:01:49');
INSERT INTO PHLG_obs VALUES ('53','Today I ate apple sause.');
INSERT INTO Observation VALUES ('54','4','2019-03-02 02:30:00','2019-03-02 02:31:15');
INSERT INTO PHLG_obs VALUES ('54','I feel very crafty today. On a scale from 1 to 10 I am a 6.');
INSERT INTO Observation VALUES ('55','40','2019-03-02 03:00:00','2019-03-02 03:00:42');
INSERT INTO PHLG_obs VALUES ('55','I feel extremely apathetic this month. On a scale from 1 to 10 I am a 5.');
INSERT INTO Observation VALUES ('56','56','2019-03-02 03:30:00',null);
INSERT INTO PHLG_obs VALUES ('56','Today I ate eggs.');
INSERT INTO Observation VALUES ('57','111','2019-03-02 04:00:00',null);
INSERT INTO PHLG_obs VALUES ('57','I feel very amused this week. On a scale from 1 to 10 I am a 9.');
INSERT INTO Observation VALUES ('58','52','2019-03-02 04:30:00',null);
INSERT INTO PHLG_obs VALUES ('58','Today I swam.');
INSERT INTO Observation VALUES ('59','74','2019-03-02 05:00:00',null);
INSERT INTO PHLG_obs VALUES ('59','Today I did aerobics.');
INSERT INTO Observation VALUES ('60','119','2019-03-02 05:30:00',null);
INSERT INTO PHLG_obs VALUES ('60','I feel very hopeful this morning. On a scale from 1 to 10 I am a 9.');
INSERT INTO Observation VALUES ('61','17','2019-03-02 06:00:00',null);
INSERT INTO PHLG_obs VALUES ('61','I feel very inspired this month. On a scale from 1 to 10 I am a 9.');
INSERT INTO Observation VALUES ('62','83','2019-03-02 06:30:00','2019-03-02 06:31:50');
INSERT INTO PHLG_obs VALUES ('62','Today I ate blueberries.');
INSERT INTO Observation VALUES ('63','56','2019-03-02 07:00:00',null);
INSERT INTO PHLG_obs VALUES ('63','Today I ate ribs.');
INSERT INTO Observation VALUES ('64','11','2019-03-02 07:30:00',null);
INSERT INTO PHLG_obs VALUES ('64','Today I went surfing.');
INSERT INTO Observation VALUES ('65','118','2019-03-02 08:00:00',null);
INSERT INTO PHLG_obs VALUES ('65','I feel very discouraged today. On a scale from 1 to 10 I am a 2.');
INSERT INTO Observation VALUES ('66','68','2019-03-02 08:30:00','2019-03-02 08:30:34');
INSERT INTO PHLG_obs VALUES ('66','Today I did aerobics.');
INSERT INTO Observation VALUES ('67','61','2019-03-02 09:00:00',null);
INSERT INTO PHLG_obs VALUES ('67','Today I ate peaches.');
INSERT INTO Observation VALUES ('68','93','2019-03-02 09:30:00','2019-03-02 09:30:24');
INSERT INTO PHLG_obs VALUES ('68','Today I went golfing.');
INSERT INTO Observation VALUES ('69','55','2019-03-02 10:00:00','2019-03-02 10:00:53');
INSERT INTO PHLG_obs VALUES ('69','Today I ate blueberries.');
INSERT INTO Observation VALUES ('70','59','2019-03-02 10:30:00',null);
INSERT INTO PHLG_obs VALUES ('70','Today I went rafting.');
INSERT INTO Observation VALUES ('71','21','2019-03-02 11:00:00','2019-03-02 11:01:55');
INSERT INTO PHLG_obs VALUES ('71','I feel extremely chivalrous this month. On a scale from 1 to 10 I am a 9.');
INSERT INTO Observation VALUES ('72','119','2019-03-02 11:30:00',null);
INSERT INTO PHLG_obs VALUES ('72','Today I ate cookies.');
INSERT INTO Observation VALUES ('73','10','2019-03-02 12:00:00',null);
INSERT INTO PHLG_obs VALUES ('73','Today I ate french toast.');
INSERT INTO Observation VALUES ('74','46','2019-03-02 12:30:00',null);
INSERT INTO PHLG_obs VALUES ('74','I feel extremely fearful this month. On a scale from 1 to 10 I am a 3.');
INSERT INTO Observation VALUES ('75','104','2019-03-02 13:00:00',null);
INSERT INTO PHLG_obs VALUES ('75','Today I played football.');
INSERT INTO Observation VALUES ('76','19','2019-03-02 13:30:00',null);
INSERT INTO PHLG_obs VALUES ('76','I feel extremely sad this week. On a scale from 1 to 10 I am a 1.');
INSERT INTO Observation VALUES ('77','79','2019-03-02 14:00:00','2019-03-02 14:01:31');
INSERT INTO PHLG_obs VALUES ('77','Today I ate fried rice.');
INSERT INTO Observation VALUES ('78','42','2019-03-02 14:30:00',null);
INSERT INTO PHLG_obs VALUES ('78','Today I ate onion rings.');
INSERT INTO Observation VALUES ('79','71','2019-03-02 15:00:00','2019-03-02 15:01:00');
INSERT INTO PHLG_obs VALUES ('79','Today I went camping.');
INSERT INTO Observation VALUES ('80','6','2019-03-02 15:30:00',null);
INSERT INTO PHLG_obs VALUES ('80','Today I practiced yoga.');
INSERT INTO Observation VALUES ('81','81','2019-03-02 16:00:00',null);
INSERT INTO PHLG_obs VALUES ('81','Today I ate mangos.');
INSERT INTO Observation VALUES ('82','42','2019-03-02 16:30:00','2019-03-02 16:30:23');
INSERT INTO PHLG_obs VALUES ('82','Today I ate chocolate cake.');
INSERT INTO Observation VALUES ('83','7','2019-03-02 17:00:00',null);
INSERT INTO PHLG_obs VALUES ('83','I feel very angry today. On a scale from 1 to 10 I am a 5.');
INSERT INTO Observation VALUES ('84','98','2019-03-02 17:30:00','2019-03-02 17:30:35');
INSERT INTO PHLG_obs VALUES ('84','Today I ate tacos.');
INSERT INTO Observation VALUES ('85','40','2019-03-02 18:00:00',null);
INSERT INTO PHLG_obs VALUES ('85','Today I ate biscuits and gravy.');
INSERT INTO Observation VALUES ('86','109','2019-03-02 18:30:00',null);
INSERT INTO PHLG_obs VALUES ('86','Today I ate green beans.');
INSERT INTO Observation VALUES ('87','122','2019-03-02 19:00:00','2019-03-02 19:00:16');
INSERT INTO PHLG_obs VALUES ('87','Today I played paintball.');
INSERT INTO Observation VALUES ('88','61','2019-03-02 19:30:00',null);
INSERT INTO PHLG_obs VALUES ('88','Today I ate mac and cheese.');
INSERT INTO Observation VALUES ('89','31','2019-03-02 20:00:00',null);
INSERT INTO PHLG_obs VALUES ('89','I feel very anxious this evening. On a scale from 1 to 10 I am a 4.');
INSERT INTO Observation VALUES ('90','77','2019-03-02 20:30:00','2019-03-02 20:30:31');
INSERT INTO PHLG_obs VALUES ('90','Today I ate baked potato.');
INSERT INTO Observation VALUES ('91','39','2019-03-02 21:00:00',null);
INSERT INTO PHLG_obs VALUES ('91','I feel extremely guilty this morning. On a scale from 1 to 10 I am a 1.');
INSERT INTO Observation VALUES ('92','30','2019-03-02 21:30:00',null);
INSERT INTO PHLG_obs VALUES ('92','I feel extremely sad today. On a scale from 1 to 10 I am a 5.');
INSERT INTO Observation VALUES ('93','77','2019-03-02 22:00:00','2019-03-02 22:00:12');
INSERT INTO PHLG_obs VALUES ('93','I feel extremely pleasant this evening. On a scale from 1 to 10 I am a 8.');
INSERT INTO Observation VALUES ('94','125','2019-03-02 22:30:00','2019-03-02 22:31:15');
INSERT INTO PHLG_obs VALUES ('94','Today I ate salad.');
INSERT INTO Observation VALUES ('95','7','2019-03-02 23:00:00',null);
INSERT INTO PHLG_obs VALUES ('95','Today I ate carrot cake.');
INSERT INTO Observation VALUES ('96','11','2019-03-02 23:30:00',null);
INSERT INTO PHLG_obs VALUES ('96','Today I ate cookies.');
INSERT INTO Observation VALUES ('97','18','2019-03-03 00:00:00','2019-03-03 00:01:02');
INSERT INTO PHLG_obs VALUES ('97','Today I ate french fries.');
INSERT INTO Observation VALUES ('98','81','2019-03-03 00:30:00',null);
INSERT INTO PHLG_obs VALUES ('98','Today I played baseball.');
INSERT INTO Observation VALUES ('99','41','2019-03-03 01:00:00',null);
INSERT INTO PHLG_obs VALUES ('99','Today I practiced tai chi.');
INSERT INTO Observation VALUES ('100','44','2019-03-03 01:30:00',null);
INSERT INTO PHLG_obs VALUES ('100','Today I went rock climbing.');
INSERT INTO Observation VALUES ('101','101','2019-03-03 02:00:00',null);
INSERT INTO PHLG_obs VALUES ('101','Today I played paintball.');
INSERT INTO Observation VALUES ('102','17','2019-03-03 02:30:00','2019-03-03 02:30:27');
INSERT INTO PHLG_obs VALUES ('102','Today I ate zucchini.');
INSERT INTO Observation VALUES ('103','91','2019-03-03 03:00:00',null);
INSERT INTO PHLG_obs VALUES ('103','I feel extremely angry this evening. On a scale from 1 to 10 I am a 2.');
INSERT INTO Observation VALUES ('104','28','2019-03-03 03:30:00',null);
INSERT INTO PHLG_obs VALUES ('104','I feel extremely confident this week. On a scale from 1 to 10 I am a 10.');
INSERT INTO Observation VALUES ('105','56','2019-03-03 04:00:00','2019-03-03 04:01:33');
INSERT INTO PHLG_obs VALUES ('105','I feel extremely chivalrous this month. On a scale from 1 to 10 I am a 7.');
INSERT INTO Observation VALUES ('106','17','2019-03-03 04:30:00',null);
INSERT INTO PHLG_obs VALUES ('106','I feel extremely cheery this evening. On a scale from 1 to 10 I am a 7.');
INSERT INTO Observation VALUES ('107','75','2019-03-03 05:00:00','2019-03-03 05:00:04');
INSERT INTO PHLG_obs VALUES ('107','Today I played table tennis.');
INSERT INTO Observation VALUES ('108','60','2019-03-03 05:30:00','2019-03-03 05:31:39');
INSERT INTO PHLG_obs VALUES ('108','Today I went jet skiing.');
INSERT INTO Observation VALUES ('109','117','2019-03-03 06:00:00','2019-03-03 06:00:41');
INSERT INTO PHLG_obs VALUES ('109','Today I ate peaches.');
INSERT INTO Observation VALUES ('110','62','2019-03-03 06:30:00',null);
INSERT INTO PHLG_obs VALUES ('110','Today I practiced tai chi.');
INSERT INTO Observation VALUES ('111','19','2019-03-03 07:00:00',null);
INSERT INTO PHLG_obs VALUES ('111','Today I ate zucchini.');
INSERT INTO Observation VALUES ('112','47','2019-03-03 07:30:00','2019-03-03 07:31:45');
INSERT INTO PHLG_obs VALUES ('112','I feel very enthusiastic today. On a scale from 1 to 10 I am a 6.');
INSERT INTO Observation VALUES ('113','60','2019-03-03 08:00:00',null);
INSERT INTO PHLG_obs VALUES ('113','Today I ate nachos.');
INSERT INTO Observation VALUES ('114','25','2019-03-03 08:30:00',null);
INSERT INTO PHLG_obs VALUES ('114','Today I ate bagel.');
INSERT INTO Observation VALUES ('115','40','2019-03-03 09:00:00','2019-03-03 09:00:06');
INSERT INTO PHLG_obs VALUES ('115','Today I stretched.');
INSERT INTO Observation VALUES ('116','112','2019-03-03 09:30:00',null);
INSERT INTO PHLG_obs VALUES ('116','I feel extremely cooperative this week. On a scale from 1 to 10 I am a 10.');
INSERT INTO Observation VALUES ('117','77','2019-03-03 10:00:00','2019-03-03 10:01:06');
INSERT INTO PHLG_obs VALUES ('117','Today I ate roasted chicken and garlic.');
INSERT INTO Observation VALUES ('118','86','2019-03-03 10:30:00','2019-03-03 10:31:12');
INSERT INTO PHLG_obs VALUES ('118','I feel very good this month. On a scale from 1 to 10 I am a 7.');
INSERT INTO Observation VALUES ('119','71','2019-03-03 11:00:00',null);
INSERT INTO PHLG_obs VALUES ('119','Today I ate muffins.');
INSERT INTO Observation VALUES ('120','16','2019-03-03 11:30:00','2019-03-03 11:31:40');
INSERT INTO PHLG_obs VALUES ('120','Today I ate baked potato.');
INSERT INTO Observation VALUES ('121','12','2019-03-03 12:00:00','2019-03-03 12:00:21');
INSERT INTO PHLG_obs VALUES ('121','I feel very euphoric this month. On a scale from 1 to 10 I am a 6.');
INSERT INTO Observation VALUES ('122','117','2019-03-03 12:30:00',null);
INSERT INTO PHLG_obs VALUES ('122','Today I ate ginger bread.');
INSERT INTO Observation VALUES ('123','12','2019-03-03 13:00:00','2019-03-03 13:01:14');
INSERT INTO PHLG_obs VALUES ('123','Today I danced.');
INSERT INTO Observation VALUES ('124','80','2019-03-03 13:30:00',null);
INSERT INTO PHLG_obs VALUES ('124','Today I practiced wrestling.');
INSERT INTO Observation VALUES ('125','49','2019-03-03 14:00:00',null);
INSERT INTO PHLG_obs VALUES ('125','I feel extremely discouraged this week. On a scale from 1 to 10 I am a 1.');
INSERT INTO Observation VALUES ('126','31','2019-03-03 14:30:00','2019-03-03 14:31:49');
INSERT INTO PHLG_obs VALUES ('126','Today I ate sushi.');
INSERT INTO Observation VALUES ('127','60','2019-03-03 15:00:00','2019-03-03 15:01:41');
INSERT INTO PHLG_obs VALUES ('127','Today I used a stationary bike.');
INSERT INTO Observation VALUES ('128','71','2019-03-03 15:30:00',null);
INSERT INTO PHLG_obs VALUES ('128','Today I went rock climbing.');
INSERT INTO Observation VALUES ('129','7','2019-03-03 16:00:00','2019-03-03 16:01:50');
INSERT INTO PHLG_obs VALUES ('129','Today I went trail running.');
INSERT INTO Observation VALUES ('130','108','2019-03-03 16:30:00',null);
INSERT INTO PHLG_obs VALUES ('130','Today I ate mac and cheese.');
INSERT INTO Observation VALUES ('131','59','2019-03-03 17:00:00',null);
INSERT INTO PHLG_obs VALUES ('131','Today I went trail running.');
INSERT INTO Observation VALUES ('132','77','2019-03-03 17:30:00','2019-03-03 17:31:53');
INSERT INTO PHLG_obs VALUES ('132','Today I went trail running.');
INSERT INTO Observation VALUES ('133','109','2019-03-03 18:00:00',null);
INSERT INTO PHLG_obs VALUES ('133','Today I ate tacos.');
INSERT INTO Observation VALUES ('134','59','2019-03-03 18:30:00','2019-03-03 18:30:23');
INSERT INTO PHLG_obs VALUES ('134','Today I ate tomato.');
INSERT INTO Observation VALUES ('135','101','2019-03-03 19:00:00','2019-03-03 19:01:42');
INSERT INTO PHLG_obs VALUES ('135','I feel very angry this evening. On a scale from 1 to 10 I am a 4.');
INSERT INTO Observation VALUES ('136','124','2019-03-03 19:30:00',null);
INSERT INTO PHLG_obs VALUES ('136','Today I ate pulled pork.');
INSERT INTO Observation VALUES ('137','1','2019-03-03 20:00:00',null);
INSERT INTO PHLG_obs VALUES ('137','I feel very sad this evening. On a scale from 1 to 10 I am a 4.');
INSERT INTO Observation VALUES ('138','118','2019-03-03 20:30:00',null);
INSERT INTO PHLG_obs VALUES ('138','Today I went bicycling.');
INSERT INTO Observation VALUES ('139','20','2019-03-03 21:00:00',null);
INSERT INTO PHLG_obs VALUES ('139','I feel extremely annoyed this afternoon. On a scale from 1 to 10 I am a 2.');
INSERT INTO Observation VALUES ('140','6','2019-03-03 21:30:00',null);
INSERT INTO PHLG_obs VALUES ('140','Today I ate sausage.');
INSERT INTO Observation VALUES ('141','107','2019-03-03 22:00:00',null);
INSERT INTO PHLG_obs VALUES ('141','Today I went hiking.');
INSERT INTO Observation VALUES ('142','100','2019-03-03 22:30:00',null);
INSERT INTO PHLG_obs VALUES ('142','I feel extremely prideful today. On a scale from 1 to 10 I am a 10.');
INSERT INTO Observation VALUES ('143','82','2019-03-03 23:00:00',null);
INSERT INTO PHLG_obs VALUES ('143','Today I practiced pilates.');
INSERT INTO Observation VALUES ('144','48','2019-03-03 23:30:00','2019-03-03 23:31:24');
INSERT INTO PHLG_obs VALUES ('144','I feel very anxious this evening. On a scale from 1 to 10 I am a 5.');
INSERT INTO Observation VALUES ('145','28','2019-03-04 00:00:00',null);
INSERT INTO PHLG_obs VALUES ('145','Today I practiced wrestling.');
INSERT INTO Observation VALUES ('146','30','2019-03-04 00:30:00',null);
INSERT INTO PHLG_obs VALUES ('146','Today I used a stationary bike.');
INSERT INTO Observation VALUES ('147','74','2019-03-04 01:00:00','2019-03-04 01:00:05');
INSERT INTO PHLG_obs VALUES ('147','Today I went snorkeling.');
INSERT INTO Observation VALUES ('148','119','2019-03-04 01:30:00','2019-03-04 01:30:10');
INSERT INTO PHLG_obs VALUES ('148','I feel extremely amazing today. On a scale from 1 to 10 I am a 10.');
INSERT INTO Observation VALUES ('149','67','2019-03-04 02:00:00',null);
INSERT INTO PHLG_obs VALUES ('149','I feel extremely capable this morning. On a scale from 1 to 10 I am a 9.');
INSERT INTO Observation VALUES ('150','119','2019-03-04 02:30:00',null);
INSERT INTO PHLG_obs VALUES ('150','Today I played ultimate frisbee.');
INSERT INTO Observation VALUES ('151','29','2019-03-04 03:00:00',null);
INSERT INTO PHLG_obs VALUES ('151','Today I went camping.');
INSERT INTO Observation VALUES ('152','60','2019-03-04 03:30:00','2019-03-04 03:31:04');
INSERT INTO PHLG_obs VALUES ('152','I feel very despair this afternoon. On a scale from 1 to 10 I am a 3.');
INSERT INTO Observation VALUES ('153','41','2019-03-04 04:00:00','2019-03-04 04:00:10');
INSERT INTO PHLG_obs VALUES ('153','Today I went jet skiing.');
INSERT INTO Observation VALUES ('154','87','2019-03-04 04:30:00','2019-03-04 04:31:18');
INSERT INTO PHLG_obs VALUES ('154','Today I played tennis.');
INSERT INTO Observation VALUES ('155','92','2019-03-04 05:00:00','2019-03-04 05:00:55');
INSERT INTO PHLG_obs VALUES ('155','Today I went fishing.');
INSERT INTO Observation VALUES ('156','81','2019-03-04 05:30:00','2019-03-04 05:30:42');
INSERT INTO PHLG_obs VALUES ('156','I feel extremely loved this afternoon. On a scale from 1 to 10 I am a 6.');
INSERT INTO Observation VALUES ('157','107','2019-03-04 06:00:00',null);
INSERT INTO PHLG_obs VALUES ('157','Today I ate bread.');
INSERT INTO Observation VALUES ('158','111','2019-03-04 06:30:00',null);
INSERT INTO PHLG_obs VALUES ('158','Today I went surfing.');
INSERT INTO Observation VALUES ('159','15','2019-03-04 07:00:00',null);
INSERT INTO PHLG_obs VALUES ('159','Today I lighted free weights.');
INSERT INTO Observation VALUES ('160','16','2019-03-04 07:30:00',null);
INSERT INTO PHLG_obs VALUES ('160','Today I practiced archery.');
INSERT INTO Observation VALUES ('161','116','2019-03-04 08:00:00','2019-03-04 08:00:04');
INSERT INTO PHLG_obs VALUES ('161','Today I ate baked potato.');
INSERT INTO Observation VALUES ('162','46','2019-03-04 08:30:00','2019-03-04 08:30:19');
INSERT INTO PHLG_obs VALUES ('162','Today I ate pudding.');
INSERT INTO Observation VALUES ('163','86','2019-03-04 09:00:00','2019-03-04 09:00:20');
INSERT INTO PHLG_obs VALUES ('163','Today I went fishing.');
INSERT INTO Observation VALUES ('164','7','2019-03-04 09:30:00','2019-03-04 09:30:35');
INSERT INTO PHLG_obs VALUES ('164','Today I ate burrito.');
INSERT INTO Observation VALUES ('165','10','2019-03-04 10:00:00','2019-03-04 10:01:10');
INSERT INTO PHLG_obs VALUES ('165','Today I went fishing.');
INSERT INTO Observation VALUES ('166','26','2019-03-04 10:30:00','2019-03-04 10:30:27');
INSERT INTO PHLG_obs VALUES ('166','Today I practiced gymnastics.');
INSERT INTO Observation VALUES ('167','102','2019-03-04 11:00:00','2019-03-04 11:01:54');
INSERT INTO PHLG_obs VALUES ('167','Today I ate chicken pot pie.');
INSERT INTO Observation VALUES ('168','89','2019-03-04 11:30:00',null);
INSERT INTO PHLG_obs VALUES ('168','Today I went camping.');
INSERT INTO Observation VALUES ('169','7','2019-03-04 12:00:00',null);
INSERT INTO PHLG_obs VALUES ('169','Today I ate pudding.');
INSERT INTO Observation VALUES ('170','119','2019-03-04 12:30:00',null);
INSERT INTO PHLG_obs VALUES ('170','Today I went hiking.');
INSERT INTO Observation VALUES ('171','44','2019-03-04 13:00:00','2019-03-04 13:00:20');
INSERT INTO PHLG_obs VALUES ('171','Today I ate chicken nuggets.');
INSERT INTO Observation VALUES ('172','90','2019-03-04 13:30:00','2019-03-04 13:31:33');
INSERT INTO PHLG_obs VALUES ('172','Today I ate honeydew.');
INSERT INTO Observation VALUES ('173','10','2019-03-04 14:00:00','2019-03-04 14:00:01');
INSERT INTO PHLG_obs VALUES ('173','I feel very depressed this month. On a scale from 1 to 10 I am a 5.');
INSERT INTO Observation VALUES ('174','114','2019-03-04 14:30:00',null);
INSERT INTO PHLG_obs VALUES ('174','Today I ate burrito.');
INSERT INTO Observation VALUES ('175','56','2019-03-04 15:00:00',null);
INSERT INTO PHLG_obs VALUES ('175','I feel very discouraged this month. On a scale from 1 to 10 I am a 2.');
INSERT INTO Observation VALUES ('176','111','2019-03-04 15:30:00','2019-03-04 15:31:44');
INSERT INTO PHLG_obs VALUES ('176','I feel extremely sad today. On a scale from 1 to 10 I am a 1.');
INSERT INTO Observation VALUES ('177','66','2019-03-04 16:00:00',null);
INSERT INTO PHLG_obs VALUES ('177','I feel very lovely this evening. On a scale from 1 to 10 I am a 7.');
INSERT INTO Observation VALUES ('178','47','2019-03-04 16:30:00',null);
INSERT INTO PHLG_obs VALUES ('178','Today I ate ravioli.');
INSERT INTO Observation VALUES ('179','7','2019-03-04 17:00:00','2019-03-04 17:01:11');
INSERT INTO PHLG_obs VALUES ('179','I feel extremely amazing this week. On a scale from 1 to 10 I am a 7.');
INSERT INTO Observation VALUES ('180','108','2019-03-04 17:30:00','2019-03-04 17:31:14');
INSERT INTO PHLG_obs VALUES ('180','Today I played football.');
INSERT INTO Observation VALUES ('181','85','2019-03-04 18:00:00',null);
INSERT INTO PHLG_obs VALUES ('181','Today I ate kiwi.');
INSERT INTO Observation VALUES ('182','79','2019-03-04 18:30:00',null);
INSERT INTO PHLG_obs VALUES ('182','Today I played volleyball.');
INSERT INTO Observation VALUES ('183','10','2019-03-04 19:00:00',null);
INSERT INTO PHLG_obs VALUES ('183','Today I went snorkeling.');
INSERT INTO Observation VALUES ('184','114','2019-03-04 19:30:00',null);
INSERT INTO PHLG_obs VALUES ('184','I feel extremely serene today. On a scale from 1 to 10 I am a 7.');
INSERT INTO Observation VALUES ('185','98','2019-03-04 20:00:00',null);
INSERT INTO PHLG_obs VALUES ('185','Today I ate apples.');
INSERT INTO Observation VALUES ('186','65','2019-03-04 20:30:00',null);
INSERT INTO PHLG_obs VALUES ('186','I feel extremely disappointed this morning. On a scale from 1 to 10 I am a 4.');
INSERT INTO Observation VALUES ('187','62','2019-03-04 21:00:00','2019-03-04 21:01:43');
INSERT INTO PHLG_obs VALUES ('187','Today I ate bacon.');
INSERT INTO Observation VALUES ('188','38','2019-03-04 21:30:00','2019-03-04 21:31:33');
INSERT INTO PHLG_obs VALUES ('188','Today I ate roasted chicken and garlic.');
INSERT INTO Observation VALUES ('189','1','2019-03-04 22:00:00',null);
INSERT INTO PHLG_obs VALUES ('189','Today I practiced skateboarding.');
INSERT INTO Observation VALUES ('190','87','2019-03-04 22:30:00',null);
INSERT INTO PHLG_obs VALUES ('190','I feel extremely chivalrous this morning. On a scale from 1 to 10 I am a 10.');
INSERT INTO Observation VALUES ('191','32','2019-03-04 23:00:00',null);
INSERT INTO PHLG_obs VALUES ('191','Today I went camping.');
INSERT INTO Observation VALUES ('192','25','2019-03-04 23:30:00','2019-03-04 23:30:25');
INSERT INTO PHLG_obs VALUES ('192','Today I ate fried chicken.');
INSERT INTO Observation VALUES ('193','34','2019-03-05 00:00:00','2019-03-05 00:01:41');
INSERT INTO PHLG_obs VALUES ('193','I feel extremely clever today. On a scale from 1 to 10 I am a 6.');
INSERT INTO Observation VALUES ('194','68','2019-03-05 00:30:00','2019-03-05 00:30:34');
INSERT INTO PHLG_obs VALUES ('194','Today I ate lamb chops.');
INSERT INTO Observation VALUES ('195','112','2019-03-05 01:00:00','2019-03-05 01:00:30');
INSERT INTO PHLG_obs VALUES ('195','I feel very discouraged this month. On a scale from 1 to 10 I am a 1.');
INSERT INTO Observation VALUES ('196','99','2019-03-05 01:30:00',null);
INSERT INTO PHLG_obs VALUES ('196','Today I danced.');
INSERT INTO Observation VALUES ('197','5','2019-03-05 02:00:00',null);
INSERT INTO PHLG_obs VALUES ('197','Today I went scuba diving.');
INSERT INTO Observation VALUES ('198','106','2019-03-05 02:30:00',null);
INSERT INTO PHLG_obs VALUES ('198','Today I ate roasted chicken and garlic.');
INSERT INTO Observation VALUES ('199','73','2019-03-05 03:00:00','2019-03-05 03:01:18');
INSERT INTO PHLG_obs VALUES ('199','Today I ate pizza.');
INSERT INTO Observation VALUES ('200','115','2019-03-05 03:30:00','2019-03-05 03:31:32');
INSERT INTO PHLG_obs VALUES ('200','I feel extremely depressed this month. On a scale from 1 to 10 I am a 1.');
INSERT INTO Observation VALUES ('201','49','2019-03-05 04:00:00','2019-03-05 04:01:58');
INSERT INTO PHLG_obs VALUES ('201','Today I ate cookies.');
INSERT INTO Observation VALUES ('202','102','2019-03-05 04:30:00','2019-03-05 04:30:24');
INSERT INTO PHLG_obs VALUES ('202','Today I ate oranges.');
INSERT INTO Observation VALUES ('203','79','2019-03-05 05:00:00','2019-03-05 05:01:31');
INSERT INTO PHLG_obs VALUES ('203','I feel extremely depressed today. On a scale from 1 to 10 I am a 4.');
INSERT INTO Observation VALUES ('204','1','2019-03-05 05:30:00','2019-03-05 05:30:48');
INSERT INTO PHLG_obs VALUES ('204','Today I went canoeing.');
INSERT INTO Observation VALUES ('205','61','2019-03-05 06:00:00',null);
INSERT INTO PHLG_obs VALUES ('205','I feel extremely frustrated this afternoon. On a scale from 1 to 10 I am a 2.');
INSERT INTO Observation VALUES ('206','59','2019-03-05 06:30:00',null);
INSERT INTO PHLG_obs VALUES ('206','I feel extremely cherished this week. On a scale from 1 to 10 I am a 6.');
INSERT INTO Observation VALUES ('207','88','2019-03-05 07:00:00','2019-03-05 07:00:39');
INSERT INTO PHLG_obs VALUES ('207','Today I ate alfredo sauce.');
INSERT INTO Observation VALUES ('208','15','2019-03-05 07:30:00','2019-03-05 07:31:40');
INSERT INTO PHLG_obs VALUES ('208','Today I ate sushi.');
INSERT INTO Observation VALUES ('209','12','2019-03-05 08:00:00','2019-03-05 08:00:56');
INSERT INTO PHLG_obs VALUES ('209','I feel very cheerful this afternoon. On a scale from 1 to 10 I am a 9.');
INSERT INTO Observation VALUES ('210','125','2019-03-05 08:30:00','2019-03-05 08:30:58');
INSERT INTO PHLG_obs VALUES ('210','Today I ate cranberry.');
INSERT INTO Observation VALUES ('211','97','2019-03-05 09:00:00',null);
INSERT INTO PHLG_obs VALUES ('211','Today I ate french toast.');
INSERT INTO Observation VALUES ('212','122','2019-03-05 09:30:00','2019-03-05 09:31:10');
INSERT INTO PHLG_obs VALUES ('212','Today I ate raspberries.');
INSERT INTO Observation VALUES ('213','8','2019-03-05 10:00:00','2019-03-05 10:00:41');
INSERT INTO PHLG_obs VALUES ('213','Today I ate pudding.');
INSERT INTO Observation VALUES ('214','64','2019-03-05 10:30:00',null);
INSERT INTO PHLG_obs VALUES ('214','I feel very apathetic this month. On a scale from 1 to 10 I am a 3.');
INSERT INTO Observation VALUES ('215','55','2019-03-05 11:00:00',null);
INSERT INTO PHLG_obs VALUES ('215','Today I played baseball.');
INSERT INTO Observation VALUES ('216','34','2019-03-05 11:30:00','2019-03-05 11:30:28');
INSERT INTO PHLG_obs VALUES ('216','Today I played volleyball.');
INSERT INTO Observation VALUES ('217','93','2019-03-05 12:00:00','2019-03-05 12:01:50');
INSERT INTO PHLG_obs VALUES ('217','Today I ate baked potato.');
INSERT INTO Observation VALUES ('218','49','2019-03-05 12:30:00',null);
INSERT INTO PHLG_obs VALUES ('218','I feel extremely interested this evening. On a scale from 1 to 10 I am a 10.');
INSERT INTO Observation VALUES ('219','47','2019-03-05 13:00:00',null);
INSERT INTO PHLG_obs VALUES ('219','I feel extremely cheerful this morning. On a scale from 1 to 10 I am a 10.');
INSERT INTO Observation VALUES ('220','72','2019-03-05 13:30:00',null);
INSERT INTO PHLG_obs VALUES ('220','I feel very fearful this month. On a scale from 1 to 10 I am a 3.');
INSERT INTO Observation VALUES ('221','107','2019-03-05 14:00:00','2019-03-05 14:00:54');
INSERT INTO PHLG_obs VALUES ('221','Today I ate salad.');
INSERT INTO Observation VALUES ('222','24','2019-03-05 14:30:00',null);
INSERT INTO PHLG_obs VALUES ('222','I feel extremely joyful this month. On a scale from 1 to 10 I am a 9.');
INSERT INTO Observation VALUES ('223','45','2019-03-05 15:00:00',null);
INSERT INTO PHLG_obs VALUES ('223','Today I played ultimate frisbee.');
INSERT INTO Observation VALUES ('224','9','2019-03-05 15:30:00','2019-03-05 15:30:29');
INSERT INTO PHLG_obs VALUES ('224','Today I ate chocolate cake.');
INSERT INTO Observation VALUES ('225','117','2019-03-05 16:00:00',null);
INSERT INTO PHLG_obs VALUES ('225','I feel very discouraged today. On a scale from 1 to 10 I am a 3.');
INSERT INTO Observation VALUES ('226','9','2019-03-05 16:30:00','2019-03-05 16:30:42');
INSERT INTO PHLG_obs VALUES ('226','Today I danced.');
INSERT INTO Observation VALUES ('227','101','2019-03-05 17:00:00','2019-03-05 17:00:58');
INSERT INTO PHLG_obs VALUES ('227','Today I played football.');
INSERT INTO Observation VALUES ('228','24','2019-03-05 17:30:00',null);
INSERT INTO PHLG_obs VALUES ('228','Today I played ultimate frisbee.');
INSERT INTO Observation VALUES ('229','110','2019-03-05 18:00:00',null);
INSERT INTO PHLG_obs VALUES ('229','I feel very cooperative this week. On a scale from 1 to 10 I am a 8.');
INSERT INTO Observation VALUES ('230','102','2019-03-05 18:30:00',null);
INSERT INTO PHLG_obs VALUES ('230','Today I ate cheese.');
INSERT INTO Observation VALUES ('231','89','2019-03-05 19:00:00',null);
INSERT INTO PHLG_obs VALUES ('231','I feel very crafty this week. On a scale from 1 to 10 I am a 6.');
INSERT INTO Observation VALUES ('232','2','2019-03-05 19:30:00','2019-03-05 19:30:17');
INSERT INTO PHLG_obs VALUES ('232','Today I ate chicken pot pie.');
INSERT INTO Observation VALUES ('233','68','2019-03-05 20:00:00','2019-03-05 20:00:26');
INSERT INTO PHLG_obs VALUES ('233','Today I played ice hockey.');
INSERT INTO Observation VALUES ('234','110','2019-03-05 20:30:00',null);
INSERT INTO PHLG_obs VALUES ('234','Today I went snorkeling.');
INSERT INTO Observation VALUES ('235','42','2019-03-05 21:00:00',null);
INSERT INTO PHLG_obs VALUES ('235','I feel extremely fearful this evening. On a scale from 1 to 10 I am a 2.');
INSERT INTO Observation VALUES ('236','97','2019-03-05 21:30:00',null);
INSERT INTO PHLG_obs VALUES ('236','Today I ate enchilada.');
INSERT INTO Observation VALUES ('237','78','2019-03-05 22:00:00','2019-03-05 22:01:01');
INSERT INTO PHLG_obs VALUES ('237','I feel very fearful this afternoon. On a scale from 1 to 10 I am a 2.');
INSERT INTO Observation VALUES ('238','55','2019-03-05 22:30:00','2019-03-05 22:31:34');
INSERT INTO PHLG_obs VALUES ('238','Today I ate gelatin.');
INSERT INTO Observation VALUES ('239','60','2019-03-05 23:00:00',null);
INSERT INTO PHLG_obs VALUES ('239','Today I ate chocolate cake.');
INSERT INTO Observation VALUES ('240','122','2019-03-05 23:30:00','2019-03-05 23:30:09');
INSERT INTO PHLG_obs VALUES ('240','Today I ate sweet potatoes.');
INSERT INTO Observation VALUES ('241','103','2019-03-06 00:00:00',null);
INSERT INTO PHLG_obs VALUES ('241','Today I played football.');
INSERT INTO Observation VALUES ('242','59','2019-03-06 00:30:00','2019-03-06 00:31:07');
INSERT INTO PHLG_obs VALUES ('242','Today I ate sandwich.');
INSERT INTO Observation VALUES ('243','103','2019-03-06 01:00:00','2019-03-06 01:00:23');
INSERT INTO PHLG_obs VALUES ('243','I feel extremely chivalrous today. On a scale from 1 to 10 I am a 6.');
INSERT INTO Observation VALUES ('244','62','2019-03-06 01:30:00','2019-03-06 01:31:22');
INSERT INTO PHLG_obs VALUES ('244','Today I ate zucchini.');
INSERT INTO Observation VALUES ('245','19','2019-03-06 02:00:00',null);
INSERT INTO PHLG_obs VALUES ('245','I feel very cherished today. On a scale from 1 to 10 I am a 8.');
INSERT INTO Observation VALUES ('246','70','2019-03-06 02:30:00','2019-03-06 02:30:37');
INSERT INTO PHLG_obs VALUES ('246','Today I ate kiwi.');
INSERT INTO Observation VALUES ('247','6','2019-03-06 03:00:00',null);
INSERT INTO PHLG_obs VALUES ('247','I feel very great this morning. On a scale from 1 to 10 I am a 10.');
INSERT INTO Observation VALUES ('248','2','2019-03-06 03:30:00','2019-03-06 03:31:34');
INSERT INTO PHLG_obs VALUES ('248','Today I bowled.');
INSERT INTO Observation VALUES ('249','3','2019-03-06 04:00:00',null);
INSERT INTO PHLG_obs VALUES ('249','Today I played volleyball.');
INSERT INTO Observation VALUES ('250','33','2019-03-06 04:30:00','2019-03-06 04:30:44');
INSERT INTO PHLG_obs VALUES ('250','Today I ate ginger bread.');
INSERT INTO Observation VALUES ('251','70','2019-03-06 05:00:00','2019-03-06 05:00:41');
INSERT INTO PHLG_obs VALUES ('251','Today I ran.');
INSERT INTO Observation VALUES ('252','16','2019-03-06 05:30:00',null);
INSERT INTO PHLG_obs VALUES ('252','Today I ate cheesecake.');
INSERT INTO Observation VALUES ('253','3','2019-03-06 06:00:00','2019-03-06 06:01:37');
INSERT INTO PHLG_obs VALUES ('253','Today I ate burger.');
INSERT INTO Observation VALUES ('254','32','2019-03-06 06:30:00','2019-03-06 06:31:34');
INSERT INTO PHLG_obs VALUES ('254','I feel extremely chivalrous this week. On a scale from 1 to 10 I am a 9.');
INSERT INTO Observation VALUES ('255','110','2019-03-06 07:00:00',null);
INSERT INTO PHLG_obs VALUES ('255','I feel very amazing this morning. On a scale from 1 to 10 I am a 10.');
INSERT INTO Observation VALUES ('256','68','2019-03-06 07:30:00',null);
INSERT INTO PHLG_obs VALUES ('256','Today I went scuba diving.');
INSERT INTO Observation VALUES ('257','114','2019-03-06 08:00:00','2019-03-06 08:00:14');
INSERT INTO PHLG_obs VALUES ('257','Today I ate salsa.');
INSERT INTO Observation VALUES ('258','97','2019-03-06 08:30:00',null);
INSERT INTO PHLG_obs VALUES ('258','Today I bowled.');
INSERT INTO Observation VALUES ('259','76','2019-03-06 09:00:00',null);
INSERT INTO PHLG_obs VALUES ('259','Today I ate popcorn.');
INSERT INTO Observation VALUES ('260','68','2019-03-06 09:30:00','2019-03-06 09:31:08');
INSERT INTO PHLG_obs VALUES ('260','Today I played tennis.');
INSERT INTO Observation VALUES ('261','32','2019-03-06 10:00:00',null);
INSERT INTO PHLG_obs VALUES ('261','Today I ate chicken pot pie.');
INSERT INTO Observation VALUES ('262','85','2019-03-06 10:30:00',null);
INSERT INTO PHLG_obs VALUES ('262','I feel extremely confident this month. On a scale from 1 to 10 I am a 6.');
INSERT INTO Observation VALUES ('263','99','2019-03-06 11:00:00','2019-03-06 11:00:07');
INSERT INTO PHLG_obs VALUES ('263','Today I ate oranges.');
INSERT INTO Observation VALUES ('264','25','2019-03-06 11:30:00',null);
INSERT INTO PHLG_obs VALUES ('264','Today I ate pulled pork.');
INSERT INTO Observation VALUES ('265','31','2019-03-06 12:00:00',null);
INSERT INTO PHLG_obs VALUES ('265','Today I ate roasted chicken and garlic.');
INSERT INTO Observation VALUES ('266','97','2019-03-06 12:30:00',null);
INSERT INTO PHLG_obs VALUES ('266','Today I played soccer.');
INSERT INTO Observation VALUES ('267','11','2019-03-06 13:00:00',null);
INSERT INTO PHLG_obs VALUES ('267','Today I practiced pilates.');
INSERT INTO Observation VALUES ('268','110','2019-03-06 13:30:00',null);
INSERT INTO PHLG_obs VALUES ('268','I feel very discouraged today. On a scale from 1 to 10 I am a 4.');
INSERT INTO Observation VALUES ('269','67','2019-03-06 14:00:00','2019-03-06 14:00:52');
INSERT INTO PHLG_obs VALUES ('269','Today I ran.');
INSERT INTO Observation VALUES ('270','4','2019-03-06 14:30:00','2019-03-06 14:30:02');
INSERT INTO PHLG_obs VALUES ('270','Today I ate broccoli.');
INSERT INTO Observation VALUES ('271','91','2019-03-06 15:00:00',null);
INSERT INTO PHLG_obs VALUES ('271','Today I ate zucchini.');
INSERT INTO Observation VALUES ('272','90','2019-03-06 15:30:00','2019-03-06 15:30:57');
INSERT INTO PHLG_obs VALUES ('272','Today I played ice hockey.');
INSERT INTO Observation VALUES ('273','97','2019-03-06 16:00:00',null);
INSERT INTO PHLG_obs VALUES ('273','I feel extremely angry this week. On a scale from 1 to 10 I am a 4.');
INSERT INTO Observation VALUES ('274','117','2019-03-06 16:30:00',null);
INSERT INTO PHLG_obs VALUES ('274','Today I ate baked potato.');
INSERT INTO Observation VALUES ('275','38','2019-03-06 17:00:00',null);
INSERT INTO PHLG_obs VALUES ('275','Today I ate ice cream.');
INSERT INTO Observation VALUES ('276','37','2019-03-06 17:30:00',null);
INSERT INTO PHLG_obs VALUES ('276','Today I ate grilled chicken.');
INSERT INTO Observation VALUES ('277','85','2019-03-06 18:00:00',null);
INSERT INTO PHLG_obs VALUES ('277','I feel very guilty this morning. On a scale from 1 to 10 I am a 3.');
INSERT INTO Observation VALUES ('278','117','2019-03-06 18:30:00',null);
INSERT INTO PHLG_obs VALUES ('278','Today I played table tennis.');
INSERT INTO Observation VALUES ('279','86','2019-03-06 19:00:00','2019-03-06 19:00:47');
INSERT INTO PHLG_obs VALUES ('279','Today I walked.');
INSERT INTO Observation VALUES ('280','12','2019-03-06 19:30:00','2019-03-06 19:31:54');
INSERT INTO PHLG_obs VALUES ('280','I feel very content today. On a scale from 1 to 10 I am a 10.');
INSERT INTO Observation VALUES ('281','80','2019-03-06 20:00:00',null);
INSERT INTO PHLG_obs VALUES ('281','Today I ate donut.');
INSERT INTO Observation VALUES ('282','12','2019-03-06 20:30:00','2019-03-06 20:30:55');
INSERT INTO PHLG_obs VALUES ('282','Today I walked.');
INSERT INTO Observation VALUES ('283','85','2019-03-06 21:00:00',null);
INSERT INTO PHLG_obs VALUES ('283','Today I practiced skateboarding.');
INSERT INTO Observation VALUES ('284','124','2019-03-06 21:30:00',null);
INSERT INTO PHLG_obs VALUES ('284','Today I ate tomato.');
INSERT INTO Observation VALUES ('285','48','2019-03-06 22:00:00','2019-03-06 22:01:23');
INSERT INTO PHLG_obs VALUES ('285','Today I ate ravioli.');
INSERT INTO Observation VALUES ('286','50','2019-03-06 22:30:00','2019-03-06 22:31:46');
INSERT INTO PHLG_obs VALUES ('286','Today I went kayaking.');
INSERT INTO Observation VALUES ('287','80','2019-03-06 23:00:00','2019-03-06 23:01:54');
INSERT INTO PHLG_obs VALUES ('287','I feel extremely guilty this morning. On a scale from 1 to 10 I am a 3.');
INSERT INTO Observation VALUES ('288','100','2019-03-06 23:30:00','2019-03-06 23:30:56');
INSERT INTO PHLG_obs VALUES ('288','I feel very sad this afternoon. On a scale from 1 to 10 I am a 1.');
INSERT INTO Observation VALUES ('289','16','2019-03-07 00:00:00',null);
INSERT INTO PHLG_obs VALUES ('289','Today I used a rowing machine.');
INSERT INTO Observation VALUES ('290','91','2019-03-07 00:30:00','2019-03-07 00:31:38');
INSERT INTO PHLG_obs VALUES ('290','I feel very angry this month. On a scale from 1 to 10 I am a 4.');
INSERT INTO Observation VALUES ('291','63','2019-03-07 01:00:00',null);
INSERT INTO PHLG_obs VALUES ('291','Today I went rafting.');
INSERT INTO Observation VALUES ('292','119','2019-03-07 01:30:00',null);
INSERT INTO PHLG_obs VALUES ('292','Today I danced.');
INSERT INTO Observation VALUES ('293','1','2019-03-07 02:00:00',null);
INSERT INTO PHLG_obs VALUES ('293','Today I ate gelatin.');
INSERT INTO Observation VALUES ('294','1','2019-03-07 02:30:00','2019-03-07 02:31:35');
INSERT INTO PHLG_obs VALUES ('294','I feel very frustrated this week. On a scale from 1 to 10 I am a 3.');
INSERT INTO Observation VALUES ('295','14','2019-03-07 03:00:00',null);
INSERT INTO PHLG_obs VALUES ('295','I feel extremely depressed this week. On a scale from 1 to 10 I am a 2.');
INSERT INTO Observation VALUES ('296','84','2019-03-07 03:30:00',null);
INSERT INTO PHLG_obs VALUES ('296','Today I ate french fries.');
INSERT INTO Observation VALUES ('297','63','2019-03-07 04:00:00','2019-03-07 04:01:11');
INSERT INTO PHLG_obs VALUES ('297','I feel extremely satisfied this week. On a scale from 1 to 10 I am a 8.');
INSERT INTO Observation VALUES ('298','16','2019-03-07 04:30:00','2019-03-07 04:30:36');
INSERT INTO PHLG_obs VALUES ('298','Today I ran.');
INSERT INTO Observation VALUES ('299','56','2019-03-07 05:00:00','2019-03-07 05:01:29');
INSERT INTO PHLG_obs VALUES ('299','Today I ate salad.');
INSERT INTO Observation VALUES ('300','20','2019-03-07 05:30:00','2019-03-07 05:31:05');
INSERT INTO PHLG_obs VALUES ('300','Today I played soccer.');
INSERT INTO Observation VALUES ('301','24','2019-03-07 06:00:00',null);
INSERT INTO PHLG_obs VALUES ('301','I feel extremely anxious this evening. On a scale from 1 to 10 I am a 1.');
INSERT INTO Observation VALUES ('302','11','2019-03-07 06:30:00',null);
INSERT INTO PHLG_obs VALUES ('302','Today I ate pumpkin pie.');
INSERT INTO Observation VALUES ('303','34','2019-03-07 07:00:00',null);
INSERT INTO PHLG_obs VALUES ('303','Today I ate raspberries.');
INSERT INTO Observation VALUES ('304','110','2019-03-07 07:30:00',null);
INSERT INTO PHLG_obs VALUES ('304','I feel extremely cherished this evening. On a scale from 1 to 10 I am a 8.');
INSERT INTO Observation VALUES ('305','117','2019-03-07 08:00:00','2019-03-07 08:01:20');
INSERT INTO PHLG_obs VALUES ('305','I feel very despair this week. On a scale from 1 to 10 I am a 2.');
INSERT INTO Observation VALUES ('306','69','2019-03-07 08:30:00','2019-03-07 08:30:31');
INSERT INTO PHLG_obs VALUES ('306','Today I ate hot dogs.');
INSERT INTO Observation VALUES ('307','48','2019-03-07 09:00:00','2019-03-07 09:00:16');
INSERT INTO PHLG_obs VALUES ('307','Today I ate cheese.');
INSERT INTO Observation VALUES ('308','81','2019-03-07 09:30:00','2019-03-07 09:30:23');
INSERT INTO PHLG_obs VALUES ('308','I feel extremely good today. On a scale from 1 to 10 I am a 7.');
INSERT INTO Observation VALUES ('309','38','2019-03-07 10:00:00','2019-03-07 10:00:01');
INSERT INTO PHLG_obs VALUES ('309','I feel very anxious this afternoon. On a scale from 1 to 10 I am a 3.');
INSERT INTO Observation VALUES ('310','115','2019-03-07 10:30:00','2019-03-07 10:30:00');
INSERT INTO PHLG_obs VALUES ('310','Today I went golfing.');
INSERT INTO Observation VALUES ('311','51','2019-03-07 11:00:00','2019-03-07 11:00:54');
INSERT INTO PHLG_obs VALUES ('311','I feel extremely cheerful today. On a scale from 1 to 10 I am a 9.');
INSERT INTO Observation VALUES ('312','122','2019-03-07 11:30:00','2019-03-07 11:31:10');
INSERT INTO PHLG_obs VALUES ('312','Today I ate cheese.');
INSERT INTO Observation VALUES ('313','63','2019-03-07 12:00:00','2019-03-07 12:00:49');
INSERT INTO PHLG_obs VALUES ('313','Today I went fishing.');
INSERT INTO Observation VALUES ('314','83','2019-03-07 12:30:00',null);
INSERT INTO PHLG_obs VALUES ('314','Today I practiced tai chi.');
INSERT INTO Observation VALUES ('315','78','2019-03-07 13:00:00','2019-03-07 13:00:06');
INSERT INTO PHLG_obs VALUES ('315','I feel extremely clever this afternoon. On a scale from 1 to 10 I am a 10.');
INSERT INTO Observation VALUES ('316','16','2019-03-07 13:30:00','2019-03-07 13:30:16');
INSERT INTO PHLG_obs VALUES ('316','I feel very grateful this evening. On a scale from 1 to 10 I am a 6.');
INSERT INTO Observation VALUES ('317','109','2019-03-07 14:00:00',null);
INSERT INTO PHLG_obs VALUES ('317','I feel very cheerful this morning. On a scale from 1 to 10 I am a 9.');
INSERT INTO Observation VALUES ('318','27','2019-03-07 14:30:00','2019-03-07 14:31:43');
INSERT INTO PHLG_obs VALUES ('318','I feel extremely fearful this morning. On a scale from 1 to 10 I am a 2.');
INSERT INTO Observation VALUES ('319','103','2019-03-07 15:00:00','2019-03-07 15:00:18');
INSERT INTO PHLG_obs VALUES ('319','I feel very chivalrous today. On a scale from 1 to 10 I am a 6.');
INSERT INTO Observation VALUES ('320','93','2019-03-07 15:30:00','2019-03-07 15:31:23');
INSERT INTO PHLG_obs VALUES ('320','I feel very enthusiastic this month. On a scale from 1 to 10 I am a 9.');
INSERT INTO Observation VALUES ('321','13','2019-03-07 16:00:00',null);
INSERT INTO PHLG_obs VALUES ('321','I feel very hopeful this morning. On a scale from 1 to 10 I am a 8.');
INSERT INTO Observation VALUES ('322','110','2019-03-07 16:30:00',null);
INSERT INTO PHLG_obs VALUES ('322','I feel very comfortable this evening. On a scale from 1 to 10 I am a 6.');
INSERT INTO Observation VALUES ('323','71','2019-03-07 17:00:00',null);
INSERT INTO PHLG_obs VALUES ('323','Today I danced.');
INSERT INTO Observation VALUES ('324','115','2019-03-07 17:30:00','2019-03-07 17:30:14');
INSERT INTO PHLG_obs VALUES ('324','Today I ate french fries.');
INSERT INTO Observation VALUES ('325','28','2019-03-07 18:00:00',null);
INSERT INTO PHLG_obs VALUES ('325','I feel very charming this month. On a scale from 1 to 10 I am a 6.');
INSERT INTO Observation VALUES ('326','54','2019-03-07 18:30:00',null);
INSERT INTO PHLG_obs VALUES ('326','I feel very annoyed this morning. On a scale from 1 to 10 I am a 5.');
INSERT INTO Observation VALUES ('327','101','2019-03-07 19:00:00','2019-03-07 19:01:18');
INSERT INTO PHLG_obs VALUES ('327','Today I played ice hockey.');
INSERT INTO Observation VALUES ('328','38','2019-03-07 19:30:00','2019-03-07 19:30:01');
INSERT INTO PHLG_obs VALUES ('328','I feel extremely inspired today. On a scale from 1 to 10 I am a 9.');
INSERT INTO Observation VALUES ('329','118','2019-03-07 20:00:00',null);
INSERT INTO PHLG_obs VALUES ('329','I feel extremely sad this evening. On a scale from 1 to 10 I am a 3.');
INSERT INTO Observation VALUES ('330','8','2019-03-07 20:30:00','2019-03-07 20:30:25');
INSERT INTO PHLG_obs VALUES ('330','Today I ate cantalop.');
INSERT INTO Observation VALUES ('331','107','2019-03-07 21:00:00',null);
INSERT INTO PHLG_obs VALUES ('331','Today I played paintball.');
INSERT INTO Observation VALUES ('332','75','2019-03-07 21:30:00','2019-03-07 21:31:12');
INSERT INTO PHLG_obs VALUES ('332','I feel very guilty this evening. On a scale from 1 to 10 I am a 5.');
INSERT INTO Observation VALUES ('333','91','2019-03-07 22:00:00','2019-03-07 22:01:08');
INSERT INTO PHLG_obs VALUES ('333','Today I ate soup.');
INSERT INTO Observation VALUES ('334','2','2019-03-07 22:30:00',null);
INSERT INTO PHLG_obs VALUES ('334','Today I went trail running.');
INSERT INTO Observation VALUES ('335','23','2019-03-07 23:00:00','2019-03-07 23:01:07');
INSERT INTO PHLG_obs VALUES ('335','Today I ate cantalop.');
INSERT INTO Observation VALUES ('336','78','2019-03-07 23:30:00','2019-03-07 23:30:57');
INSERT INTO PHLG_obs VALUES ('336','Today I went golfing.');
INSERT INTO Observation VALUES ('337','66','2019-03-08 00:00:00',null);
INSERT INTO PHLG_obs VALUES ('337','Today I ate fried rice.');
INSERT INTO Observation VALUES ('338','51','2019-03-08 00:30:00','2019-03-08 00:30:39');
INSERT INTO PHLG_obs VALUES ('338','I feel extremely annoyed this morning. On a scale from 1 to 10 I am a 4.');
INSERT INTO Observation VALUES ('339','5','2019-03-08 01:00:00','2019-03-08 01:00:51');
INSERT INTO PHLG_obs VALUES ('339','Today I played football.');
INSERT INTO Observation VALUES ('340','99','2019-03-08 01:30:00',null);
INSERT INTO PHLG_obs VALUES ('340','Today I ran.');
INSERT INTO Observation VALUES ('341','64','2019-03-08 02:00:00',null);
INSERT INTO PHLG_obs VALUES ('341','Today I ate donut.');
INSERT INTO Observation VALUES ('342','1','2019-03-08 02:30:00','2019-03-08 02:31:11');
INSERT INTO PHLG_obs VALUES ('342','Today I ate cheese.');
INSERT INTO Observation VALUES ('343','87','2019-03-08 03:00:00','2019-03-08 03:01:25');
INSERT INTO PHLG_obs VALUES ('343','Today I went snorkeling.');
INSERT INTO Observation VALUES ('344','24','2019-03-08 03:30:00',null);
INSERT INTO PHLG_obs VALUES ('344','I feel extremely cheery this week. On a scale from 1 to 10 I am a 6.');
INSERT INTO Observation VALUES ('345','12','2019-03-08 04:00:00',null);
INSERT INTO PHLG_obs VALUES ('345','Today I went sailing.');
INSERT INTO Observation VALUES ('346','46','2019-03-08 04:30:00','2019-03-08 04:30:48');
INSERT INTO PHLG_obs VALUES ('346','Today I ate popcorn.');
INSERT INTO Observation VALUES ('347','27','2019-03-08 05:00:00','2019-03-08 05:01:13');
INSERT INTO PHLG_obs VALUES ('347','I feel extremely frustrated this evening. On a scale from 1 to 10 I am a 2.');
INSERT INTO Observation VALUES ('348','93','2019-03-08 05:30:00',null);
INSERT INTO PHLG_obs VALUES ('348','I feel very fearful this month. On a scale from 1 to 10 I am a 3.');
INSERT INTO Observation VALUES ('349','32','2019-03-08 06:00:00',null);
INSERT INTO PHLG_obs VALUES ('349','Today I ate cheesecake.');
INSERT INTO Observation VALUES ('350','104','2019-03-08 06:30:00','2019-03-08 06:31:33');
INSERT INTO PHLG_obs VALUES ('350','Today I ate french toast.');
INSERT INTO Observation VALUES ('351','71','2019-03-08 07:00:00',null);
INSERT INTO PHLG_obs VALUES ('351','Today I used a stationary bike.');
INSERT INTO Observation VALUES ('352','28','2019-03-08 07:30:00',null);
INSERT INTO PHLG_obs VALUES ('352','Today I went jet skiing.');
INSERT INTO Observation VALUES ('353','31','2019-03-08 08:00:00','2019-03-08 08:00:16');
INSERT INTO PHLG_obs VALUES ('353','I feel very anxious this morning. On a scale from 1 to 10 I am a 4.');
INSERT INTO Observation VALUES ('354','89','2019-03-08 08:30:00',null);
INSERT INTO PHLG_obs VALUES ('354','Today I played soccer.');
INSERT INTO Observation VALUES ('355','68','2019-03-08 09:00:00','2019-03-08 09:01:41');
INSERT INTO PHLG_obs VALUES ('355','Today I went trail running.');
INSERT INTO Observation VALUES ('356','25','2019-03-08 09:30:00',null);
INSERT INTO PHLG_obs VALUES ('356','I feel very angry today. On a scale from 1 to 10 I am a 1.');
INSERT INTO Observation VALUES ('357','80','2019-03-08 10:00:00',null);
INSERT INTO PHLG_obs VALUES ('357','I feel very careful this week. On a scale from 1 to 10 I am a 9.');
INSERT INTO Observation VALUES ('358','61','2019-03-08 10:30:00',null);
INSERT INTO PHLG_obs VALUES ('358','I feel very disappointed this month. On a scale from 1 to 10 I am a 2.');
INSERT INTO Observation VALUES ('359','56','2019-03-08 11:00:00',null);
INSERT INTO PHLG_obs VALUES ('359','Today I ate ginger bread.');
INSERT INTO Observation VALUES ('360','76','2019-03-08 11:30:00',null);
INSERT INTO PHLG_obs VALUES ('360','I feel very disappointed this week. On a scale from 1 to 10 I am a 5.');
INSERT INTO Observation VALUES ('361','15','2019-03-08 12:00:00','2019-03-08 12:01:29');
INSERT INTO PHLG_obs VALUES ('361','I feel very disappointed this week. On a scale from 1 to 10 I am a 5.');
INSERT INTO Observation VALUES ('362','106','2019-03-08 12:30:00',null);
INSERT INTO PHLG_obs VALUES ('362','I feel very loved this afternoon. On a scale from 1 to 10 I am a 7.');
INSERT INTO Observation VALUES ('363','98','2019-03-08 13:00:00','2019-03-08 13:01:46');
INSERT INTO PHLG_obs VALUES ('363','Today I ate grilled chicken.');
INSERT INTO Observation VALUES ('364','119','2019-03-08 13:30:00','2019-03-08 13:31:01');
INSERT INTO PHLG_obs VALUES ('364','Today I played soccer.');
INSERT INTO Observation VALUES ('365','95','2019-03-08 14:00:00','2019-03-08 14:00:46');
INSERT INTO PHLG_obs VALUES ('365','I feel extremely disappointed this morning. On a scale from 1 to 10 I am a 5.');
INSERT INTO Observation VALUES ('366','81','2019-03-08 14:30:00',null);
INSERT INTO PHLG_obs VALUES ('366','Today I practiced wrestling.');
INSERT INTO Observation VALUES ('367','25','2019-03-08 15:00:00',null);
INSERT INTO PHLG_obs VALUES ('367','Today I used a rowing machine.');
INSERT INTO Observation VALUES ('368','94','2019-03-08 15:30:00','2019-03-08 15:30:41');
INSERT INTO PHLG_obs VALUES ('368','Today I ate corn.');
INSERT INTO Observation VALUES ('369','87','2019-03-08 16:00:00','2019-03-08 16:00:55');
INSERT INTO PHLG_obs VALUES ('369','Today I played ultimate frisbee.');
INSERT INTO Observation VALUES ('370','70','2019-03-08 16:30:00',null);
INSERT INTO PHLG_obs VALUES ('370','I feel very happy this morning. On a scale from 1 to 10 I am a 6.');
INSERT INTO Observation VALUES ('371','42','2019-03-08 17:00:00','2019-03-08 17:01:29');
INSERT INTO PHLG_obs VALUES ('371','Today I practiced tai chi.');
INSERT INTO Observation VALUES ('372','71','2019-03-08 17:30:00',null);
INSERT INTO PHLG_obs VALUES ('372','Today I practiced martial arts.');
INSERT INTO Observation VALUES ('373','60','2019-03-08 18:00:00','2019-03-08 18:01:41');
INSERT INTO PHLG_obs VALUES ('373','Today I ate steak.');
INSERT INTO Observation VALUES ('374','56','2019-03-08 18:30:00',null);
INSERT INTO PHLG_obs VALUES ('374','I feel extremely awesome this evening. On a scale from 1 to 10 I am a 6.');
INSERT INTO Observation VALUES ('375','40','2019-03-08 19:00:00',null);
INSERT INTO PHLG_obs VALUES ('375','Today I went fishing.');
INSERT INTO Observation VALUES ('376','71','2019-03-08 19:30:00',null);
INSERT INTO PHLG_obs VALUES ('376','Today I practiced pilates.');
INSERT INTO Observation VALUES ('377','77','2019-03-08 20:00:00','2019-03-08 20:00:27');
INSERT INTO PHLG_obs VALUES ('377','Today I used a stationary bike.');
INSERT INTO Observation VALUES ('378','95','2019-03-08 20:30:00','2019-03-08 20:30:30');
INSERT INTO PHLG_obs VALUES ('378','Today I practiced archery.');
INSERT INTO Observation VALUES ('379','76','2019-03-08 21:00:00',null);
INSERT INTO PHLG_obs VALUES ('379','Today I ate soup.');
INSERT INTO Observation VALUES ('380','106','2019-03-08 21:30:00','2019-03-08 21:31:39');
INSERT INTO PHLG_obs VALUES ('380','Today I ate cookies.');
INSERT INTO Observation VALUES ('381','22','2019-03-08 22:00:00','2019-03-08 22:00:53');
INSERT INTO PHLG_obs VALUES ('381','Today I played ice hockey.');
INSERT INTO Observation VALUES ('382','92','2019-03-08 22:30:00','2019-03-08 22:30:44');
INSERT INTO PHLG_obs VALUES ('382','Today I ate peaches.');
INSERT INTO Observation VALUES ('383','31','2019-03-08 23:00:00',null);
INSERT INTO PHLG_obs VALUES ('383','Today I ate fried rice.');
INSERT INTO Observation VALUES ('384','65','2019-03-08 23:30:00',null);
INSERT INTO PHLG_obs VALUES ('384','Today I ate blueberries.');
INSERT INTO Observation VALUES ('385','84','2019-03-09 00:00:00','2019-03-09 00:00:31');
INSERT INTO PHLG_obs VALUES ('385','I feel very chivalrous this evening. On a scale from 1 to 10 I am a 6.');
INSERT INTO Observation VALUES ('386','125','2019-03-09 00:30:00',null);
INSERT INTO PHLG_obs VALUES ('386','Today I went trail running.');
INSERT INTO Observation VALUES ('387','99','2019-03-09 01:00:00',null);
INSERT INTO PHLG_obs VALUES ('387','I feel very anxious this morning. On a scale from 1 to 10 I am a 5.');
INSERT INTO Observation VALUES ('388','66','2019-03-09 01:30:00','2019-03-09 01:30:35');
INSERT INTO PHLG_obs VALUES ('388','Today I ate grilled chicken.');
INSERT INTO Observation VALUES ('389','1','2019-03-09 02:00:00','2019-03-09 02:00:40');
INSERT INTO PHLG_obs VALUES ('389','I feel very good this morning. On a scale from 1 to 10 I am a 6.');
INSERT INTO Observation VALUES ('390','41','2019-03-09 02:30:00','2019-03-09 02:31:37');
INSERT INTO PHLG_obs VALUES ('390','Today I ate roasted chicken and garlic.');
INSERT INTO Observation VALUES ('391','88','2019-03-09 03:00:00',null);
INSERT INTO PHLG_obs VALUES ('391','I feel very anxious today. On a scale from 1 to 10 I am a 2.');
INSERT INTO Observation VALUES ('392','5','2019-03-09 03:30:00','2019-03-09 03:31:04');
INSERT INTO PHLG_obs VALUES ('392','I feel very content this afternoon. On a scale from 1 to 10 I am a 7.');
INSERT INTO Observation VALUES ('393','47','2019-03-09 04:00:00','2019-03-09 04:01:44');
INSERT INTO PHLG_obs VALUES ('393','Today I played ice hockey.');
INSERT INTO Observation VALUES ('394','63','2019-03-09 04:30:00','2019-03-09 04:30:32');
INSERT INTO PHLG_obs VALUES ('394','Today I ate cheese.');
INSERT INTO Observation VALUES ('395','36','2019-03-09 05:00:00','2019-03-09 05:00:35');
INSERT INTO PHLG_obs VALUES ('395','Today I used a rowing machine.');
INSERT INTO Observation VALUES ('396','59','2019-03-09 05:30:00','2019-03-09 05:30:04');
INSERT INTO PHLG_obs VALUES ('396','I feel very guilty today. On a scale from 1 to 10 I am a 4.');
INSERT INTO Observation VALUES ('397','38','2019-03-09 06:00:00',null);
INSERT INTO PHLG_obs VALUES ('397','Today I went rafting.');
INSERT INTO Observation VALUES ('398','79','2019-03-09 06:30:00','2019-03-09 06:31:13');
INSERT INTO PHLG_obs VALUES ('398','Today I ate corn.');
INSERT INTO Observation VALUES ('399','89','2019-03-09 07:00:00',null);
INSERT INTO PHLG_obs VALUES ('399','Today I bowled.');
INSERT INTO Observation VALUES ('400','29','2019-03-09 07:30:00','2019-03-09 07:31:34');
INSERT INTO PHLG_obs VALUES ('400','Today I ate turkey.');
INSERT INTO Observation VALUES ('401','41','2019-03-09 08:00:00',null);
INSERT INTO PHLG_obs VALUES ('401','Today I ate peaches.');
INSERT INTO Observation VALUES ('402','66','2019-03-09 08:30:00',null);
INSERT INTO PHLG_obs VALUES ('402','I feel very guilty this evening. On a scale from 1 to 10 I am a 4.');
INSERT INTO Observation VALUES ('403','16','2019-03-09 09:00:00','2019-03-09 09:01:32');
INSERT INTO PHLG_obs VALUES ('403','I feel extremely discouraged this evening. On a scale from 1 to 10 I am a 2.');
INSERT INTO Observation VALUES ('404','70','2019-03-09 09:30:00',null);
INSERT INTO PHLG_obs VALUES ('404','I feel very depressed this month. On a scale from 1 to 10 I am a 2.');
INSERT INTO Observation VALUES ('405','87','2019-03-09 10:00:00','2019-03-09 10:00:52');
INSERT INTO PHLG_obs VALUES ('405','Today I jogged.');
INSERT INTO Observation VALUES ('406','67','2019-03-09 10:30:00',null);
INSERT INTO PHLG_obs VALUES ('406','Today I did aerobics.');
INSERT INTO Observation VALUES ('407','42','2019-03-09 11:00:00','2019-03-09 11:00:00');
INSERT INTO PHLG_obs VALUES ('407','Today I went snorkeling.');
INSERT INTO Observation VALUES ('408','49','2019-03-09 11:30:00','2019-03-09 11:31:34');
INSERT INTO PHLG_obs VALUES ('408','Today I ate peaches.');
INSERT INTO Observation VALUES ('409','22','2019-03-09 12:00:00','2019-03-09 12:01:48');
INSERT INTO PHLG_obs VALUES ('409','I feel extremely sad this afternoon. On a scale from 1 to 10 I am a 5.');
INSERT INTO Observation VALUES ('410','38','2019-03-09 12:30:00','2019-03-09 12:30:52');
INSERT INTO PHLG_obs VALUES ('410','Today I practiced skateboarding.');
INSERT INTO Observation VALUES ('411','124','2019-03-09 13:00:00','2019-03-09 13:01:56');
INSERT INTO PHLG_obs VALUES ('411','Today I played ultimate frisbee.');
INSERT INTO Observation VALUES ('412','117','2019-03-09 13:30:00',null);
INSERT INTO PHLG_obs VALUES ('412','I feel extremely amazing this evening. On a scale from 1 to 10 I am a 8.');
INSERT INTO Observation VALUES ('413','44','2019-03-09 14:00:00',null);
INSERT INTO PHLG_obs VALUES ('413','I feel extremely crafty this evening. On a scale from 1 to 10 I am a 10.');
INSERT INTO Observation VALUES ('414','15','2019-03-09 14:30:00',null);
INSERT INTO PHLG_obs VALUES ('414','I feel very hopeful today. On a scale from 1 to 10 I am a 8.');
INSERT INTO Observation VALUES ('415','45','2019-03-09 15:00:00','2019-03-09 15:01:36');
INSERT INTO PHLG_obs VALUES ('415','I feel extremely angry this morning. On a scale from 1 to 10 I am a 2.');
INSERT INTO Observation VALUES ('416','117','2019-03-09 15:30:00','2019-03-09 15:31:47');
INSERT INTO PHLG_obs VALUES ('416','Today I ran on treadmill.');
INSERT INTO Observation VALUES ('417','60','2019-03-09 16:00:00','2019-03-09 16:00:28');
INSERT INTO PHLG_obs VALUES ('417','Today I ate salsa.');
INSERT INTO Observation VALUES ('418','26','2019-03-09 16:30:00',null);
INSERT INTO PHLG_obs VALUES ('418','Today I bowled.');
INSERT INTO Observation VALUES ('419','89','2019-03-09 17:00:00','2019-03-09 17:01:45');
INSERT INTO PHLG_obs VALUES ('419','Today I played ultimate frisbee.');
INSERT INTO Observation VALUES ('420','16','2019-03-09 17:30:00',null);
INSERT INTO PHLG_obs VALUES ('420','I feel extremely depressed this evening. On a scale from 1 to 10 I am a 3.');
INSERT INTO Observation VALUES ('421','4','2019-03-09 18:00:00','2019-03-09 18:00:59');
INSERT INTO PHLG_obs VALUES ('421','Today I played basketball.');
INSERT INTO Observation VALUES ('422','14','2019-03-09 18:30:00','2019-03-09 18:31:26');
INSERT INTO PHLG_obs VALUES ('422','Today I ate blueberries.');
INSERT INTO Observation VALUES ('423','44','2019-03-09 19:00:00',null);
INSERT INTO PHLG_obs VALUES ('423','Today I went fishing.');
INSERT INTO Observation VALUES ('424','37','2019-03-09 19:30:00',null);
INSERT INTO PHLG_obs VALUES ('424','Today I ran on treadmill.');
INSERT INTO Observation VALUES ('425','119','2019-03-09 20:00:00',null);
INSERT INTO PHLG_obs VALUES ('425','Today I ate lasagna.');
INSERT INTO Observation VALUES ('426','40','2019-03-09 20:30:00','2019-03-09 20:30:32');
INSERT INTO PHLG_obs VALUES ('426','Today I played volleyball.');
INSERT INTO Observation VALUES ('427','59','2019-03-09 21:00:00','2019-03-09 21:00:28');
INSERT INTO PHLG_obs VALUES ('427','Today I ate honeydew.');
INSERT INTO Observation VALUES ('428','90','2019-03-09 21:30:00','2019-03-09 21:31:08');
INSERT INTO PHLG_obs VALUES ('428','Today I went rock climbing.');
INSERT INTO Observation VALUES ('429','30','2019-03-09 22:00:00','2019-03-09 22:00:19');
INSERT INTO PHLG_obs VALUES ('429','I feel extremely amused this morning. On a scale from 1 to 10 I am a 10.');
INSERT INTO Observation VALUES ('430','77','2019-03-09 22:30:00','2019-03-09 22:31:47');
INSERT INTO PHLG_obs VALUES ('430','Today I ate tater tots.');
INSERT INTO Observation VALUES ('431','116','2019-03-09 23:00:00',null);
INSERT INTO PHLG_obs VALUES ('431','Today I ate bagel.');
INSERT INTO Observation VALUES ('432','83','2019-03-09 23:30:00','2019-03-09 23:30:36');
INSERT INTO PHLG_obs VALUES ('432','Today I ate calzone.');
INSERT INTO Observation VALUES ('433','76','2019-03-10 00:00:00','2019-03-10 00:01:03');
INSERT INTO PHLG_obs VALUES ('433','I feel extremely discouraged this afternoon. On a scale from 1 to 10 I am a 3.');
INSERT INTO Observation VALUES ('434','80','2019-03-10 00:30:00',null);
INSERT INTO PHLG_obs VALUES ('434','Today I ate lamb chops.');
INSERT INTO Observation VALUES ('435','123','2019-03-10 01:00:00','2019-03-10 01:00:02');
INSERT INTO PHLG_obs VALUES ('435','I feel extremely good this week. On a scale from 1 to 10 I am a 7.');
INSERT INTO Observation VALUES ('436','13','2019-03-10 01:30:00','2019-03-10 01:30:08');
INSERT INTO PHLG_obs VALUES ('436','Today I stretched.');
INSERT INTO Observation VALUES ('437','123','2019-03-10 03:00:00','2019-03-10 03:01:02');
INSERT INTO PHLG_obs VALUES ('437','Today I ate ginger bread.');
INSERT INTO Observation VALUES ('438','111','2019-03-10 03:30:00',null);
INSERT INTO PHLG_obs VALUES ('438','Today I went canoeing.');
INSERT INTO Observation VALUES ('439','33','2019-03-10 04:00:00',null);
INSERT INTO PHLG_obs VALUES ('439','Today I played ice hockey.');
INSERT INTO Observation VALUES ('440','65','2019-03-10 04:30:00','2019-03-10 04:31:17');
INSERT INTO PHLG_obs VALUES ('440','I feel extremely joyful today. On a scale from 1 to 10 I am a 7.');
INSERT INTO Observation VALUES ('441','14','2019-03-10 05:00:00','2019-03-10 05:00:00');
INSERT INTO PHLG_obs VALUES ('441','Today I ate chicken pot pie.');
INSERT INTO Observation VALUES ('442','17','2019-03-10 05:30:00','2019-03-10 05:30:00');
INSERT INTO PHLG_obs VALUES ('442','Today I went fishing.');
INSERT INTO Observation VALUES ('443','41','2019-03-10 06:00:00',null);
INSERT INTO PHLG_obs VALUES ('443','I feel very good this month. On a scale from 1 to 10 I am a 6.');
INSERT INTO Observation VALUES ('444','42','2019-03-10 06:30:00',null);
INSERT INTO PHLG_obs VALUES ('444','Today I ate hot dogs.');
INSERT INTO Observation VALUES ('445','3','2019-03-10 07:00:00',null);
INSERT INTO PHLG_obs VALUES ('445','Today I swam.');
INSERT INTO Observation VALUES ('446','11','2019-03-10 07:30:00',null);
INSERT INTO PHLG_obs VALUES ('446','Today I did calisthenics exercises.');
INSERT INTO Observation VALUES ('447','114','2019-03-10 08:00:00','2019-03-10 08:01:21');
INSERT INTO PHLG_obs VALUES ('447','Today I ate bagel.');
INSERT INTO Observation VALUES ('448','110','2019-03-10 08:30:00','2019-03-10 08:30:15');
INSERT INTO PHLG_obs VALUES ('448','Today I went trail running.');
INSERT INTO Observation VALUES ('449','34','2019-03-10 09:00:00',null);
INSERT INTO PHLG_obs VALUES ('449','I feel very euphoric this evening. On a scale from 1 to 10 I am a 6.');
INSERT INTO Observation VALUES ('450','84','2019-03-10 09:30:00','2019-03-10 09:31:02');
INSERT INTO PHLG_obs VALUES ('450','I feel very frustrated this evening. On a scale from 1 to 10 I am a 5.');
INSERT INTO Observation VALUES ('451','64','2019-03-10 10:00:00',null);
INSERT INTO PHLG_obs VALUES ('451','Today I ate burger.');
INSERT INTO Observation VALUES ('452','2','2019-03-10 10:30:00',null);
INSERT INTO PHLG_obs VALUES ('452','Today I played baseball.');
INSERT INTO Observation VALUES ('453','18','2019-03-10 11:00:00','2019-03-10 11:01:20');
INSERT INTO PHLG_obs VALUES ('453','Today I ate chocolate cake.');
INSERT INTO Observation VALUES ('454','49','2019-03-10 11:30:00','2019-03-10 11:30:24');
INSERT INTO PHLG_obs VALUES ('454','I feel very grateful this evening. On a scale from 1 to 10 I am a 9.');
INSERT INTO Observation VALUES ('455','123','2019-03-10 12:00:00',null);
INSERT INTO PHLG_obs VALUES ('455','Today I lighted free weights.');
INSERT INTO Observation VALUES ('456','11','2019-03-10 12:30:00',null);
INSERT INTO PHLG_obs VALUES ('456','Today I ate apple sause.');
INSERT INTO Observation VALUES ('457','62','2019-03-10 13:00:00',null);
INSERT INTO PHLG_obs VALUES ('457','Today I ate strawberries.');
INSERT INTO Observation VALUES ('458','46','2019-03-10 13:30:00',null);
INSERT INTO PHLG_obs VALUES ('458','I feel very kind this morning. On a scale from 1 to 10 I am a 6.');
INSERT INTO Observation VALUES ('459','46','2019-03-10 14:00:00','2019-03-10 14:00:13');
INSERT INTO PHLG_obs VALUES ('459','I feel very happy this evening. On a scale from 1 to 10 I am a 10.');
INSERT INTO Observation VALUES ('460','88','2019-03-10 14:30:00','2019-03-10 14:30:03');
INSERT INTO PHLG_obs VALUES ('460','Today I ate honeydew.');
INSERT INTO Observation VALUES ('461','45','2019-03-10 15:00:00',null);
INSERT INTO PHLG_obs VALUES ('461','Today I ate apple sause.');
INSERT INTO Observation VALUES ('462','57','2019-03-10 15:30:00',null);
INSERT INTO PHLG_obs VALUES ('462','Today I practiced gymnastics.');
INSERT INTO Observation VALUES ('463','6','2019-03-10 16:00:00','2019-03-10 16:01:53');
INSERT INTO PHLG_obs VALUES ('463','I feel very careful this evening. On a scale from 1 to 10 I am a 8.');
INSERT INTO Observation VALUES ('464','2','2019-03-10 16:30:00','2019-03-10 16:30:21');
INSERT INTO PHLG_obs VALUES ('464','I feel very apathetic this afternoon. On a scale from 1 to 10 I am a 3.');
INSERT INTO Observation VALUES ('465','57','2019-03-10 17:00:00',null);
INSERT INTO PHLG_obs VALUES ('465','Today I practiced martial arts.');
INSERT INTO Observation VALUES ('466','87','2019-03-10 17:30:00',null);
INSERT INTO PHLG_obs VALUES ('466','Today I ate pizza.');
INSERT INTO Observation VALUES ('467','40','2019-03-10 18:00:00',null);
INSERT INTO PHLG_obs VALUES ('467','Today I played paintball.');
INSERT INTO Observation VALUES ('468','17','2019-03-10 18:30:00',null);
INSERT INTO PHLG_obs VALUES ('468','Today I bowled.');
INSERT INTO Observation VALUES ('469','97','2019-03-10 19:00:00',null);
INSERT INTO PHLG_obs VALUES ('469','I feel very serene this week. On a scale from 1 to 10 I am a 10.');
INSERT INTO Observation VALUES ('470','15','2019-03-10 19:30:00','2019-03-10 19:30:40');
INSERT INTO PHLG_obs VALUES ('470','Today I ate pizza.');
INSERT INTO Observation VALUES ('471','49','2019-03-10 20:00:00','2019-03-10 20:01:16');
INSERT INTO PHLG_obs VALUES ('471','Today I ate apple sause.');
INSERT INTO Observation VALUES ('472','70','2019-03-10 20:30:00',null);
INSERT INTO PHLG_obs VALUES ('472','Today I ate chicken nuggets.');
INSERT INTO Observation VALUES ('473','54','2019-03-10 21:00:00',null);
INSERT INTO PHLG_obs VALUES ('473','Today I ate sweet potatoes.');
INSERT INTO Observation VALUES ('474','19','2019-03-10 21:30:00',null);
INSERT INTO PHLG_obs VALUES ('474','Today I practiced martial arts.');
INSERT INTO Observation VALUES ('475','31','2019-03-10 22:00:00','2019-03-10 22:01:46');
INSERT INTO PHLG_obs VALUES ('475','Today I went snorkeling.');
INSERT INTO Observation VALUES ('476','114','2019-03-10 22:30:00',null);
INSERT INTO PHLG_obs VALUES ('476','Today I walked.');
INSERT INTO Observation VALUES ('477','114','2019-03-10 23:00:00','2019-03-10 23:00:51');
INSERT INTO PHLG_obs VALUES ('477','Today I ate french toast.');
INSERT INTO Observation VALUES ('478','49','2019-03-10 23:30:00','2019-03-10 23:30:36');
INSERT INTO PHLG_obs VALUES ('478','Today I went rafting.');
INSERT INTO Observation VALUES ('479','121','2019-03-11 00:00:00','2019-03-11 00:00:58');
INSERT INTO PHLG_obs VALUES ('479','I feel very captivated today. On a scale from 1 to 10 I am a 7.');
INSERT INTO Observation VALUES ('480','88','2019-03-11 00:30:00',null);
INSERT INTO PHLG_obs VALUES ('480','I feel very captivated today. On a scale from 1 to 10 I am a 7.');
INSERT INTO Observation VALUES ('481','11','2019-03-11 01:00:00',null);
INSERT INTO PHLG_obs VALUES ('481','Today I played football.');
INSERT INTO Observation VALUES ('482','9','2019-03-11 01:30:00','2019-03-11 01:31:09');
INSERT INTO PHLG_obs VALUES ('482','Today I ate biscuits and gravy.');
INSERT INTO Observation VALUES ('483','74','2019-03-11 02:00:00',null);
INSERT INTO PHLG_obs VALUES ('483','I feel extremely crafty this evening. On a scale from 1 to 10 I am a 10.');
INSERT INTO Observation VALUES ('484','113','2019-03-11 02:30:00',null);
INSERT INTO PHLG_obs VALUES ('484','I feel extremely anxious this evening. On a scale from 1 to 10 I am a 5.');
INSERT INTO Observation VALUES ('485','47','2019-03-11 03:00:00','2019-03-11 03:01:23');
INSERT INTO PHLG_obs VALUES ('485','Today I ate bagel.');
INSERT INTO Observation VALUES ('486','28','2019-03-11 03:30:00','2019-03-11 03:30:28');
INSERT INTO PHLG_obs VALUES ('486','I feel very certain this week. On a scale from 1 to 10 I am a 10.');
INSERT INTO Observation VALUES ('487','58','2019-03-11 04:00:00',null);
INSERT INTO PHLG_obs VALUES ('487','I feel extremely depressed today. On a scale from 1 to 10 I am a 3.');
INSERT INTO Observation VALUES ('488','104','2019-03-11 04:30:00','2019-03-11 04:30:37');
INSERT INTO PHLG_obs VALUES ('488','I feel extremely crafty this morning. On a scale from 1 to 10 I am a 7.');
INSERT INTO Observation VALUES ('489','114','2019-03-11 05:00:00','2019-03-11 05:00:23');
INSERT INTO PHLG_obs VALUES ('489','Today I ate sandwich.');
INSERT INTO Observation VALUES ('490','87','2019-03-11 05:30:00','2019-03-11 05:30:42');
INSERT INTO PHLG_obs VALUES ('490','Today I jogged.');
INSERT INTO Observation VALUES ('491','56','2019-03-11 06:00:00','2019-03-11 06:00:05');
INSERT INTO PHLG_obs VALUES ('491','Today I ate sushi.');
INSERT INTO Observation VALUES ('492','85','2019-03-11 06:30:00','2019-03-11 06:30:12');
INSERT INTO PHLG_obs VALUES ('492','Today I ate alfredo sauce.');
INSERT INTO Observation VALUES ('493','12','2019-03-11 07:00:00','2019-03-11 07:01:14');
INSERT INTO PHLG_obs VALUES ('493','I feel very frustrated this afternoon. On a scale from 1 to 10 I am a 1.');
INSERT INTO Observation VALUES ('494','48','2019-03-11 07:30:00','2019-03-11 07:30:07');
INSERT INTO PHLG_obs VALUES ('494','Today I went golfing.');
INSERT INTO Observation VALUES ('495','3','2019-03-11 08:00:00','2019-03-11 08:00:35');
INSERT INTO PHLG_obs VALUES ('495','Today I ate oranges.');
INSERT INTO Observation VALUES ('496','9','2019-03-11 08:30:00','2019-03-11 08:31:35');
INSERT INTO PHLG_obs VALUES ('496','Today I ate burger.');
INSERT INTO Observation VALUES ('497','89','2019-03-11 09:00:00',null);
INSERT INTO PHLG_obs VALUES ('497','I feel extremely angry this afternoon. On a scale from 1 to 10 I am a 5.');
INSERT INTO Observation VALUES ('498','38','2019-03-11 09:30:00',null);
INSERT INTO PHLG_obs VALUES ('498','I feel extremely comfortable this morning. On a scale from 1 to 10 I am a 9.');
INSERT INTO Observation VALUES ('499','39','2019-03-11 10:00:00',null);
INSERT INTO PHLG_obs VALUES ('499','Today I played soccer.');
INSERT INTO Observation VALUES ('500','85','2019-03-11 10:30:00',null);
INSERT INTO PHLG_obs VALUES ('500','Today I ate fried rice.');
INSERT INTO Observation VALUES ('501','8','2019-03-11 11:00:00',null);
INSERT INTO PHLG_obs VALUES ('501','Today I bowled.');
INSERT INTO Observation VALUES ('502','43','2019-03-11 11:30:00',null);
INSERT INTO PHLG_obs VALUES ('502','Today I ate crepes.');
INSERT INTO Observation VALUES ('503','49','2019-03-11 12:00:00','2019-03-11 12:00:26');
INSERT INTO PHLG_obs VALUES ('503','Today I ate muffins.');
INSERT INTO Observation VALUES ('504','120','2019-03-11 12:30:00',null);
INSERT INTO PHLG_obs VALUES ('504','Today I ate chimichanga.');
INSERT INTO Observation VALUES ('505','110','2019-03-11 13:00:00','2019-03-11 13:00:46');
INSERT INTO PHLG_obs VALUES ('505','Today I ate carrot cake.');
INSERT INTO Observation VALUES ('506','43','2019-03-11 13:30:00','2019-03-11 13:31:06');
INSERT INTO PHLG_obs VALUES ('506','I feel extremely great this week. On a scale from 1 to 10 I am a 8.');
INSERT INTO Observation VALUES ('507','34','2019-03-11 14:00:00',null);
INSERT INTO PHLG_obs VALUES ('507','Today I ate cheese.');
INSERT INTO Observation VALUES ('508','100','2019-03-11 14:30:00',null);
INSERT INTO PHLG_obs VALUES ('508','Today I played soccer.');
INSERT INTO Observation VALUES ('509','104','2019-03-11 15:00:00','2019-03-11 15:01:57');
INSERT INTO PHLG_obs VALUES ('509','Today I ate fried chicken.');
INSERT INTO Observation VALUES ('510','78','2019-03-11 15:30:00','2019-03-11 15:31:02');
INSERT INTO PHLG_obs VALUES ('510','I feel extremely anxious this morning. On a scale from 1 to 10 I am a 2.');
INSERT INTO Observation VALUES ('511','68','2019-03-11 16:00:00','2019-03-11 16:01:26');
INSERT INTO PHLG_obs VALUES ('511','I feel extremely capable this afternoon. On a scale from 1 to 10 I am a 8.');
INSERT INTO Observation VALUES ('512','119','2019-03-11 16:30:00',null);
INSERT INTO PHLG_obs VALUES ('512','I feel very despair this week. On a scale from 1 to 10 I am a 5.');
INSERT INTO Observation VALUES ('513','104','2019-03-11 17:00:00',null);
INSERT INTO PHLG_obs VALUES ('513','Today I lighted free weights.');
INSERT INTO Observation VALUES ('514','65','2019-03-11 17:30:00','2019-03-11 17:30:09');
INSERT INTO PHLG_obs VALUES ('514','I feel very amazing this afternoon. On a scale from 1 to 10 I am a 10.');
INSERT INTO Observation VALUES ('515','46','2019-03-11 18:00:00','2019-03-11 18:00:37');
INSERT INTO PHLG_obs VALUES ('515','Today I ate mac and cheese.');
INSERT INTO Observation VALUES ('516','65','2019-03-11 18:30:00','2019-03-11 18:30:33');
INSERT INTO PHLG_obs VALUES ('516','I feel very angry this evening. On a scale from 1 to 10 I am a 4.');
INSERT INTO Observation VALUES ('517','97','2019-03-11 19:00:00',null);
INSERT INTO PHLG_obs VALUES ('517','Today I ate shrimp.');
INSERT INTO Observation VALUES ('518','29','2019-03-11 19:30:00','2019-03-11 19:30:02');
INSERT INTO PHLG_obs VALUES ('518','Today I stretched.');
INSERT INTO Observation VALUES ('519','99','2019-03-11 20:00:00','2019-03-11 20:00:17');
INSERT INTO PHLG_obs VALUES ('519','Today I ate mac and cheese.');
INSERT INTO Observation VALUES ('520','57','2019-03-11 20:30:00','2019-03-11 20:31:17');
INSERT INTO PHLG_obs VALUES ('520','Today I ate turkey.');
INSERT INTO Observation VALUES ('521','84','2019-03-11 21:00:00','2019-03-11 21:01:02');
INSERT INTO PHLG_obs VALUES ('521','Today I ran on treadmill.');
INSERT INTO Observation VALUES ('522','53','2019-03-11 21:30:00','2019-03-11 21:31:40');
INSERT INTO PHLG_obs VALUES ('522','Today I went rafting.');
INSERT INTO Observation VALUES ('523','117','2019-03-11 22:00:00',null);
INSERT INTO PHLG_obs VALUES ('523','Today I ate eggs.');
INSERT INTO Observation VALUES ('524','47','2019-03-11 22:30:00','2019-03-11 22:30:56');
INSERT INTO PHLG_obs VALUES ('524','Today I practiced martial arts.');
INSERT INTO Observation VALUES ('525','69','2019-03-11 23:00:00',null);
INSERT INTO PHLG_obs VALUES ('525','I feel extremely angry this afternoon. On a scale from 1 to 10 I am a 1.');
INSERT INTO Observation VALUES ('526','21','2019-03-11 23:30:00',null);
INSERT INTO PHLG_obs VALUES ('526','I feel very frustrated this afternoon. On a scale from 1 to 10 I am a 4.');
INSERT INTO Observation VALUES ('527','57','2019-03-12 00:00:00',null);
INSERT INTO PHLG_obs VALUES ('527','Today I went camping.');
INSERT INTO Observation VALUES ('528','118','2019-03-12 00:30:00',null);
INSERT INTO PHLG_obs VALUES ('528','Today I went sailing.');
INSERT INTO Observation VALUES ('529','116','2019-03-12 01:00:00',null);
INSERT INTO PHLG_obs VALUES ('529','Today I jogged.');
INSERT INTO Observation VALUES ('530','34','2019-03-12 01:30:00','2019-03-12 01:31:35');
INSERT INTO PHLG_obs VALUES ('530','I feel extremely discouraged this morning. On a scale from 1 to 10 I am a 4.');
INSERT INTO Observation VALUES ('531','61','2019-03-12 02:00:00',null);
INSERT INTO PHLG_obs VALUES ('531','Today I ate apples.');
INSERT INTO Observation VALUES ('532','57','2019-03-12 02:30:00',null);
INSERT INTO PHLG_obs VALUES ('532','Today I played football.');
INSERT INTO Observation VALUES ('533','109','2019-03-12 03:00:00',null);
INSERT INTO PHLG_obs VALUES ('533','I feel extremely guilty this week. On a scale from 1 to 10 I am a 3.');
INSERT INTO Observation VALUES ('534','121','2019-03-12 03:30:00','2019-03-12 03:30:31');
INSERT INTO PHLG_obs VALUES ('534','Today I ate hot dogs.');
INSERT INTO Observation VALUES ('535','120','2019-03-12 04:00:00','2019-03-12 04:01:53');
INSERT INTO PHLG_obs VALUES ('535','Today I lighted free weights.');
INSERT INTO Observation VALUES ('536','35','2019-03-12 04:30:00',null);
INSERT INTO PHLG_obs VALUES ('536','Today I ate chicken tenders.');
INSERT INTO Observation VALUES ('537','50','2019-03-12 05:00:00','2019-03-12 05:00:12');
INSERT INTO PHLG_obs VALUES ('537','Today I went kayaking.');
INSERT INTO Observation VALUES ('538','36','2019-03-12 05:30:00',null);
INSERT INTO PHLG_obs VALUES ('538','Today I practiced gymnastics.');
INSERT INTO Observation VALUES ('539','18','2019-03-12 06:00:00','2019-03-12 06:00:38');
INSERT INTO PHLG_obs VALUES ('539','Today I played football.');
INSERT INTO Observation VALUES ('540','64','2019-03-12 06:30:00','2019-03-12 06:31:43');
INSERT INTO PHLG_obs VALUES ('540','Today I practiced martial arts.');
INSERT INTO Observation VALUES ('541','61','2019-03-12 07:00:00','2019-03-12 07:00:56');
INSERT INTO PHLG_obs VALUES ('541','Today I went camping.');
INSERT INTO Observation VALUES ('542','95','2019-03-12 07:30:00','2019-03-12 07:30:27');
INSERT INTO PHLG_obs VALUES ('542','I feel extremely sad today. On a scale from 1 to 10 I am a 3.');
INSERT INTO Observation VALUES ('543','68','2019-03-12 08:00:00',null);
INSERT INTO PHLG_obs VALUES ('543','Today I used a stationary bike.');
INSERT INTO Observation VALUES ('544','39','2019-03-12 08:30:00',null);
INSERT INTO PHLG_obs VALUES ('544','I feel extremely chivalrous this week. On a scale from 1 to 10 I am a 10.');
INSERT INTO Observation VALUES ('545','122','2019-03-12 09:00:00','2019-03-12 09:01:39');
INSERT INTO PHLG_obs VALUES ('545','I feel extremely clever this month. On a scale from 1 to 10 I am a 10.');
INSERT INTO Observation VALUES ('546','15','2019-03-12 09:30:00',null);
INSERT INTO PHLG_obs VALUES ('546','I feel extremely apathetic this month. On a scale from 1 to 10 I am a 1.');
INSERT INTO Observation VALUES ('547','59','2019-03-12 10:00:00','2019-03-12 10:00:53');
INSERT INTO PHLG_obs VALUES ('547','I feel very chivalrous this week. On a scale from 1 to 10 I am a 9.');
INSERT INTO Observation VALUES ('548','95','2019-03-12 10:30:00','2019-03-12 10:30:59');
INSERT INTO PHLG_obs VALUES ('548','Today I went ice skating.');
INSERT INTO Observation VALUES ('549','60','2019-03-12 11:00:00','2019-03-12 11:00:05');
INSERT INTO PHLG_obs VALUES ('549','Today I went sailing.');
INSERT INTO Observation VALUES ('550','24','2019-03-12 11:30:00','2019-03-12 11:30:45');
INSERT INTO PHLG_obs VALUES ('550','I feel very despair this week. On a scale from 1 to 10 I am a 4.');
INSERT INTO Observation VALUES ('551','4','2019-03-12 12:00:00','2019-03-12 12:00:52');
INSERT INTO PHLG_obs VALUES ('551','Today I went golfing.');
INSERT INTO Observation VALUES ('552','78','2019-03-12 12:30:00','2019-03-12 12:31:56');
INSERT INTO PHLG_obs VALUES ('552','Today I went scuba diving.');
INSERT INTO Observation VALUES ('553','25','2019-03-12 13:00:00',null);
INSERT INTO PHLG_obs VALUES ('553','I feel very cheerful today. On a scale from 1 to 10 I am a 6.');
INSERT INTO Observation VALUES ('554','78','2019-03-12 13:30:00',null);
INSERT INTO PHLG_obs VALUES ('554','Today I practiced wrestling.');
INSERT INTO Observation VALUES ('555','99','2019-03-12 14:00:00','2019-03-12 14:00:04');
INSERT INTO PHLG_obs VALUES ('555','Today I ate carrot cake.');
INSERT INTO Observation VALUES ('556','29','2019-03-12 14:30:00',null);
INSERT INTO PHLG_obs VALUES ('556','I feel extremely guilty this afternoon. On a scale from 1 to 10 I am a 1.');
INSERT INTO Observation VALUES ('557','66','2019-03-12 15:00:00',null);
INSERT INTO PHLG_obs VALUES ('557','Today I ate nachos.');
INSERT INTO Observation VALUES ('558','27','2019-03-12 15:30:00','2019-03-12 15:31:31');
INSERT INTO PHLG_obs VALUES ('558','I feel extremely anxious this afternoon. On a scale from 1 to 10 I am a 2.');
INSERT INTO Observation VALUES ('559','120','2019-03-12 16:00:00',null);
INSERT INTO PHLG_obs VALUES ('559','Today I ate onion rings.');
INSERT INTO Observation VALUES ('560','87','2019-03-12 16:30:00',null);
INSERT INTO PHLG_obs VALUES ('560','Today I played soccer.');
INSERT INTO Observation VALUES ('561','7','2019-03-12 17:00:00','2019-03-12 17:01:25');
INSERT INTO PHLG_obs VALUES ('561','Today I played paintball.');
INSERT INTO Observation VALUES ('562','124','2019-03-12 17:30:00',null);
INSERT INTO PHLG_obs VALUES ('562','Today I jogged.');
INSERT INTO Observation VALUES ('563','104','2019-03-12 18:00:00',null);
INSERT INTO PHLG_obs VALUES ('563','Today I ate carrot cake.');
INSERT INTO Observation VALUES ('564','39','2019-03-12 18:30:00','2019-03-12 18:30:19');
INSERT INTO PHLG_obs VALUES ('564','Today I ate croissant.');
INSERT INTO Observation VALUES ('565','2','2019-03-12 19:00:00',null);
INSERT INTO PHLG_obs VALUES ('565','Today I danced.');
INSERT INTO Observation VALUES ('566','93','2019-03-12 19:30:00','2019-03-12 19:30:18');
INSERT INTO PHLG_obs VALUES ('566','Today I ate crepes.');
INSERT INTO Observation VALUES ('567','63','2019-03-12 20:00:00','2019-03-12 20:01:15');
INSERT INTO PHLG_obs VALUES ('567','Today I played basketball.');
INSERT INTO Observation VALUES ('568','109','2019-03-12 20:30:00','2019-03-12 20:31:58');
INSERT INTO PHLG_obs VALUES ('568','Today I stretched.');
INSERT INTO Observation VALUES ('569','62','2019-03-12 21:00:00',null);
INSERT INTO PHLG_obs VALUES ('569','Today I went kayaking.');
INSERT INTO Observation VALUES ('570','70','2019-03-12 21:30:00',null);
INSERT INTO PHLG_obs VALUES ('570','Today I played tennis.');
INSERT INTO Observation VALUES ('571','114','2019-03-12 22:00:00',null);
INSERT INTO PHLG_obs VALUES ('571','Today I played baseball.');
INSERT INTO Observation VALUES ('572','92','2019-03-12 22:30:00',null);
INSERT INTO PHLG_obs VALUES ('572','I feel extremely depressed this month. On a scale from 1 to 10 I am a 5.');
INSERT INTO Observation VALUES ('573','75','2019-03-12 23:00:00','2019-03-12 23:00:16');
INSERT INTO PHLG_obs VALUES ('573','Today I ate bagel.');
INSERT INTO Observation VALUES ('574','62','2019-03-12 23:30:00',null);
INSERT INTO PHLG_obs VALUES ('574','Today I ate pasta.');
INSERT INTO Observation VALUES ('575','9','2019-03-13 00:00:00',null);
INSERT INTO PHLG_obs VALUES ('575','Today I played soccer.');
INSERT INTO Observation VALUES ('576','19','2019-03-13 00:30:00',null);
INSERT INTO PHLG_obs VALUES ('576','I feel very fearful today. On a scale from 1 to 10 I am a 1.');
INSERT INTO Observation VALUES ('577','6','2019-03-13 01:00:00','2019-03-13 01:00:21');
INSERT INTO PHLG_obs VALUES ('577','Today I went trail running.');
INSERT INTO Observation VALUES ('578','111','2019-03-13 01:30:00',null);
INSERT INTO PHLG_obs VALUES ('578','Today I ate potato chips.');
INSERT INTO Observation VALUES ('579','5','2019-03-13 02:00:00','2019-03-13 02:01:24');
INSERT INTO PHLG_obs VALUES ('579','I feel extremely frustrated this month. On a scale from 1 to 10 I am a 4.');
INSERT INTO Observation VALUES ('580','93','2019-03-13 02:30:00',null);
INSERT INTO PHLG_obs VALUES ('580','Today I ate enchilada.');
INSERT INTO Observation VALUES ('581','11','2019-03-13 03:00:00',null);
INSERT INTO PHLG_obs VALUES ('581','Today I ate gelatin.');
INSERT INTO Observation VALUES ('582','104','2019-03-13 03:30:00','2019-03-13 03:31:01');
INSERT INTO PHLG_obs VALUES ('582','Today I went sailing.');
INSERT INTO Observation VALUES ('583','14','2019-03-13 04:00:00',null);
INSERT INTO PHLG_obs VALUES ('583','Today I played volleyball.');
INSERT INTO Observation VALUES ('584','99','2019-03-13 04:30:00',null);
INSERT INTO PHLG_obs VALUES ('584','Today I went rafting.');
INSERT INTO Observation VALUES ('585','25','2019-03-13 05:00:00','2019-03-13 05:00:36');
INSERT INTO PHLG_obs VALUES ('585','I feel extremely sad this week. On a scale from 1 to 10 I am a 4.');
INSERT INTO Observation VALUES ('586','27','2019-03-13 05:30:00',null);
INSERT INTO PHLG_obs VALUES ('586','I feel extremely prideful this afternoon. On a scale from 1 to 10 I am a 6.');
INSERT INTO Observation VALUES ('587','99','2019-03-13 06:00:00',null);
INSERT INTO PHLG_obs VALUES ('587','I feel very enthusiastic this afternoon. On a scale from 1 to 10 I am a 8.');
INSERT INTO Observation VALUES ('588','88','2019-03-13 06:30:00','2019-03-13 06:30:22');
INSERT INTO PHLG_obs VALUES ('588','Today I went hiking.');
INSERT INTO Observation VALUES ('589','114','2019-03-13 07:00:00','2019-03-13 07:01:41');
INSERT INTO PHLG_obs VALUES ('589','Today I ate oranges.');
INSERT INTO Observation VALUES ('590','30','2019-03-13 07:30:00',null);
INSERT INTO PHLG_obs VALUES ('590','Today I ate fried rice.');
INSERT INTO Observation VALUES ('591','45','2019-03-13 08:00:00',null);
INSERT INTO PHLG_obs VALUES ('591','Today I ate onion rings.');
INSERT INTO Observation VALUES ('592','55','2019-03-13 08:30:00',null);
INSERT INTO PHLG_obs VALUES ('592','I feel extremely sad this month. On a scale from 1 to 10 I am a 3.');
INSERT INTO Observation VALUES ('593','26','2019-03-13 09:00:00',null);
INSERT INTO PHLG_obs VALUES ('593','Today I ate calzone.');
INSERT INTO Observation VALUES ('594','93','2019-03-13 09:30:00',null);
INSERT INTO PHLG_obs VALUES ('594','I feel very kind this month. On a scale from 1 to 10 I am a 6.');
INSERT INTO Observation VALUES ('595','100','2019-03-13 10:00:00','2019-03-13 10:01:26');
INSERT INTO PHLG_obs VALUES ('595','I feel very sad today. On a scale from 1 to 10 I am a 5.');
INSERT INTO Observation VALUES ('596','91','2019-03-13 10:30:00','2019-03-13 10:31:01');
INSERT INTO PHLG_obs VALUES ('596','Today I went camping.');
INSERT INTO Observation VALUES ('597','53','2019-03-13 11:00:00',null);
INSERT INTO PHLG_obs VALUES ('597','I feel very pleasant this month. On a scale from 1 to 10 I am a 10.');
INSERT INTO Observation VALUES ('598','110','2019-03-13 11:30:00',null);
INSERT INTO PHLG_obs VALUES ('598','Today I ate chicken nuggets.');
INSERT INTO Observation VALUES ('599','54','2019-03-13 12:00:00',null);
INSERT INTO PHLG_obs VALUES ('599','Today I ate roasted chicken and garlic.');
INSERT INTO Observation VALUES ('600','101','2019-03-13 12:30:00',null);
INSERT INTO PHLG_obs VALUES ('600','Today I went ice skating.');
INSERT INTO Observation VALUES ('601','87','2019-03-13 13:00:00','2019-03-13 13:00:29');
INSERT INTO PHLG_obs VALUES ('601','Today I used a rowing machine.');
INSERT INTO Observation VALUES ('602','120','2019-03-13 13:30:00','2019-03-13 13:31:42');
INSERT INTO PHLG_obs VALUES ('602','I feel extremely loved today. On a scale from 1 to 10 I am a 7.');
INSERT INTO Observation VALUES ('603','73','2019-03-13 14:00:00',null);
INSERT INTO PHLG_obs VALUES ('603','Today I swam.');
INSERT INTO Observation VALUES ('604','84','2019-03-13 14:30:00',null);
INSERT INTO PHLG_obs VALUES ('604','I feel very anxious this week. On a scale from 1 to 10 I am a 4.');
INSERT INTO Observation VALUES ('605','122','2019-03-13 15:00:00','2019-03-13 15:00:11');
INSERT INTO PHLG_obs VALUES ('605','Today I went bicycling.');
INSERT INTO Observation VALUES ('606','36','2019-03-13 15:30:00','2019-03-13 15:31:57');
INSERT INTO PHLG_obs VALUES ('606','Today I ate pizza.');
INSERT INTO Observation VALUES ('607','68','2019-03-13 16:00:00',null);
INSERT INTO PHLG_obs VALUES ('607','Today I bowled.');
INSERT INTO Observation VALUES ('608','48','2019-03-13 16:30:00','2019-03-13 16:31:12');
INSERT INTO PHLG_obs VALUES ('608','I feel extremely capable today. On a scale from 1 to 10 I am a 8.');
INSERT INTO Observation VALUES ('609','115','2019-03-13 17:00:00','2019-03-13 17:00:00');
INSERT INTO PHLG_obs VALUES ('609','I feel very apathetic this month. On a scale from 1 to 10 I am a 3.');
INSERT INTO Observation VALUES ('610','92','2019-03-13 17:30:00',null);
INSERT INTO PHLG_obs VALUES ('610','I feel very lovely this week. On a scale from 1 to 10 I am a 6.');
INSERT INTO Observation VALUES ('611','90','2019-03-13 18:00:00',null);
INSERT INTO PHLG_obs VALUES ('611','Today I played football.');
INSERT INTO Observation VALUES ('612','93','2019-03-13 18:30:00',null);
INSERT INTO PHLG_obs VALUES ('612','Today I ate ginger bread.');
INSERT INTO Observation VALUES ('613','40','2019-03-13 19:00:00',null);
INSERT INTO PHLG_obs VALUES ('613','Today I went golfing.');
INSERT INTO Observation VALUES ('614','114','2019-03-13 19:30:00','2019-03-13 19:30:44');
INSERT INTO PHLG_obs VALUES ('614','I feel extremely depressed this week. On a scale from 1 to 10 I am a 1.');
INSERT INTO Observation VALUES ('615','9','2019-03-13 20:00:00','2019-03-13 20:00:08');
INSERT INTO PHLG_obs VALUES ('615','Today I did calisthenics exercises.');
INSERT INTO Observation VALUES ('616','101','2019-03-13 20:30:00','2019-03-13 20:30:00');
INSERT INTO PHLG_obs VALUES ('616','Today I used a stationary bike.');
INSERT INTO Observation VALUES ('617','113','2019-03-13 21:00:00','2019-03-13 21:01:51');
INSERT INTO PHLG_obs VALUES ('617','Today I played volleyball.');
INSERT INTO Observation VALUES ('618','57','2019-03-13 21:30:00',null);
INSERT INTO PHLG_obs VALUES ('618','Today I went ice skating.');
INSERT INTO Observation VALUES ('619','90','2019-03-13 22:00:00',null);
INSERT INTO PHLG_obs VALUES ('619','Today I ate pizza.');
INSERT INTO Observation VALUES ('620','97','2019-03-13 22:30:00',null);
INSERT INTO PHLG_obs VALUES ('620','I feel extremely pleasant this afternoon. On a scale from 1 to 10 I am a 9.');
INSERT INTO Observation VALUES ('621','96','2019-03-13 23:00:00',null);
INSERT INTO PHLG_obs VALUES ('621','I feel extremely guilty this month. On a scale from 1 to 10 I am a 1.');
INSERT INTO Observation VALUES ('622','77','2019-03-13 23:30:00',null);
INSERT INTO PHLG_obs VALUES ('622','I feel very depressed this week. On a scale from 1 to 10 I am a 4.');
INSERT INTO Observation VALUES ('623','34','2019-03-14 00:00:00',null);
INSERT INTO PHLG_obs VALUES ('623','Today I went rock climbing.');
INSERT INTO Observation VALUES ('624','125','2019-03-14 00:30:00','2019-03-14 00:31:54');
INSERT INTO PHLG_obs VALUES ('624','Today I ate steak.');
INSERT INTO Observation VALUES ('625','2','2019-03-14 01:00:00','2019-03-14 01:01:38');
INSERT INTO PHLG_obs VALUES ('625','Today I ate sweet potatoes.');
INSERT INTO Observation VALUES ('626','32','2019-03-14 01:30:00',null);
INSERT INTO PHLG_obs VALUES ('626','Today I ate pizza.');
INSERT INTO Observation VALUES ('627','24','2019-03-14 02:00:00','2019-03-14 02:01:12');
INSERT INTO PHLG_obs VALUES ('627','Today I ate chicken pot pie.');
INSERT INTO Observation VALUES ('628','64','2019-03-14 02:30:00','2019-03-14 02:31:06');
INSERT INTO PHLG_obs VALUES ('628','I feel extremely discouraged today. On a scale from 1 to 10 I am a 3.');
INSERT INTO Observation VALUES ('629','18','2019-03-14 03:00:00','2019-03-14 03:00:06');
INSERT INTO PHLG_obs VALUES ('629','Today I ate salad.');
INSERT INTO Observation VALUES ('630','32','2019-03-14 03:30:00','2019-03-14 03:31:48');
INSERT INTO PHLG_obs VALUES ('630','I feel extremely despair this week. On a scale from 1 to 10 I am a 5.');
INSERT INTO Observation VALUES ('631','17','2019-03-14 04:00:00','2019-03-14 04:00:06');
INSERT INTO PHLG_obs VALUES ('631','Today I did aerobics.');
INSERT INTO Observation VALUES ('632','73','2019-03-14 04:30:00',null);
INSERT INTO PHLG_obs VALUES ('632','Today I ate salad.');
INSERT INTO Observation VALUES ('633','118','2019-03-14 05:00:00','2019-03-14 05:00:15');
INSERT INTO PHLG_obs VALUES ('633','Today I played soccer.');
INSERT INTO Observation VALUES ('634','3','2019-03-14 05:30:00','2019-03-14 05:30:24');
INSERT INTO PHLG_obs VALUES ('634','Today I bowled.');
INSERT INTO Observation VALUES ('635','100','2019-03-14 06:00:00','2019-03-14 06:01:05');
INSERT INTO PHLG_obs VALUES ('635','I feel very frustrated this month. On a scale from 1 to 10 I am a 3.');
INSERT INTO Observation VALUES ('636','83','2019-03-14 06:30:00','2019-03-14 06:30:26');
INSERT INTO PHLG_obs VALUES ('636','Today I went jet skiing.');
INSERT INTO Observation VALUES ('637','76','2019-03-14 07:00:00','2019-03-14 07:00:02');
INSERT INTO PHLG_obs VALUES ('637','I feel very apathetic this afternoon. On a scale from 1 to 10 I am a 3.');
INSERT INTO Observation VALUES ('638','99','2019-03-14 07:30:00','2019-03-14 07:31:55');
INSERT INTO PHLG_obs VALUES ('638','Today I ate chimichanga.');
INSERT INTO Observation VALUES ('639','108','2019-03-14 08:00:00','2019-03-14 08:01:58');
INSERT INTO PHLG_obs VALUES ('639','I feel very enthusiastic today. On a scale from 1 to 10 I am a 8.');
INSERT INTO Observation VALUES ('640','111','2019-03-14 08:30:00','2019-03-14 08:30:25');
INSERT INTO PHLG_obs VALUES ('640','I feel very chivalrous this afternoon. On a scale from 1 to 10 I am a 6.');
INSERT INTO Observation VALUES ('641','104','2019-03-14 09:00:00',null);
INSERT INTO PHLG_obs VALUES ('641','Today I ate pancakes.');
INSERT INTO Observation VALUES ('642','74','2019-03-14 09:30:00',null);
INSERT INTO PHLG_obs VALUES ('642','Today I ate tomato.');
INSERT INTO Observation VALUES ('643','11','2019-03-14 10:00:00',null);
INSERT INTO PHLG_obs VALUES ('643','Today I ate chicken nuggets.');
INSERT INTO Observation VALUES ('644','31','2019-03-14 10:30:00','2019-03-14 10:30:14');
INSERT INTO PHLG_obs VALUES ('644','Today I went snorkeling.');
INSERT INTO Observation VALUES ('645','8','2019-03-14 11:00:00',null);
INSERT INTO PHLG_obs VALUES ('645','Today I ate apple pie.');
INSERT INTO Observation VALUES ('646','8','2019-03-14 11:30:00',null);
INSERT INTO PHLG_obs VALUES ('646','Today I used a stationary bike.');
INSERT INTO Observation VALUES ('647','90','2019-03-14 12:00:00','2019-03-14 12:00:13');
INSERT INTO PHLG_obs VALUES ('647','I feel very good this week. On a scale from 1 to 10 I am a 6.');
INSERT INTO Observation VALUES ('648','41','2019-03-14 12:30:00',null);
INSERT INTO PHLG_obs VALUES ('648','Today I went canoeing.');
INSERT INTO Observation VALUES ('649','3','2019-03-14 13:00:00',null);
INSERT INTO PHLG_obs VALUES ('649','Today I ate tacos.');
INSERT INTO Observation VALUES ('650','123','2019-03-14 13:30:00','2019-03-14 13:30:27');
INSERT INTO PHLG_obs VALUES ('650','Today I ate cheesecake.');
INSERT INTO Observation VALUES ('651','37','2019-03-14 14:00:00',null);
INSERT INTO PHLG_obs VALUES ('651','I feel extremely despair this week. On a scale from 1 to 10 I am a 2.');
INSERT INTO Observation VALUES ('652','97','2019-03-14 14:30:00',null);
INSERT INTO PHLG_obs VALUES ('652','Today I played ice hockey.');
INSERT INTO Observation VALUES ('653','4','2019-03-14 15:00:00',null);
INSERT INTO PHLG_obs VALUES ('653','Today I ate ice cream cake.');
INSERT INTO Observation VALUES ('654','112','2019-03-14 15:30:00',null);
INSERT INTO PHLG_obs VALUES ('654','I feel very happy today. On a scale from 1 to 10 I am a 9.');
INSERT INTO Observation VALUES ('655','74','2019-03-14 16:00:00',null);
INSERT INTO PHLG_obs VALUES ('655','I feel extremely enthusiastic this week. On a scale from 1 to 10 I am a 8.');
INSERT INTO Observation VALUES ('656','104','2019-03-14 16:30:00',null);
INSERT INTO PHLG_obs VALUES ('656','I feel extremely fearful this morning. On a scale from 1 to 10 I am a 2.');
INSERT INTO Observation VALUES ('657','119','2019-03-14 17:00:00',null);
INSERT INTO PHLG_obs VALUES ('657','Today I ate tomato.');
INSERT INTO Observation VALUES ('658','45','2019-03-14 17:30:00',null);
INSERT INTO PHLG_obs VALUES ('658','I feel very cheerful today. On a scale from 1 to 10 I am a 10.');
INSERT INTO Observation VALUES ('659','25','2019-03-14 18:00:00','2019-03-14 18:00:49');
INSERT INTO PHLG_obs VALUES ('659','I feel extremely amused this afternoon. On a scale from 1 to 10 I am a 7.');
INSERT INTO Observation VALUES ('660','76','2019-03-14 18:30:00','2019-03-14 18:30:06');
INSERT INTO PHLG_obs VALUES ('660','Today I played football.');
INSERT INTO Observation VALUES ('661','41','2019-03-14 19:00:00',null);
INSERT INTO PHLG_obs VALUES ('661','I feel extremely capable this afternoon. On a scale from 1 to 10 I am a 9.');
INSERT INTO Observation VALUES ('662','29','2019-03-14 19:30:00','2019-03-14 19:31:40');
INSERT INTO PHLG_obs VALUES ('662','Today I went ice skating.');
INSERT INTO Observation VALUES ('663','12','2019-03-14 20:00:00','2019-03-14 20:00:13');
INSERT INTO PHLG_obs VALUES ('663','Today I went golfing.');
INSERT INTO Observation VALUES ('664','6','2019-03-14 20:30:00','2019-03-14 20:31:26');
INSERT INTO PHLG_obs VALUES ('664','Today I ate meatballs.');
INSERT INTO Observation VALUES ('665','98','2019-03-14 21:00:00','2019-03-14 21:00:17');
INSERT INTO PHLG_obs VALUES ('665','Today I went jet skiing.');
INSERT INTO Observation VALUES ('666','41','2019-03-14 21:30:00','2019-03-14 21:30:13');
INSERT INTO PHLG_obs VALUES ('666','I feel very frustrated this morning. On a scale from 1 to 10 I am a 1.');
INSERT INTO Observation VALUES ('667','10','2019-03-14 22:00:00',null);
INSERT INTO PHLG_obs VALUES ('667','Today I ate chimichanga.');
INSERT INTO Observation VALUES ('668','89','2019-03-14 22:30:00','2019-03-14 22:31:57');
INSERT INTO PHLG_obs VALUES ('668','Today I ate french toast.');
INSERT INTO Observation VALUES ('669','42','2019-03-14 23:00:00',null);
INSERT INTO PHLG_obs VALUES ('669','Today I walked.');
INSERT INTO Observation VALUES ('670','99','2019-03-14 23:30:00',null);
INSERT INTO PHLG_obs VALUES ('670','Today I ate meatballs.');
INSERT INTO Observation VALUES ('671','12','2019-03-15 00:00:00','2019-03-15 00:00:06');
INSERT INTO PHLG_obs VALUES ('671','Today I ate ice cream cake.');
INSERT INTO Observation VALUES ('672','89','2019-03-15 00:30:00',null);
INSERT INTO PHLG_obs VALUES ('672','I feel extremely anxious this week. On a scale from 1 to 10 I am a 1.');
INSERT INTO Observation VALUES ('673','43','2019-03-15 01:00:00',null);
INSERT INTO PHLG_obs VALUES ('673','I feel extremely comfortable this morning. On a scale from 1 to 10 I am a 6.');
INSERT INTO Observation VALUES ('674','84','2019-03-15 01:30:00',null);
INSERT INTO PHLG_obs VALUES ('674','I feel very comfortable this month. On a scale from 1 to 10 I am a 9.');
INSERT INTO Observation VALUES ('675','110','2019-03-15 02:00:00',null);
INSERT INTO PHLG_obs VALUES ('675','Today I ate pancakes.');
INSERT INTO Observation VALUES ('676','64','2019-03-15 02:30:00','2019-03-15 02:30:31');
INSERT INTO PHLG_obs VALUES ('676','Today I went hiking.');
INSERT INTO Observation VALUES ('677','25','2019-03-15 03:00:00','2019-03-15 03:00:16');
INSERT INTO PHLG_obs VALUES ('677','I feel very content this week. On a scale from 1 to 10 I am a 6.');
INSERT INTO Observation VALUES ('678','57','2019-03-15 03:30:00',null);
INSERT INTO PHLG_obs VALUES ('678','Today I ate zucchini.');
INSERT INTO Observation VALUES ('679','111','2019-03-15 04:00:00',null);
INSERT INTO PHLG_obs VALUES ('679','I feel very chivalrous this evening. On a scale from 1 to 10 I am a 9.');
INSERT INTO Observation VALUES ('680','92','2019-03-15 04:30:00','2019-03-15 04:30:06');
INSERT INTO PHLG_obs VALUES ('680','Today I ate pasta.');
INSERT INTO Observation VALUES ('681','18','2019-03-15 05:00:00','2019-03-15 05:00:09');
INSERT INTO PHLG_obs VALUES ('681','Today I ate peaches.');
INSERT INTO Observation VALUES ('682','54','2019-03-15 05:30:00',null);
INSERT INTO PHLG_obs VALUES ('682','Today I ate banana bread.');
INSERT INTO Observation VALUES ('683','108','2019-03-15 06:00:00','2019-03-15 06:01:59');
INSERT INTO PHLG_obs VALUES ('683','Today I ate lamb chops.');
INSERT INTO Observation VALUES ('684','93','2019-03-15 06:30:00',null);
INSERT INTO PHLG_obs VALUES ('684','Today I lighted free weights.');
INSERT INTO Observation VALUES ('685','37','2019-03-15 07:00:00',null);
INSERT INTO PHLG_obs VALUES ('685','Today I went jet skiing.');
INSERT INTO Observation VALUES ('686','17','2019-03-15 07:30:00',null);
INSERT INTO PHLG_obs VALUES ('686','I feel very lovely this week. On a scale from 1 to 10 I am a 9.');
INSERT INTO Observation VALUES ('687','36','2019-03-15 08:00:00',null);
INSERT INTO PHLG_obs VALUES ('687','I feel extremely good this morning. On a scale from 1 to 10 I am a 9.');
INSERT INTO Observation VALUES ('688','76','2019-03-15 08:30:00','2019-03-15 08:30:58');
INSERT INTO PHLG_obs VALUES ('688','I feel very motivated this afternoon. On a scale from 1 to 10 I am a 6.');
INSERT INTO Observation VALUES ('689','54','2019-03-15 09:00:00','2019-03-15 09:01:36');
INSERT INTO PHLG_obs VALUES ('689','Today I ate peaches.');
INSERT INTO Observation VALUES ('690','7','2019-03-15 09:30:00','2019-03-15 09:31:07');
INSERT INTO PHLG_obs VALUES ('690','Today I practiced wrestling.');
INSERT INTO Observation VALUES ('691','28','2019-03-15 10:00:00','2019-03-15 10:01:01');
INSERT INTO PHLG_obs VALUES ('691','Today I practiced pilates.');
INSERT INTO Observation VALUES ('692','50','2019-03-15 10:30:00','2019-03-15 10:31:08');
INSERT INTO PHLG_obs VALUES ('692','Today I ate cranberry.');
INSERT INTO Observation VALUES ('693','62','2019-03-15 11:00:00','2019-03-15 11:00:06');
INSERT INTO PHLG_obs VALUES ('693','Today I went camping.');
INSERT INTO Observation VALUES ('694','77','2019-03-15 11:30:00',null);
INSERT INTO PHLG_obs VALUES ('694','Today I practiced pilates.');
INSERT INTO Observation VALUES ('695','32','2019-03-15 12:00:00','2019-03-15 12:00:17');
INSERT INTO PHLG_obs VALUES ('695','Today I ate french toast.');
INSERT INTO Observation VALUES ('696','64','2019-03-15 12:30:00','2019-03-15 12:30:42');
INSERT INTO PHLG_obs VALUES ('696','I feel very kind this month. On a scale from 1 to 10 I am a 10.');
INSERT INTO Observation VALUES ('697','10','2019-03-15 13:00:00','2019-03-15 13:00:35');
INSERT INTO PHLG_obs VALUES ('697','I feel extremely disappointed this month. On a scale from 1 to 10 I am a 1.');
INSERT INTO Observation VALUES ('698','93','2019-03-15 13:30:00','2019-03-15 13:30:44');
INSERT INTO PHLG_obs VALUES ('698','I feel extremely pleasant this afternoon. On a scale from 1 to 10 I am a 8.');
INSERT INTO Observation VALUES ('699','64','2019-03-15 14:00:00','2019-03-15 14:01:31');
INSERT INTO PHLG_obs VALUES ('699','I feel extremely apathetic this afternoon. On a scale from 1 to 10 I am a 3.');
INSERT INTO Observation VALUES ('700','21','2019-03-15 14:30:00',null);
INSERT INTO PHLG_obs VALUES ('700','Today I ate biscuits and gravy.');
INSERT INTO Observation VALUES ('701','37','2019-03-15 15:00:00',null);
INSERT INTO PHLG_obs VALUES ('701','Today I went trail running.');
INSERT INTO Observation VALUES ('702','108','2019-03-15 15:30:00','2019-03-15 15:31:20');
INSERT INTO PHLG_obs VALUES ('702','I feel extremely calculated this week. On a scale from 1 to 10 I am a 8.');
INSERT INTO Observation VALUES ('703','55','2019-03-15 16:00:00','2019-03-15 16:01:00');
INSERT INTO PHLG_obs VALUES ('703','Today I did calisthenics exercises.');
INSERT INTO Observation VALUES ('704','93','2019-03-15 16:30:00',null);
INSERT INTO PHLG_obs VALUES ('704','I feel extremely disappointed today. On a scale from 1 to 10 I am a 2.');
INSERT INTO Observation VALUES ('705','31','2019-03-15 17:00:00',null);
INSERT INTO PHLG_obs VALUES ('705','Today I ate stuffing.');
INSERT INTO Observation VALUES ('706','61','2019-03-15 17:30:00','2019-03-15 17:31:24');
INSERT INTO PHLG_obs VALUES ('706','I feel extremely despair this week. On a scale from 1 to 10 I am a 2.');
INSERT INTO Observation VALUES ('707','105','2019-03-15 18:00:00','2019-03-15 18:00:35');
INSERT INTO PHLG_obs VALUES ('707','I feel extremely depressed this evening. On a scale from 1 to 10 I am a 2.');
INSERT INTO Observation VALUES ('708','89','2019-03-15 18:30:00','2019-03-15 18:31:53');
INSERT INTO PHLG_obs VALUES ('708','Today I ate tomato.');
INSERT INTO Observation VALUES ('709','14','2019-03-15 19:00:00','2019-03-15 19:01:29');
INSERT INTO PHLG_obs VALUES ('709','Today I walked.');
INSERT INTO Observation VALUES ('710','27','2019-03-15 19:30:00',null);
INSERT INTO PHLG_obs VALUES ('710','I feel extremely calculated this evening. On a scale from 1 to 10 I am a 6.');
INSERT INTO Observation VALUES ('711','14','2019-03-15 20:00:00','2019-03-15 20:01:40');
INSERT INTO PHLG_obs VALUES ('711','I feel extremely anxious this afternoon. On a scale from 1 to 10 I am a 4.');
INSERT INTO Observation VALUES ('712','1','2019-03-15 20:30:00',null);
INSERT INTO PHLG_obs VALUES ('712','Today I jogged.');
INSERT INTO Observation VALUES ('713','7','2019-03-15 21:00:00',null);
INSERT INTO PHLG_obs VALUES ('713','Today I went camping.');
INSERT INTO Observation VALUES ('714','80','2019-03-15 21:30:00',null);
INSERT INTO PHLG_obs VALUES ('714','Today I ate cantalop.');
INSERT INTO Observation VALUES ('715','39','2019-03-15 22:00:00',null);
INSERT INTO PHLG_obs VALUES ('715','I feel very frustrated today. On a scale from 1 to 10 I am a 3.');
INSERT INTO Observation VALUES ('716','31','2019-03-15 22:30:00',null);
INSERT INTO PHLG_obs VALUES ('716','Today I ate mac and cheese.');
INSERT INTO Observation VALUES ('717','64','2019-03-15 23:00:00','2019-03-15 23:01:11');
INSERT INTO PHLG_obs VALUES ('717','I feel very fearful this week. On a scale from 1 to 10 I am a 1.');
INSERT INTO Observation VALUES ('718','119','2019-03-15 23:30:00',null);
INSERT INTO PHLG_obs VALUES ('718','Today I ate soup.');
INSERT INTO Observation VALUES ('719','28','2019-03-16 00:00:00',null);
INSERT INTO PHLG_obs VALUES ('719','Today I played soccer.');
INSERT INTO Observation VALUES ('720','105','2019-03-16 00:30:00',null);
INSERT INTO PHLG_obs VALUES ('720','I feel extremely frustrated this week. On a scale from 1 to 10 I am a 1.');
INSERT INTO Observation VALUES ('721','25','2019-03-16 01:00:00',null);
INSERT INTO PHLG_obs VALUES ('721','I feel extremely annoyed this morning. On a scale from 1 to 10 I am a 3.');
INSERT INTO Observation VALUES ('722','37','2019-03-16 01:30:00',null);
INSERT INTO PHLG_obs VALUES ('722','I feel extremely annoyed this morning. On a scale from 1 to 10 I am a 1.');
INSERT INTO Observation VALUES ('723','120','2019-03-16 02:00:00','2019-03-16 02:01:59');
INSERT INTO PHLG_obs VALUES ('723','I feel very apathetic this month. On a scale from 1 to 10 I am a 4.');
INSERT INTO Observation VALUES ('724','75','2019-03-16 02:30:00','2019-03-16 02:31:34');
INSERT INTO PHLG_obs VALUES ('724','I feel very clever this afternoon. On a scale from 1 to 10 I am a 10.');
INSERT INTO Observation VALUES ('725','6','2019-03-16 03:00:00','2019-03-16 03:00:43');
INSERT INTO PHLG_obs VALUES ('725','I feel very loved this afternoon. On a scale from 1 to 10 I am a 10.');
INSERT INTO Observation VALUES ('726','71','2019-03-16 03:30:00',null);
INSERT INTO PHLG_obs VALUES ('726','Today I did aerobics.');
INSERT INTO Observation VALUES ('727','21','2019-03-16 04:00:00','2019-03-16 04:01:50');
INSERT INTO PHLG_obs VALUES ('727','Today I ate mac and cheese.');
INSERT INTO Observation VALUES ('728','94','2019-03-16 04:30:00',null);
INSERT INTO PHLG_obs VALUES ('728','Today I swam.');
INSERT INTO Observation VALUES ('729','49','2019-03-16 05:00:00','2019-03-16 05:01:54');
INSERT INTO PHLG_obs VALUES ('729','I feel very captivated this month. On a scale from 1 to 10 I am a 8.');
INSERT INTO Observation VALUES ('730','92','2019-03-16 05:30:00','2019-03-16 05:30:51');
INSERT INTO PHLG_obs VALUES ('730','Today I ate carrot cake.');
INSERT INTO Observation VALUES ('731','39','2019-03-16 06:00:00',null);
INSERT INTO PHLG_obs VALUES ('731','Today I practiced archery.');
INSERT INTO Observation VALUES ('732','46','2019-03-16 06:30:00',null);
INSERT INTO PHLG_obs VALUES ('732','I feel very confident this month. On a scale from 1 to 10 I am a 10.');
INSERT INTO Observation VALUES ('733','75','2019-03-16 07:00:00','2019-03-16 07:00:31');
INSERT INTO PHLG_obs VALUES ('733','Today I ate apples.');
INSERT INTO Observation VALUES ('734','55','2019-03-16 07:30:00',null);
INSERT INTO PHLG_obs VALUES ('734','I feel extremely disappointed this afternoon. On a scale from 1 to 10 I am a 5.');
INSERT INTO Observation VALUES ('735','30','2019-03-16 08:00:00','2019-03-16 08:01:05');
INSERT INTO PHLG_obs VALUES ('735','I feel very depressed this afternoon. On a scale from 1 to 10 I am a 4.');
INSERT INTO Observation VALUES ('736','6','2019-03-16 08:30:00',null);
INSERT INTO PHLG_obs VALUES ('736','Today I ate salsa.');
INSERT INTO Observation VALUES ('737','49','2019-03-16 09:00:00',null);
INSERT INTO PHLG_obs VALUES ('737','Today I ate sushi.');
INSERT INTO Observation VALUES ('738','90','2019-03-16 09:30:00',null);
INSERT INTO PHLG_obs VALUES ('738','I feel extremely fearful today. On a scale from 1 to 10 I am a 5.');
INSERT INTO Observation VALUES ('739','67','2019-03-16 10:00:00',null);
INSERT INTO PHLG_obs VALUES ('739','Today I danced.');
INSERT INTO Observation VALUES ('740','47','2019-03-16 10:30:00',null);
INSERT INTO PHLG_obs VALUES ('740','I feel very annoyed this morning. On a scale from 1 to 10 I am a 3.');
INSERT INTO Observation VALUES ('741','57','2019-03-16 11:00:00','2019-03-16 11:00:19');
INSERT INTO PHLG_obs VALUES ('741','Today I went bicycling.');
INSERT INTO Observation VALUES ('742','104','2019-03-16 11:30:00','2019-03-16 11:31:19');
INSERT INTO PHLG_obs VALUES ('742','Today I danced.');
INSERT INTO Observation VALUES ('743','78','2019-03-16 12:00:00','2019-03-16 12:00:39');
INSERT INTO PHLG_obs VALUES ('743','I feel very despair this month. On a scale from 1 to 10 I am a 3.');
INSERT INTO Observation VALUES ('744','33','2019-03-16 12:30:00',null);
INSERT INTO PHLG_obs VALUES ('744','I feel extremely prideful this evening. On a scale from 1 to 10 I am a 10.');
INSERT INTO Observation VALUES ('745','30','2019-03-16 13:00:00',null);
INSERT INTO PHLG_obs VALUES ('745','I feel extremely discouraged this morning. On a scale from 1 to 10 I am a 5.');
INSERT INTO Observation VALUES ('746','67','2019-03-16 13:30:00','2019-03-16 13:31:08');
INSERT INTO PHLG_obs VALUES ('746','Today I went kayaking.');
INSERT INTO Observation VALUES ('747','84','2019-03-16 14:00:00','2019-03-16 14:00:36');
INSERT INTO PHLG_obs VALUES ('747','I feel extremely apathetic this week. On a scale from 1 to 10 I am a 4.');
INSERT INTO Observation VALUES ('748','60','2019-03-16 14:30:00','2019-03-16 14:30:05');
INSERT INTO PHLG_obs VALUES ('748','Today I ate muffins.');
INSERT INTO Observation VALUES ('749','27','2019-03-16 15:00:00','2019-03-16 15:01:54');
INSERT INTO PHLG_obs VALUES ('749','I feel extremely motivated this morning. On a scale from 1 to 10 I am a 6.');
INSERT INTO Observation VALUES ('750','51','2019-03-16 15:30:00','2019-03-16 15:30:56');
INSERT INTO PHLG_obs VALUES ('750','Today I ate enchilada.');
INSERT INTO Observation VALUES ('751','34','2019-03-16 16:00:00','2019-03-16 16:01:13');
INSERT INTO PHLG_obs VALUES ('751','Today I went kayaking.');
INSERT INTO Observation VALUES ('752','46','2019-03-16 16:30:00',null);
INSERT INTO PHLG_obs VALUES ('752','Today I ate sausage.');
INSERT INTO Observation VALUES ('753','111','2019-03-16 17:00:00','2019-03-16 17:00:39');
INSERT INTO PHLG_obs VALUES ('753','I feel very discouraged today. On a scale from 1 to 10 I am a 1.');
INSERT INTO Observation VALUES ('754','108','2019-03-16 17:30:00',null);
INSERT INTO PHLG_obs VALUES ('754','Today I went sailing.');
INSERT INTO Observation VALUES ('755','91','2019-03-16 18:00:00',null);
INSERT INTO PHLG_obs VALUES ('755','Today I practiced wrestling.');
INSERT INTO Observation VALUES ('756','90','2019-03-16 18:30:00','2019-03-16 18:30:43');
INSERT INTO PHLG_obs VALUES ('756','Today I ate soup.');
INSERT INTO Observation VALUES ('757','62','2019-03-16 19:00:00',null);
INSERT INTO PHLG_obs VALUES ('757','Today I ate bagel.');
INSERT INTO Observation VALUES ('758','38','2019-03-16 19:30:00',null);
INSERT INTO PHLG_obs VALUES ('758','I feel very euphoric today. On a scale from 1 to 10 I am a 6.');
INSERT INTO Observation VALUES ('759','64','2019-03-16 20:00:00',null);
INSERT INTO PHLG_obs VALUES ('759','I feel extremely frustrated today. On a scale from 1 to 10 I am a 4.');
INSERT INTO Observation VALUES ('760','29','2019-03-16 20:30:00',null);
INSERT INTO PHLG_obs VALUES ('760','Today I ate tamale.');
INSERT INTO Observation VALUES ('761','57','2019-03-16 21:00:00',null);
INSERT INTO PHLG_obs VALUES ('761','Today I went rafting.');
INSERT INTO Observation VALUES ('762','63','2019-03-16 21:30:00','2019-03-16 21:30:46');
INSERT INTO PHLG_obs VALUES ('762','I feel extremely happy this morning. On a scale from 1 to 10 I am a 8.');
INSERT INTO Observation VALUES ('763','90','2019-03-16 22:00:00','2019-03-16 22:00:37');
INSERT INTO PHLG_obs VALUES ('763','I feel very certain this morning. On a scale from 1 to 10 I am a 9.');
INSERT INTO Observation VALUES ('764','122','2019-03-16 22:30:00','2019-03-16 22:30:34');
INSERT INTO PHLG_obs VALUES ('764','I feel extremely amazing this evening. On a scale from 1 to 10 I am a 10.');
INSERT INTO Observation VALUES ('765','14','2019-03-16 23:00:00',null);
INSERT INTO PHLG_obs VALUES ('765','Today I ate pizza.');
INSERT INTO Observation VALUES ('766','117','2019-03-16 23:30:00','2019-03-16 23:30:22');
INSERT INTO PHLG_obs VALUES ('766','Today I ate bacon.');
INSERT INTO Observation VALUES ('767','65','2019-03-17 00:00:00',null);
INSERT INTO PHLG_obs VALUES ('767','Today I went rafting.');
INSERT INTO Observation VALUES ('768','86','2019-03-17 00:30:00',null);
INSERT INTO PHLG_obs VALUES ('768','Today I ate steak.');
INSERT INTO Observation VALUES ('769','119','2019-03-17 01:00:00',null);
INSERT INTO PHLG_obs VALUES ('769','Today I swam.');
INSERT INTO Observation VALUES ('770','19','2019-03-17 01:30:00','2019-03-17 01:31:15');
INSERT INTO PHLG_obs VALUES ('770','Today I ran.');
INSERT INTO Observation VALUES ('771','122','2019-03-17 02:00:00','2019-03-17 02:00:54');
INSERT INTO PHLG_obs VALUES ('771','Today I ate crepes.');
INSERT INTO Observation VALUES ('772','19','2019-03-17 02:30:00','2019-03-17 02:31:43');
INSERT INTO PHLG_obs VALUES ('772','I feel extremely cooperative this week. On a scale from 1 to 10 I am a 6.');
INSERT INTO Observation VALUES ('773','119','2019-03-17 03:00:00',null);
INSERT INTO PHLG_obs VALUES ('773','Today I swam.');
INSERT INTO Observation VALUES ('774','105','2019-03-17 03:30:00',null);
INSERT INTO PHLG_obs VALUES ('774','Today I ate fried rice.');
INSERT INTO Observation VALUES ('775','117','2019-03-17 04:00:00','2019-03-17 04:00:43');
INSERT INTO PHLG_obs VALUES ('775','Today I went surfing.');
INSERT INTO Observation VALUES ('776','44','2019-03-17 04:30:00','2019-03-17 04:30:49');
INSERT INTO PHLG_obs VALUES ('776','Today I went fishing.');
INSERT INTO Observation VALUES ('777','120','2019-03-17 05:00:00','2019-03-17 05:00:09');
INSERT INTO PHLG_obs VALUES ('777','Today I ate burger.');
INSERT INTO Observation VALUES ('778','77','2019-03-17 05:30:00','2019-03-17 05:31:39');
INSERT INTO PHLG_obs VALUES ('778','I feel extremely clever today. On a scale from 1 to 10 I am a 7.');
INSERT INTO Observation VALUES ('779','106','2019-03-17 06:00:00',null);
INSERT INTO PHLG_obs VALUES ('779','Today I practiced wrestling.');
INSERT INTO Observation VALUES ('780','78','2019-03-17 06:30:00',null);
INSERT INTO PHLG_obs VALUES ('780','Today I practiced wrestling.');
INSERT INTO Observation VALUES ('781','9','2019-03-17 07:00:00','2019-03-17 07:00:34');
INSERT INTO PHLG_obs VALUES ('781','I feel very crafty this evening. On a scale from 1 to 10 I am a 6.');
INSERT INTO Observation VALUES ('782','58','2019-03-17 07:30:00',null);
INSERT INTO PHLG_obs VALUES ('782','Today I went canoeing.');
INSERT INTO Observation VALUES ('783','114','2019-03-17 08:00:00',null);
INSERT INTO PHLG_obs VALUES ('783','Today I swam.');
INSERT INTO Observation VALUES ('784','77','2019-03-17 08:30:00',null);
INSERT INTO PHLG_obs VALUES ('784','Today I ate salsa.');
INSERT INTO Observation VALUES ('785','62','2019-03-17 09:00:00','2019-03-17 09:01:30');
INSERT INTO PHLG_obs VALUES ('785','I feel very anxious this evening. On a scale from 1 to 10 I am a 1.');
INSERT INTO Observation VALUES ('786','11','2019-03-17 09:30:00',null);
INSERT INTO PHLG_obs VALUES ('786','Today I ate mangos.');
INSERT INTO Observation VALUES ('787','43','2019-03-17 10:00:00',null);
INSERT INTO PHLG_obs VALUES ('787','Today I ate soup.');
INSERT INTO Observation VALUES ('788','96','2019-03-17 10:30:00',null);
INSERT INTO PHLG_obs VALUES ('788','Today I went sailing.');
INSERT INTO Observation VALUES ('789','86','2019-03-17 11:00:00','2019-03-17 11:01:27');
INSERT INTO PHLG_obs VALUES ('789','I feel very discouraged today. On a scale from 1 to 10 I am a 5.');
INSERT INTO Observation VALUES ('790','91','2019-03-17 11:30:00','2019-03-17 11:31:24');
INSERT INTO PHLG_obs VALUES ('790','Today I went camping.');
INSERT INTO Observation VALUES ('791','105','2019-03-17 12:00:00','2019-03-17 12:00:49');
INSERT INTO PHLG_obs VALUES ('791','I feel extremely cherished this week. On a scale from 1 to 10 I am a 6.');
INSERT INTO Observation VALUES ('792','2','2019-03-17 12:30:00','2019-03-17 12:30:16');
INSERT INTO PHLG_obs VALUES ('792','Today I went canoeing.');
INSERT INTO Observation VALUES ('793','16','2019-03-17 13:00:00','2019-03-17 13:01:09');
INSERT INTO PHLG_obs VALUES ('793','Today I ate cantalop.');
INSERT INTO Observation VALUES ('794','112','2019-03-17 13:30:00','2019-03-17 13:30:23');
INSERT INTO PHLG_obs VALUES ('794','Today I ate biscuits and gravy.');
INSERT INTO Observation VALUES ('795','79','2019-03-17 14:00:00','2019-03-17 14:00:51');
INSERT INTO PHLG_obs VALUES ('795','Today I ate chicken nuggets.');
INSERT INTO Observation VALUES ('796','93','2019-03-17 14:30:00',null);
INSERT INTO PHLG_obs VALUES ('796','Today I ate ice cream cake.');
INSERT INTO Observation VALUES ('797','83','2019-03-17 15:00:00',null);
INSERT INTO PHLG_obs VALUES ('797','I feel extremely chivalrous this afternoon. On a scale from 1 to 10 I am a 9.');
INSERT INTO Observation VALUES ('798','69','2019-03-17 15:30:00','2019-03-17 15:31:05');
INSERT INTO PHLG_obs VALUES ('798','Today I ate sandwich.');
INSERT INTO Observation VALUES ('799','53','2019-03-17 16:00:00','2019-03-17 16:01:55');
INSERT INTO PHLG_obs VALUES ('799','Today I went jet skiing.');
INSERT INTO Observation VALUES ('800','60','2019-03-17 16:30:00','2019-03-17 16:31:40');
INSERT INTO PHLG_obs VALUES ('800','I feel extremely good this evening. On a scale from 1 to 10 I am a 9.');
INSERT INTO Observation VALUES ('801','75','2019-03-17 17:00:00','2019-03-17 17:01:13');
INSERT INTO PHLG_obs VALUES ('801','Today I played ultimate frisbee.');
INSERT INTO Observation VALUES ('802','45','2019-03-17 17:30:00','2019-03-17 17:30:04');
INSERT INTO PHLG_obs VALUES ('802','Today I went sailing.');
INSERT INTO Observation VALUES ('803','68','2019-03-17 18:00:00','2019-03-17 18:00:40');
INSERT INTO PHLG_obs VALUES ('803','I feel very anxious today. On a scale from 1 to 10 I am a 5.');
INSERT INTO Observation VALUES ('804','115','2019-03-17 18:30:00',null);
INSERT INTO PHLG_obs VALUES ('804','Today I played football.');
INSERT INTO Observation VALUES ('805','39','2019-03-17 19:00:00',null);
INSERT INTO PHLG_obs VALUES ('805','Today I played ice hockey.');
INSERT INTO Observation VALUES ('806','43','2019-03-17 19:30:00',null);
INSERT INTO PHLG_obs VALUES ('806','I feel very angry this evening. On a scale from 1 to 10 I am a 2.');
INSERT INTO Observation VALUES ('807','39','2019-03-17 20:00:00','2019-03-17 20:00:57');
INSERT INTO PHLG_obs VALUES ('807','Today I ate sandwich.');
INSERT INTO Observation VALUES ('808','29','2019-03-17 20:30:00','2019-03-17 20:30:32');
INSERT INTO PHLG_obs VALUES ('808','Today I used a rowing machine.');
INSERT INTO Observation VALUES ('809','26','2019-03-17 21:00:00',null);
INSERT INTO PHLG_obs VALUES ('809','Today I ate tomato.');
INSERT INTO Observation VALUES ('810','8','2019-03-17 21:30:00',null);
INSERT INTO PHLG_obs VALUES ('810','I feel very cherished today. On a scale from 1 to 10 I am a 8.');
INSERT INTO Observation VALUES ('811','95','2019-03-17 22:00:00','2019-03-17 22:00:04');
INSERT INTO PHLG_obs VALUES ('811','Today I went sailing.');
INSERT INTO Observation VALUES ('812','83','2019-03-17 22:30:00','2019-03-17 22:31:07');
INSERT INTO PHLG_obs VALUES ('812','I feel very awesome this afternoon. On a scale from 1 to 10 I am a 9.');
INSERT INTO Observation VALUES ('813','23','2019-03-17 23:00:00','2019-03-17 23:00:41');
INSERT INTO PHLG_obs VALUES ('813','Today I ate chimichanga.');
INSERT INTO Observation VALUES ('814','3','2019-03-17 23:30:00',null);
INSERT INTO PHLG_obs VALUES ('814','Today I ate popcorn.');
INSERT INTO Observation VALUES ('815','59','2019-03-18 00:00:00','2019-03-18 00:00:10');
INSERT INTO PHLG_obs VALUES ('815','I feel very guilty this week. On a scale from 1 to 10 I am a 5.');
INSERT INTO Observation VALUES ('816','25','2019-03-18 00:30:00','2019-03-18 00:31:00');
INSERT INTO PHLG_obs VALUES ('816','Today I went trail running.');
INSERT INTO Observation VALUES ('817','20','2019-03-18 01:00:00','2019-03-18 01:00:09');
INSERT INTO PHLG_obs VALUES ('817','I feel very pleasant this month. On a scale from 1 to 10 I am a 6.');
INSERT INTO Observation VALUES ('818','90','2019-03-18 01:30:00','2019-03-18 01:31:49');
INSERT INTO PHLG_obs VALUES ('818','I feel very discouraged this month. On a scale from 1 to 10 I am a 4.');
INSERT INTO Observation VALUES ('819','90','2019-03-18 02:00:00',null);
INSERT INTO PHLG_obs VALUES ('819','I feel very captivated this morning. On a scale from 1 to 10 I am a 7.');
INSERT INTO Observation VALUES ('820','85','2019-03-18 02:30:00','2019-03-18 02:30:30');
INSERT INTO PHLG_obs VALUES ('820','I feel very depressed this week. On a scale from 1 to 10 I am a 3.');
INSERT INTO Observation VALUES ('821','32','2019-03-18 03:00:00','2019-03-18 03:00:31');
INSERT INTO PHLG_obs VALUES ('821','I feel extremely comfortable this month. On a scale from 1 to 10 I am a 8.');
INSERT INTO Observation VALUES ('822','112','2019-03-18 03:30:00','2019-03-18 03:31:45');
INSERT INTO PHLG_obs VALUES ('822','I feel extremely anxious this afternoon. On a scale from 1 to 10 I am a 5.');
INSERT INTO Observation VALUES ('823','66','2019-03-18 04:00:00','2019-03-18 04:00:42');
INSERT INTO PHLG_obs VALUES ('823','I feel very great this week. On a scale from 1 to 10 I am a 8.');
INSERT INTO Observation VALUES ('824','115','2019-03-18 04:30:00',null);
INSERT INTO PHLG_obs VALUES ('824','Today I ate alfredo sauce.');
INSERT INTO Observation VALUES ('825','88','2019-03-18 05:00:00','2019-03-18 05:00:50');
INSERT INTO PHLG_obs VALUES ('825','Today I went rock climbing.');
INSERT INTO Observation VALUES ('826','89','2019-03-18 05:30:00','2019-03-18 05:30:45');
INSERT INTO PHLG_obs VALUES ('826','Today I went hiking.');
INSERT INTO Observation VALUES ('827','24','2019-03-18 06:00:00',null);
INSERT INTO PHLG_obs VALUES ('827','Today I ate kiwi.');
INSERT INTO Observation VALUES ('828','115','2019-03-18 06:30:00','2019-03-18 06:31:03');
INSERT INTO PHLG_obs VALUES ('828','Today I went surfing.');
INSERT INTO Observation VALUES ('829','19','2019-03-18 07:00:00',null);
INSERT INTO PHLG_obs VALUES ('829','I feel very euphoric today. On a scale from 1 to 10 I am a 10.');
INSERT INTO Observation VALUES ('830','48','2019-03-18 07:30:00',null);
INSERT INTO PHLG_obs VALUES ('830','Today I ate bread.');
INSERT INTO Observation VALUES ('831','19','2019-03-18 08:00:00',null);
INSERT INTO PHLG_obs VALUES ('831','I feel very amazing this week. On a scale from 1 to 10 I am a 10.');
INSERT INTO Observation VALUES ('832','57','2019-03-18 08:30:00','2019-03-18 08:30:05');
INSERT INTO PHLG_obs VALUES ('832','I feel very apathetic this week. On a scale from 1 to 10 I am a 1.');
INSERT INTO Observation VALUES ('833','95','2019-03-18 09:00:00','2019-03-18 09:00:11');
INSERT INTO PHLG_obs VALUES ('833','Today I went trail running.');
INSERT INTO Observation VALUES ('834','46','2019-03-18 09:30:00','2019-03-18 09:30:02');
INSERT INTO PHLG_obs VALUES ('834','I feel extremely enthusiastic this morning. On a scale from 1 to 10 I am a 9.');
INSERT INTO Observation VALUES ('835','109','2019-03-18 10:00:00','2019-03-18 10:01:02');
INSERT INTO PHLG_obs VALUES ('835','Today I ate donut.');
INSERT INTO Observation VALUES ('836','5','2019-03-18 10:30:00',null);
INSERT INTO PHLG_obs VALUES ('836','Today I went hiking.');
INSERT INTO Observation VALUES ('837','103','2019-03-18 11:00:00',null);
INSERT INTO PHLG_obs VALUES ('837','I feel extremely confident today. On a scale from 1 to 10 I am a 6.');
INSERT INTO Observation VALUES ('838','27','2019-03-18 11:30:00',null);
INSERT INTO PHLG_obs VALUES ('838','I feel extremely lovely this morning. On a scale from 1 to 10 I am a 8.');
INSERT INTO Observation VALUES ('839','23','2019-03-18 12:00:00',null);
INSERT INTO PHLG_obs VALUES ('839','Today I ate ice cream cake.');
INSERT INTO Observation VALUES ('840','21','2019-03-18 12:30:00',null);
INSERT INTO PHLG_obs VALUES ('840','I feel extremely frustrated this month. On a scale from 1 to 10 I am a 3.');
INSERT INTO Observation VALUES ('841','59','2019-03-18 13:00:00',null);
INSERT INTO PHLG_obs VALUES ('841','I feel very crafty this month. On a scale from 1 to 10 I am a 10.');
INSERT INTO Observation VALUES ('842','91','2019-03-18 13:30:00',null);
INSERT INTO PHLG_obs VALUES ('842','I feel extremely motivated this week. On a scale from 1 to 10 I am a 7.');
INSERT INTO Observation VALUES ('843','15','2019-03-18 14:00:00','2019-03-18 14:00:36');
INSERT INTO PHLG_obs VALUES ('843','Today I played basketball.');
INSERT INTO Observation VALUES ('844','4','2019-03-18 14:30:00',null);
INSERT INTO PHLG_obs VALUES ('844','Today I used a rowing machine.');
INSERT INTO Observation VALUES ('845','91','2019-03-18 15:00:00','2019-03-18 15:01:56');
INSERT INTO PHLG_obs VALUES ('845','I feel very kind this month. On a scale from 1 to 10 I am a 8.');
INSERT INTO Observation VALUES ('846','15','2019-03-18 15:30:00',null);
INSERT INTO PHLG_obs VALUES ('846','I feel extremely angry this week. On a scale from 1 to 10 I am a 4.');
INSERT INTO Observation VALUES ('847','121','2019-03-18 16:00:00','2019-03-18 16:01:23');
INSERT INTO PHLG_obs VALUES ('847','Today I ate onion rings.');
INSERT INTO Observation VALUES ('848','109','2019-03-18 16:30:00','2019-03-18 16:30:19');
INSERT INTO PHLG_obs VALUES ('848','I feel extremely prideful today. On a scale from 1 to 10 I am a 8.');
INSERT INTO Observation VALUES ('849','61','2019-03-18 17:00:00','2019-03-18 17:00:22');
INSERT INTO PHLG_obs VALUES ('849','I feel very careful this morning. On a scale from 1 to 10 I am a 9.');
INSERT INTO Observation VALUES ('850','21','2019-03-18 17:30:00',null);
INSERT INTO PHLG_obs VALUES ('850','Today I went rafting.');
INSERT INTO Observation VALUES ('851','87','2019-03-18 18:00:00','2019-03-18 18:01:05');
INSERT INTO PHLG_obs VALUES ('851','Today I ran.');
INSERT INTO Observation VALUES ('852','11','2019-03-18 18:30:00','2019-03-18 18:30:02');
INSERT INTO PHLG_obs VALUES ('852','Today I ate onion rings.');
INSERT INTO Observation VALUES ('853','68','2019-03-18 19:00:00',null);
INSERT INTO PHLG_obs VALUES ('853','Today I went snorkeling.');
INSERT INTO Observation VALUES ('854','81','2019-03-18 19:30:00',null);
INSERT INTO PHLG_obs VALUES ('854','Today I ate cheese.');
INSERT INTO Observation VALUES ('855','55','2019-03-18 20:00:00',null);
INSERT INTO PHLG_obs VALUES ('855','I feel extremely awesome this morning. On a scale from 1 to 10 I am a 10.');
INSERT INTO Observation VALUES ('856','53','2019-03-18 20:30:00',null);
INSERT INTO PHLG_obs VALUES ('856','Today I played football.');
INSERT INTO Observation VALUES ('857','50','2019-03-18 21:00:00',null);
INSERT INTO PHLG_obs VALUES ('857','Today I ate kiwi.');
INSERT INTO Observation VALUES ('858','78','2019-03-18 21:30:00','2019-03-18 21:30:26');
INSERT INTO PHLG_obs VALUES ('858','I feel very cherished today. On a scale from 1 to 10 I am a 10.');
INSERT INTO Observation VALUES ('859','60','2019-03-18 22:00:00',null);
INSERT INTO PHLG_obs VALUES ('859','Today I ran on treadmill.');
INSERT INTO Observation VALUES ('860','104','2019-03-18 22:30:00','2019-03-18 22:31:00');
INSERT INTO PHLG_obs VALUES ('860','I feel extremely frustrated this afternoon. On a scale from 1 to 10 I am a 3.');
INSERT INTO Observation VALUES ('861','17','2019-03-18 23:00:00',null);
INSERT INTO PHLG_obs VALUES ('861','Today I swam.');
INSERT INTO Observation VALUES ('862','20','2019-03-18 23:30:00','2019-03-18 23:31:31');
INSERT INTO PHLG_obs VALUES ('862','I feel extremely loved this afternoon. On a scale from 1 to 10 I am a 6.');
INSERT INTO Observation VALUES ('863','111','2019-03-19 00:00:00',null);
INSERT INTO PHLG_obs VALUES ('863','Today I ate ice cream cake.');
INSERT INTO Observation VALUES ('864','49','2019-03-19 00:30:00',null);
INSERT INTO PHLG_obs VALUES ('864','Today I swam.');
INSERT INTO Observation VALUES ('865','115','2019-03-19 01:00:00',null);
INSERT INTO PHLG_obs VALUES ('865','Today I practiced martial arts.');
INSERT INTO Observation VALUES ('866','42','2019-03-19 01:30:00','2019-03-19 01:31:50');
INSERT INTO PHLG_obs VALUES ('866','I feel very fearful this afternoon. On a scale from 1 to 10 I am a 5.');
INSERT INTO Observation VALUES ('867','81','2019-03-19 02:00:00',null);
INSERT INTO PHLG_obs VALUES ('867','Today I swam.');
INSERT INTO Observation VALUES ('868','8','2019-03-19 02:30:00',null);
INSERT INTO PHLG_obs VALUES ('868','I feel very frustrated today. On a scale from 1 to 10 I am a 1.');
INSERT INTO Observation VALUES ('869','120','2019-03-19 03:00:00',null);
INSERT INTO PHLG_obs VALUES ('869','Today I ate carrot cake.');
INSERT INTO Observation VALUES ('870','54','2019-03-19 03:30:00',null);
INSERT INTO PHLG_obs VALUES ('870','I feel very despair this morning. On a scale from 1 to 10 I am a 5.');
INSERT INTO Observation VALUES ('871','19','2019-03-19 04:00:00','2019-03-19 04:00:25');
INSERT INTO PHLG_obs VALUES ('871','Today I went fishing.');
INSERT INTO Observation VALUES ('872','38','2019-03-19 04:30:00','2019-03-19 04:31:12');
INSERT INTO PHLG_obs VALUES ('872','I feel very discouraged this month. On a scale from 1 to 10 I am a 3.');
INSERT INTO Observation VALUES ('873','53','2019-03-19 05:00:00',null);
INSERT INTO PHLG_obs VALUES ('873','I feel very careful this month. On a scale from 1 to 10 I am a 9.');
INSERT INTO Observation VALUES ('874','40','2019-03-19 05:30:00','2019-03-19 05:30:06');
INSERT INTO PHLG_obs VALUES ('874','I feel very grateful today. On a scale from 1 to 10 I am a 8.');
INSERT INTO Observation VALUES ('875','37','2019-03-19 06:00:00',null);
INSERT INTO PHLG_obs VALUES ('875','I feel extremely cooperative this month. On a scale from 1 to 10 I am a 7.');
INSERT INTO Observation VALUES ('876','72','2019-03-19 06:30:00',null);
INSERT INTO PHLG_obs VALUES ('876','Today I danced.');
INSERT INTO Observation VALUES ('877','112','2019-03-19 07:00:00','2019-03-19 07:01:14');
INSERT INTO PHLG_obs VALUES ('877','Today I went kayaking.');
INSERT INTO Observation VALUES ('878','38','2019-03-19 07:30:00','2019-03-19 07:30:51');
INSERT INTO PHLG_obs VALUES ('878','I feel extremely pleasant this afternoon. On a scale from 1 to 10 I am a 7.');
INSERT INTO Observation VALUES ('879','47','2019-03-19 08:00:00','2019-03-19 08:00:56');
INSERT INTO PHLG_obs VALUES ('879','Today I played ultimate frisbee.');
INSERT INTO Observation VALUES ('880','3','2019-03-19 08:30:00',null);
INSERT INTO PHLG_obs VALUES ('880','I feel very depressed today. On a scale from 1 to 10 I am a 3.');
INSERT INTO Observation VALUES ('881','115','2019-03-19 09:00:00',null);
INSERT INTO PHLG_obs VALUES ('881','Today I ate corn.');
INSERT INTO Observation VALUES ('882','83','2019-03-19 09:30:00',null);
INSERT INTO PHLG_obs VALUES ('882','Today I ate fried chicken.');
INSERT INTO Observation VALUES ('883','49','2019-03-19 10:00:00','2019-03-19 10:01:33');
INSERT INTO PHLG_obs VALUES ('883','I feel very calculated this week. On a scale from 1 to 10 I am a 7.');
INSERT INTO Observation VALUES ('884','59','2019-03-19 10:30:00',null);
INSERT INTO PHLG_obs VALUES ('884','Today I ate tamale.');
INSERT INTO Observation VALUES ('885','86','2019-03-19 11:00:00',null);
INSERT INTO PHLG_obs VALUES ('885','Today I jogged.');
INSERT INTO Observation VALUES ('886','75','2019-03-19 11:30:00',null);
INSERT INTO PHLG_obs VALUES ('886','Today I went hiking.');
INSERT INTO Observation VALUES ('887','62','2019-03-19 12:00:00',null);
INSERT INTO PHLG_obs VALUES ('887','Today I ate pasta.');
INSERT INTO Observation VALUES ('888','12','2019-03-19 12:30:00','2019-03-19 12:31:53');
INSERT INTO PHLG_obs VALUES ('888','I feel extremely content this afternoon. On a scale from 1 to 10 I am a 8.');
INSERT INTO Observation VALUES ('889','74','2019-03-19 13:00:00','2019-03-19 13:01:47');
INSERT INTO PHLG_obs VALUES ('889','I feel extremely grateful today. On a scale from 1 to 10 I am a 8.');
INSERT INTO Observation VALUES ('890','2','2019-03-19 13:30:00',null);
INSERT INTO PHLG_obs VALUES ('890','I feel very awesome this month. On a scale from 1 to 10 I am a 8.');
INSERT INTO Observation VALUES ('891','113','2019-03-19 14:00:00',null);
INSERT INTO PHLG_obs VALUES ('891','Today I ran on treadmill.');
INSERT INTO Observation VALUES ('892','18','2019-03-19 14:30:00','2019-03-19 14:31:58');
INSERT INTO PHLG_obs VALUES ('892','Today I ate pizza.');
INSERT INTO Observation VALUES ('893','88','2019-03-19 15:00:00','2019-03-19 15:01:10');
INSERT INTO PHLG_obs VALUES ('893','I feel extremely disappointed this evening. On a scale from 1 to 10 I am a 2.');
INSERT INTO Observation VALUES ('894','44','2019-03-19 15:30:00',null);
INSERT INTO PHLG_obs VALUES ('894','I feel extremely amused this month. On a scale from 1 to 10 I am a 6.');
INSERT INTO Observation VALUES ('895','91','2019-03-19 16:00:00','2019-03-19 16:01:40');
INSERT INTO PHLG_obs VALUES ('895','I feel extremely disappointed this afternoon. On a scale from 1 to 10 I am a 5.');
INSERT INTO Observation VALUES ('896','8','2019-03-19 16:30:00','2019-03-19 16:30:47');
INSERT INTO PHLG_obs VALUES ('896','Today I played ultimate frisbee.');
INSERT INTO Observation VALUES ('897','95','2019-03-19 17:00:00',null);
INSERT INTO PHLG_obs VALUES ('897','Today I ate french fries.');
INSERT INTO Observation VALUES ('898','124','2019-03-19 17:30:00',null);
INSERT INTO PHLG_obs VALUES ('898','Today I ate tamale.');
INSERT INTO Observation VALUES ('899','86','2019-03-19 18:00:00',null);
INSERT INTO PHLG_obs VALUES ('899','I feel very discouraged this morning. On a scale from 1 to 10 I am a 2.');
INSERT INTO Observation VALUES ('900','85','2019-03-19 18:30:00',null);
INSERT INTO PHLG_obs VALUES ('900','Today I bowled.');
INSERT INTO Observation VALUES ('901','64','2019-03-19 19:00:00','2019-03-19 19:01:23');
INSERT INTO PHLG_obs VALUES ('901','Today I swam.');
INSERT INTO Observation VALUES ('902','32','2019-03-19 19:30:00','2019-03-19 19:31:54');
INSERT INTO PHLG_obs VALUES ('902','I feel very angry this evening. On a scale from 1 to 10 I am a 2.');
INSERT INTO Observation VALUES ('903','72','2019-03-19 20:00:00',null);
INSERT INTO PHLG_obs VALUES ('903','Today I ate sausage.');
INSERT INTO Observation VALUES ('904','10','2019-03-19 20:30:00','2019-03-19 20:30:34');
INSERT INTO PHLG_obs VALUES ('904','Today I walked.');
INSERT INTO Observation VALUES ('905','5','2019-03-19 21:00:00',null);
INSERT INTO PHLG_obs VALUES ('905','Today I did calisthenics exercises.');
INSERT INTO Observation VALUES ('906','68','2019-03-19 21:30:00','2019-03-19 21:30:57');
INSERT INTO PHLG_obs VALUES ('906','Today I played volleyball.');
INSERT INTO Observation VALUES ('907','110','2019-03-19 22:00:00','2019-03-19 22:01:48');
INSERT INTO PHLG_obs VALUES ('907','Today I went fishing.');
INSERT INTO Observation VALUES ('908','6','2019-03-19 22:30:00','2019-03-19 22:31:20');
INSERT INTO PHLG_obs VALUES ('908','Today I went scuba diving.');
INSERT INTO Observation VALUES ('909','32','2019-03-19 23:00:00','2019-03-19 23:00:19');
INSERT INTO PHLG_obs VALUES ('909','I feel extremely sad this afternoon. On a scale from 1 to 10 I am a 5.');
INSERT INTO Observation VALUES ('910','125','2019-03-19 23:30:00',null);
INSERT INTO PHLG_obs VALUES ('910','Today I went scuba diving.');
INSERT INTO Observation VALUES ('911','15','2019-03-20 00:00:00',null);
INSERT INTO PHLG_obs VALUES ('911','Today I played tennis.');
INSERT INTO Observation VALUES ('912','7','2019-03-20 00:30:00','2019-03-20 00:31:15');
INSERT INTO PHLG_obs VALUES ('912','Today I ate fried rice.');
INSERT INTO Observation VALUES ('913','31','2019-03-20 01:00:00','2019-03-20 01:01:22');
INSERT INTO PHLG_obs VALUES ('913','Today I ate oranges.');
INSERT INTO Observation VALUES ('914','36','2019-03-20 01:30:00',null);
INSERT INTO PHLG_obs VALUES ('914','Today I practiced skateboarding.');
INSERT INTO Observation VALUES ('915','3','2019-03-20 02:00:00','2019-03-20 02:00:38');
INSERT INTO PHLG_obs VALUES ('915','Today I ate oranges.');
INSERT INTO Observation VALUES ('916','26','2019-03-20 02:30:00','2019-03-20 02:31:49');
INSERT INTO PHLG_obs VALUES ('916','I feel extremely apathetic this week. On a scale from 1 to 10 I am a 4.');
INSERT INTO Observation VALUES ('917','65','2019-03-20 03:00:00','2019-03-20 03:01:35');
INSERT INTO PHLG_obs VALUES ('917','Today I ate nachos.');
INSERT INTO Observation VALUES ('918','104','2019-03-20 03:30:00',null);
INSERT INTO PHLG_obs VALUES ('918','Today I ate carrot cake.');
INSERT INTO Observation VALUES ('919','87','2019-03-20 04:00:00','2019-03-20 04:00:41');
INSERT INTO PHLG_obs VALUES ('919','I feel extremely crafty this morning. On a scale from 1 to 10 I am a 6.');
INSERT INTO Observation VALUES ('920','23','2019-03-20 04:30:00','2019-03-20 04:31:09');
INSERT INTO PHLG_obs VALUES ('920','I feel extremely sad this week. On a scale from 1 to 10 I am a 3.');
INSERT INTO Observation VALUES ('921','31','2019-03-20 05:00:00',null);
INSERT INTO PHLG_obs VALUES ('921','I feel very anxious this morning. On a scale from 1 to 10 I am a 3.');
INSERT INTO Observation VALUES ('922','47','2019-03-20 05:30:00',null);
INSERT INTO PHLG_obs VALUES ('922','I feel extremely frustrated today. On a scale from 1 to 10 I am a 2.');
INSERT INTO Observation VALUES ('923','102','2019-03-20 06:00:00',null);
INSERT INTO PHLG_obs VALUES ('923','I feel very kind today. On a scale from 1 to 10 I am a 9.');
INSERT INTO Observation VALUES ('924','21','2019-03-20 06:30:00','2019-03-20 06:30:40');
INSERT INTO PHLG_obs VALUES ('924','Today I jogged.');
INSERT INTO Observation VALUES ('925','119','2019-03-20 07:00:00','2019-03-20 07:00:56');
INSERT INTO PHLG_obs VALUES ('925','Today I ate pudding.');
INSERT INTO Observation VALUES ('926','35','2019-03-20 07:30:00','2019-03-20 07:31:06');
INSERT INTO PHLG_obs VALUES ('926','I feel extremely good this week. On a scale from 1 to 10 I am a 9.');
INSERT INTO Observation VALUES ('927','23','2019-03-20 08:00:00','2019-03-20 08:01:30');
INSERT INTO PHLG_obs VALUES ('927','Today I ate tater tots.');
INSERT INTO Observation VALUES ('928','23','2019-03-20 08:30:00',null);
INSERT INTO PHLG_obs VALUES ('928','I feel very guilty this week. On a scale from 1 to 10 I am a 2.');
INSERT INTO Observation VALUES ('929','122','2019-03-20 09:00:00',null);
INSERT INTO PHLG_obs VALUES ('929','Today I swam.');
INSERT INTO Observation VALUES ('930','109','2019-03-20 09:30:00',null);
INSERT INTO PHLG_obs VALUES ('930','Today I ate pulled pork.');
INSERT INTO Observation VALUES ('931','97','2019-03-20 10:00:00',null);
INSERT INTO PHLG_obs VALUES ('931','I feel extremely kind this month. On a scale from 1 to 10 I am a 9.');
INSERT INTO Observation VALUES ('932','49','2019-03-20 10:30:00',null);
INSERT INTO PHLG_obs VALUES ('932','Today I went fishing.');
INSERT INTO Observation VALUES ('933','103','2019-03-20 11:00:00',null);
INSERT INTO PHLG_obs VALUES ('933','I feel extremely inspired today. On a scale from 1 to 10 I am a 8.');
INSERT INTO Observation VALUES ('934','68','2019-03-20 11:30:00','2019-03-20 11:30:52');
INSERT INTO PHLG_obs VALUES ('934','Today I went rock climbing.');
INSERT INTO Observation VALUES ('935','114','2019-03-20 12:00:00',null);
INSERT INTO PHLG_obs VALUES ('935','I feel very disappointed this month. On a scale from 1 to 10 I am a 3.');
INSERT INTO Observation VALUES ('936','90','2019-03-20 12:30:00',null);
INSERT INTO PHLG_obs VALUES ('936','Today I did aerobics.');
INSERT INTO Observation VALUES ('937','62','2019-03-20 13:00:00','2019-03-20 13:00:11');
INSERT INTO PHLG_obs VALUES ('937','I feel extremely charming this week. On a scale from 1 to 10 I am a 9.');
INSERT INTO Observation VALUES ('938','65','2019-03-20 13:30:00','2019-03-20 13:31:54');
INSERT INTO PHLG_obs VALUES ('938','I feel very prideful this evening. On a scale from 1 to 10 I am a 6.');
INSERT INTO Observation VALUES ('939','40','2019-03-20 14:00:00','2019-03-20 14:01:59');
INSERT INTO PHLG_obs VALUES ('939','Today I ate bread.');
INSERT INTO Observation VALUES ('940','101','2019-03-20 14:30:00',null);
INSERT INTO PHLG_obs VALUES ('940','I feel very motivated today. On a scale from 1 to 10 I am a 9.');
INSERT INTO Observation VALUES ('941','39','2019-03-20 15:00:00','2019-03-20 15:01:40');
INSERT INTO PHLG_obs VALUES ('941','Today I went rafting.');
INSERT INTO Observation VALUES ('942','117','2019-03-20 15:30:00','2019-03-20 15:31:47');
INSERT INTO PHLG_obs VALUES ('942','I feel very amazing today. On a scale from 1 to 10 I am a 9.');
INSERT INTO Observation VALUES ('943','26','2019-03-20 16:00:00','2019-03-20 16:01:06');
INSERT INTO PHLG_obs VALUES ('943','Today I ate burrito.');
INSERT INTO Observation VALUES ('944','76','2019-03-20 16:30:00',null);
INSERT INTO PHLG_obs VALUES ('944','Today I walked.');
INSERT INTO Observation VALUES ('945','49','2019-03-20 17:00:00',null);
INSERT INTO PHLG_obs VALUES ('945','Today I ate chicken tenders.');
INSERT INTO Observation VALUES ('946','123','2019-03-20 17:30:00',null);
INSERT INTO PHLG_obs VALUES ('946','Today I ate popcorn.');
INSERT INTO Observation VALUES ('947','121','2019-03-20 18:00:00',null);
INSERT INTO PHLG_obs VALUES ('947','Today I danced.');
INSERT INTO Observation VALUES ('948','22','2019-03-20 18:30:00',null);
INSERT INTO PHLG_obs VALUES ('948','Today I ate onion rings.');
INSERT INTO Observation VALUES ('949','31','2019-03-20 19:00:00','2019-03-20 19:00:17');
INSERT INTO PHLG_obs VALUES ('949','Today I ate gelatin.');
INSERT INTO Observation VALUES ('950','1','2019-03-20 19:30:00','2019-03-20 19:30:13');
INSERT INTO PHLG_obs VALUES ('950','I feel very serene this afternoon. On a scale from 1 to 10 I am a 8.');
INSERT INTO Observation VALUES ('951','113','2019-03-20 20:00:00',null);
INSERT INTO PHLG_obs VALUES ('951','Today I bowled.');
INSERT INTO Observation VALUES ('952','36','2019-03-20 20:30:00','2019-03-20 20:30:08');
INSERT INTO PHLG_obs VALUES ('952','Today I ate french fries.');
INSERT INTO Observation VALUES ('953','40','2019-03-20 21:00:00','2019-03-20 21:01:24');
INSERT INTO PHLG_obs VALUES ('953','Today I ate calzone.');
INSERT INTO Observation VALUES ('954','101','2019-03-20 21:30:00',null);
INSERT INTO PHLG_obs VALUES ('954','Today I ate blueberries.');
INSERT INTO Observation VALUES ('955','74','2019-03-20 22:00:00',null);
INSERT INTO PHLG_obs VALUES ('955','I feel extremely careful this morning. On a scale from 1 to 10 I am a 10.');
INSERT INTO Observation VALUES ('956','95','2019-03-20 22:30:00',null);
INSERT INTO PHLG_obs VALUES ('956','Today I practiced skateboarding.');
INSERT INTO Observation VALUES ('957','119','2019-03-20 23:00:00','2019-03-20 23:01:29');
INSERT INTO PHLG_obs VALUES ('957','I feel extremely frustrated this afternoon. On a scale from 1 to 10 I am a 1.');
INSERT INTO Observation VALUES ('958','70','2019-03-20 23:30:00',null);
INSERT INTO PHLG_obs VALUES ('958','Today I ate peaches.');
INSERT INTO Observation VALUES ('959','70','2019-03-21 00:00:00',null);
INSERT INTO PHLG_obs VALUES ('959','Today I ate banana bread.');
INSERT INTO Observation VALUES ('960','61','2019-03-21 00:30:00','2019-03-21 00:30:02');
INSERT INTO PHLG_obs VALUES ('960','Today I swam.');
INSERT INTO Observation VALUES ('961','52','2019-03-21 01:00:00','2019-03-21 01:01:27');
INSERT INTO PHLG_obs VALUES ('961','Today I stretched.');
INSERT INTO Observation VALUES ('962','104','2019-03-21 01:30:00','2019-03-21 01:31:12');
INSERT INTO PHLG_obs VALUES ('962','I feel extremely good today. On a scale from 1 to 10 I am a 9.');
INSERT INTO Observation VALUES ('963','89','2019-03-21 02:00:00','2019-03-21 02:00:56');
INSERT INTO PHLG_obs VALUES ('963','I feel extremely amazing this morning. On a scale from 1 to 10 I am a 8.');
INSERT INTO Observation VALUES ('964','4','2019-03-21 02:30:00',null);
INSERT INTO PHLG_obs VALUES ('964','Today I practiced archery.');
INSERT INTO Observation VALUES ('965','94','2019-03-21 03:00:00','2019-03-21 03:01:30');
INSERT INTO PHLG_obs VALUES ('965','Today I practiced archery.');
INSERT INTO Observation VALUES ('966','15','2019-03-21 03:30:00',null);
INSERT INTO PHLG_obs VALUES ('966','Today I went bicycling.');
INSERT INTO Observation VALUES ('967','53','2019-03-21 04:00:00','2019-03-21 04:01:26');
INSERT INTO PHLG_obs VALUES ('967','I feel very anxious this week. On a scale from 1 to 10 I am a 1.');
INSERT INTO Observation VALUES ('968','125','2019-03-21 04:30:00','2019-03-21 04:31:23');
INSERT INTO PHLG_obs VALUES ('968','I feel very chivalrous this week. On a scale from 1 to 10 I am a 6.');
INSERT INTO Observation VALUES ('969','34','2019-03-21 05:00:00','2019-03-21 05:00:46');
INSERT INTO PHLG_obs VALUES ('969','Today I did aerobics.');
INSERT INTO Observation VALUES ('970','40','2019-03-21 05:30:00',null);
INSERT INTO PHLG_obs VALUES ('970','Today I ate chicken nuggets.');
INSERT INTO Observation VALUES ('971','11','2019-03-21 06:00:00','2019-03-21 06:01:13');
INSERT INTO PHLG_obs VALUES ('971','Today I played football.');
INSERT INTO Observation VALUES ('972','36','2019-03-21 06:30:00','2019-03-21 06:31:30');
INSERT INTO PHLG_obs VALUES ('972','I feel extremely amused today. On a scale from 1 to 10 I am a 9.');
INSERT INTO Observation VALUES ('973','48','2019-03-21 07:00:00','2019-03-21 07:00:06');
INSERT INTO PHLG_obs VALUES ('973','Today I did calisthenics exercises.');
INSERT INTO Observation VALUES ('974','86','2019-03-21 07:30:00','2019-03-21 07:31:48');
INSERT INTO PHLG_obs VALUES ('974','Today I ate cranberry.');
INSERT INTO Observation VALUES ('975','66','2019-03-21 08:00:00','2019-03-21 08:01:42');
INSERT INTO PHLG_obs VALUES ('975','I feel very pleasant this week. On a scale from 1 to 10 I am a 9.');
INSERT INTO Observation VALUES ('976','34','2019-03-21 08:30:00',null);
INSERT INTO PHLG_obs VALUES ('976','Today I practiced yoga.');
INSERT INTO Observation VALUES ('977','101','2019-03-21 09:00:00','2019-03-21 09:00:36');
INSERT INTO PHLG_obs VALUES ('977','Today I swam.');
INSERT INTO Observation VALUES ('978','19','2019-03-21 09:30:00',null);
INSERT INTO PHLG_obs VALUES ('978','I feel extremely anxious this week. On a scale from 1 to 10 I am a 4.');
INSERT INTO Observation VALUES ('979','8','2019-03-21 10:00:00',null);
INSERT INTO PHLG_obs VALUES ('979','Today I bowled.');
INSERT INTO Observation VALUES ('980','80','2019-03-21 10:30:00','2019-03-21 10:30:26');
INSERT INTO PHLG_obs VALUES ('980','I feel extremely apathetic this month. On a scale from 1 to 10 I am a 4.');
INSERT INTO Observation VALUES ('981','77','2019-03-21 11:00:00',null);
INSERT INTO PHLG_obs VALUES ('981','Today I played paintball.');
INSERT INTO Observation VALUES ('982','116','2019-03-21 11:30:00',null);
INSERT INTO PHLG_obs VALUES ('982','I feel extremely frustrated today. On a scale from 1 to 10 I am a 4.');
INSERT INTO Observation VALUES ('983','113','2019-03-21 12:00:00',null);
INSERT INTO PHLG_obs VALUES ('983','I feel extremely angry today. On a scale from 1 to 10 I am a 3.');
INSERT INTO Observation VALUES ('984','113','2019-03-21 12:30:00',null);
INSERT INTO PHLG_obs VALUES ('984','I feel extremely fearful today. On a scale from 1 to 10 I am a 5.');
INSERT INTO Observation VALUES ('985','99','2019-03-21 13:00:00','2019-03-21 13:00:18');
INSERT INTO PHLG_obs VALUES ('985','Today I played baseball.');
INSERT INTO Observation VALUES ('986','23','2019-03-21 13:30:00',null);
INSERT INTO PHLG_obs VALUES ('986','Today I ate salsa.');
INSERT INTO Observation VALUES ('987','115','2019-03-21 14:00:00','2019-03-21 14:00:33');
INSERT INTO PHLG_obs VALUES ('987','I feel very angry this afternoon. On a scale from 1 to 10 I am a 2.');
INSERT INTO Observation VALUES ('988','67','2019-03-21 14:30:00','2019-03-21 14:31:49');
INSERT INTO PHLG_obs VALUES ('988','Today I went kayaking.');
INSERT INTO Observation VALUES ('989','43','2019-03-21 15:00:00',null);
INSERT INTO PHLG_obs VALUES ('989','Today I ate corn.');
INSERT INTO Observation VALUES ('990','76','2019-03-21 15:30:00',null);
INSERT INTO PHLG_obs VALUES ('990','Today I ate french toast.');
INSERT INTO Observation VALUES ('991','7','2019-03-21 16:00:00','2019-03-21 16:00:51');
INSERT INTO PHLG_obs VALUES ('991','Today I swam.');
INSERT INTO Observation VALUES ('992','36','2019-03-21 16:30:00',null);
INSERT INTO PHLG_obs VALUES ('992','Today I ate carrot cake.');
INSERT INTO Observation VALUES ('993','94','2019-03-21 17:00:00',null);
INSERT INTO PHLG_obs VALUES ('993','Today I ate alfredo sauce.');
INSERT INTO Observation VALUES ('994','114','2019-03-21 17:30:00','2019-03-21 17:31:51');
INSERT INTO PHLG_obs VALUES ('994','Today I ate chicken nuggets.');
INSERT INTO Observation VALUES ('995','3','2019-03-21 18:00:00','2019-03-21 18:01:02');
INSERT INTO PHLG_obs VALUES ('995','Today I walked.');
INSERT INTO Observation VALUES ('996','39','2019-03-21 18:30:00','2019-03-21 18:31:57');
INSERT INTO PHLG_obs VALUES ('996','Today I ate pulled pork.');
INSERT INTO Observation VALUES ('997','94','2019-03-21 19:00:00',null);
INSERT INTO PHLG_obs VALUES ('997','Today I ate broccoli.');
INSERT INTO Observation VALUES ('998','112','2019-03-21 19:30:00','2019-03-21 19:30:23');
INSERT INTO PHLG_obs VALUES ('998','I feel very fearful today. On a scale from 1 to 10 I am a 1.');
INSERT INTO Observation VALUES ('999','32','2019-03-21 20:00:00',null);
INSERT INTO PHLG_obs VALUES ('999','Today I ate biscuits and gravy.');
INSERT INTO Observation VALUES ('1000','71','2019-03-21 20:30:00','2019-03-21 20:31:22');
INSERT INTO PHLG_obs VALUES ('1000','Today I ate tomato.');
INSERT INTO Observation VALUES ('1001','118','2019-03-01 00:00:00',null);
INSERT INTO Observable VALUES ('1001',null,'heartrate',76,null,null,'null','null','null');
INSERT INTO Observation VALUES ('1002','118','2019-03-01 00:00:00','2019-03-01 00:01:48');
INSERT INTO Observable VALUES ('1002',null,'bloodpressure',null,87,192,'null','null','null');
INSERT INTO Observation VALUES ('1003','53','2019-03-01 00:30:00',null);
INSERT INTO Observable VALUES ('1003',null,'heartrate',87,null,null,'null','null','null');
INSERT INTO Observation VALUES ('1004','53','2019-03-01 00:30:00','2019-03-01 00:30:27');
INSERT INTO Observable VALUES ('1004',null,'bloodpressure',null,87,190,'null','null','null');
INSERT INTO Observation VALUES ('1005','117','2019-03-01 01:00:00',null);
INSERT INTO Observable VALUES ('1005',null,'heartrate',74,null,null,'null','null','null');
INSERT INTO Observation VALUES ('1006','117','2019-03-01 01:00:00','2019-03-01 01:01:43');
INSERT INTO Observable VALUES ('1006',null,'bloodpressure',null,134,102,'null','null','null');
INSERT INTO Observation VALUES ('1007','32','2019-03-01 01:30:00','2019-03-01 01:30:44');
INSERT INTO Observable VALUES ('1007','30','heartrate',83,null,null,'null','null','null');
INSERT INTO Observation VALUES ('1008','32','2019-03-01 01:30:00',null);
INSERT INTO Observable VALUES ('1008','30','bloodpressure',null,113,145,'null','null','null');
INSERT INTO Observation VALUES ('1009','46','2019-03-01 02:00:00','2019-03-01 02:00:36');
INSERT INTO Observable VALUES ('1009','172','heartrate',70,null,null,'null','null','null');
INSERT INTO Observation VALUES ('1010','46','2019-03-01 02:00:00','2019-03-01 02:01:32');
INSERT INTO Observable VALUES ('1010','172','bloodpressure',null,124,128,'null','null','null');
INSERT INTO Observation VALUES ('1011','53','2019-03-01 02:30:00','2019-03-01 02:30:22');
INSERT INTO Observable VALUES ('1011',null,'heartrate',82,null,null,'null','null','null');
INSERT INTO Observation VALUES ('1012','53','2019-03-01 02:30:00',null);
INSERT INTO Observable VALUES ('1012',null,'bloodpressure',null,87,138,'null','null','null');
INSERT INTO Observation VALUES ('1013','8','2019-03-01 03:00:00','2019-03-01 03:01:50');
INSERT INTO Observable VALUES ('1013','31','heartrate',82,null,null,'null','null','null');
INSERT INTO Observation VALUES ('1014','8','2019-03-01 03:00:00','2019-03-01 03:01:57');
INSERT INTO Observable VALUES ('1014','31','bloodpressure',null,89,145,'null','null','null');
INSERT INTO Observation VALUES ('1015','23','2019-03-01 03:30:00','2019-03-01 03:31:46');
INSERT INTO Observable VALUES ('1015',null,'heartrate',87,null,null,'null','null','null');
INSERT INTO Observation VALUES ('1016','23','2019-03-01 03:30:00','2019-03-01 03:31:48');
INSERT INTO Observable VALUES ('1016',null,'bloodpressure',null,67,121,'null','null','null');
INSERT INTO Observation VALUES ('1017','100','2019-03-01 04:00:00','2019-03-01 04:00:44');
INSERT INTO Observable VALUES ('1017','176','heartrate',60,null,null,'null','null','null');
INSERT INTO Observation VALUES ('1018','100','2019-03-01 04:00:00',null);
INSERT INTO Observable VALUES ('1018','176','bloodpressure',null,119,198,'null','null','null');
INSERT INTO Observation VALUES ('1019','50','2019-03-01 04:30:00','2019-03-01 04:31:05');
INSERT INTO Observable VALUES ('1019','193','heartrate',81,null,null,'null','null','null');
INSERT INTO Observation VALUES ('1020','50','2019-03-01 04:30:00','2019-03-01 04:31:52');
INSERT INTO Observable VALUES ('1020','193','bloodpressure',null,104,157,'null','null','null');
INSERT INTO Observation VALUES ('1021','98','2019-03-01 05:00:00','2019-03-01 05:00:43');
INSERT INTO Observable VALUES ('1021','143','heartrate',61,null,null,'null','null','null');
INSERT INTO Observation VALUES ('1022','98','2019-03-01 05:00:00','2019-03-01 05:00:55');
INSERT INTO Observable VALUES ('1022','143','bloodpressure',null,72,130,'null','null','null');
INSERT INTO Observation VALUES ('1023','59','2019-03-01 05:30:00',null);
INSERT INTO Observable VALUES ('1023','110','heartrate',81,null,null,'null','null','null');
INSERT INTO Observation VALUES ('1024','59','2019-03-01 05:30:00',null);
INSERT INTO Observable VALUES ('1024','110','bloodpressure',null,95,182,'null','null','null');
INSERT INTO Observation VALUES ('1025','47','2019-03-01 06:00:00','2019-03-01 06:00:52');
INSERT INTO Observable VALUES ('1025',null,'heartrate',88,null,null,'null','null','null');
INSERT INTO Observation VALUES ('1026','47','2019-03-01 06:00:00','2019-03-01 06:00:53');
INSERT INTO Observable VALUES ('1026',null,'bloodpressure',null,123,133,'null','null','null');
INSERT INTO Observation VALUES ('1027','5','2019-03-01 06:30:00','2019-03-01 06:30:24');
INSERT INTO Observable VALUES ('1027','4','heartrate',84,null,null,'null','null','null');
INSERT INTO Observation VALUES ('1028','5','2019-03-01 06:30:00',null);
INSERT INTO Observable VALUES ('1028','4','bloodpressure',null,104,175,'null','null','null');
INSERT INTO Observation VALUES ('1029','93','2019-03-01 07:00:00','2019-03-01 07:01:50');
INSERT INTO Observable VALUES ('1029','103','heartrate',90,null,null,'null','null','null');
INSERT INTO Observation VALUES ('1030','93','2019-03-01 07:00:00','2019-03-01 07:01:05');
INSERT INTO Observable VALUES ('1030','103','bloodpressure',null,95,196,'null','null','null');
INSERT INTO Observation VALUES ('1031','90','2019-03-01 07:30:00','2019-03-01 07:30:30');
INSERT INTO Observable VALUES ('1031',null,'heartrate',94,null,null,'null','null','null');
INSERT INTO Observation VALUES ('1032','90','2019-03-01 07:30:00',null);
INSERT INTO Observable VALUES ('1032',null,'bloodpressure',null,73,133,'null','null','null');
INSERT INTO Observation VALUES ('1033','51','2019-03-01 08:00:00',null);
INSERT INTO Observable VALUES ('1033',null,'heartrate',83,null,null,'null','null','null');
INSERT INTO Observation VALUES ('1034','51','2019-03-01 08:00:00','2019-03-01 08:01:39');
INSERT INTO Observable VALUES ('1034',null,'bloodpressure',null,94,104,'null','null','null');
INSERT INTO Observation VALUES ('1035','13','2019-03-01 08:30:00',null);
INSERT INTO Observable VALUES ('1035','60','heartrate',96,null,null,'null','null','null');
INSERT INTO Observation VALUES ('1036','13','2019-03-01 08:30:00','2019-03-01 08:30:43');
INSERT INTO Observable VALUES ('1036','60','bloodpressure',null,78,141,'null','null','null');
INSERT INTO Observation VALUES ('1037','76','2019-03-01 09:00:00','2019-03-01 09:01:14');
INSERT INTO Observable VALUES ('1037','163','heartrate',84,null,null,'null','null','null');
INSERT INTO Observation VALUES ('1038','76','2019-03-01 09:00:00','2019-03-01 09:00:06');
INSERT INTO Observable VALUES ('1038','163','bloodpressure',null,123,142,'null','null','null');
INSERT INTO Observation VALUES ('1039','125','2019-03-01 09:30:00',null);
INSERT INTO Observable VALUES ('1039',null,'heartrate',76,null,null,'null','null','null');
INSERT INTO Observation VALUES ('1040','125','2019-03-01 09:30:00',null);
INSERT INTO Observable VALUES ('1040',null,'bloodpressure',null,94,154,'null','null','null');
INSERT INTO Observation VALUES ('1041','39','2019-03-01 10:00:00','2019-03-01 10:00:07');
INSERT INTO Observable VALUES ('1041','32','heartrate',78,null,null,'null','null','null');
INSERT INTO Observation VALUES ('1042','39','2019-03-01 10:00:00',null);
INSERT INTO Observable VALUES ('1042','32','bloodpressure',null,134,122,'null','null','null');
INSERT INTO Observation VALUES ('1043','72','2019-03-01 10:30:00',null);
INSERT INTO Observable VALUES ('1043','38','heartrate',64,null,null,'null','null','null');
INSERT INTO Observation VALUES ('1044','72','2019-03-01 10:30:00',null);
INSERT INTO Observable VALUES ('1044','38','bloodpressure',null,136,189,'null','null','null');
INSERT INTO Observation VALUES ('1045','63','2019-03-01 11:00:00','2019-03-01 11:01:18');
INSERT INTO Observable VALUES ('1045','158','heartrate',74,null,null,'null','null','null');
INSERT INTO Observation VALUES ('1046','63','2019-03-01 11:00:00',null);
INSERT INTO Observable VALUES ('1046','158','bloodpressure',null,108,163,'null','null','null');
INSERT INTO Observation VALUES ('1047','23','2019-03-01 11:30:00','2019-03-01 11:31:30');
INSERT INTO Observable VALUES ('1047',null,'heartrate',62,null,null,'null','null','null');
INSERT INTO Observation VALUES ('1048','23','2019-03-01 11:30:00',null);
INSERT INTO Observable VALUES ('1048',null,'bloodpressure',null,107,110,'null','null','null');
INSERT INTO Observation VALUES ('1049','109','2019-03-01 12:00:00',null);
INSERT INTO Observable VALUES ('1049',null,'heartrate',99,null,null,'null','null','null');
INSERT INTO Observation VALUES ('1050','109','2019-03-01 12:00:00','2019-03-01 12:00:45');
INSERT INTO Observable VALUES ('1050',null,'bloodpressure',null,101,186,'null','null','null');
INSERT INTO Observation VALUES ('1051','49','2019-03-01 12:30:00','2019-03-01 12:30:48');
INSERT INTO Observable VALUES ('1051','112','heartrate',92,null,null,'null','null','null');
INSERT INTO Observation VALUES ('1052','49','2019-03-01 12:30:00','2019-03-01 12:31:27');
INSERT INTO Observable VALUES ('1052','112','bloodpressure',null,98,115,'null','null','null');
INSERT INTO Observation VALUES ('1053','109','2019-03-01 13:00:00',null);
INSERT INTO Observable VALUES ('1053',null,'heartrate',83,null,null,'null','null','null');
INSERT INTO Observation VALUES ('1054','109','2019-03-01 13:00:00','2019-03-01 13:00:57');
INSERT INTO Observable VALUES ('1054',null,'bloodpressure',null,114,150,'null','null','null');
INSERT INTO Observation VALUES ('1055','75','2019-03-01 13:30:00','2019-03-01 13:30:57');
INSERT INTO Observable VALUES ('1055','164','heartrate',74,null,null,'null','null','null');
INSERT INTO Observation VALUES ('1056','75','2019-03-01 13:30:00','2019-03-01 13:30:33');
INSERT INTO Observable VALUES ('1056','164','bloodpressure',null,81,196,'null','null','null');
INSERT INTO Observation VALUES ('1057','18','2019-03-01 14:00:00','2019-03-01 14:00:53');
INSERT INTO Observable VALUES ('1057','15','heartrate',93,null,null,'null','null','null');
INSERT INTO Observation VALUES ('1058','18','2019-03-01 14:00:00','2019-03-01 14:00:32');
INSERT INTO Observable VALUES ('1058','15','bloodpressure',null,89,130,'null','null','null');
INSERT INTO Observation VALUES ('1059','64','2019-03-01 14:30:00','2019-03-01 14:31:35');
INSERT INTO Observable VALUES ('1059','36','heartrate',97,null,null,'null','null','null');
INSERT INTO Observation VALUES ('1060','64','2019-03-01 14:30:00','2019-03-01 14:30:36');
INSERT INTO Observable VALUES ('1060','36','bloodpressure',null,139,182,'null','null','null');
INSERT INTO Observation VALUES ('1061','38','2019-03-01 15:00:00',null);
INSERT INTO Observable VALUES ('1061',null,'heartrate',63,null,null,'null','null','null');
INSERT INTO Observation VALUES ('1062','38','2019-03-01 15:00:00',null);
INSERT INTO Observable VALUES ('1062',null,'bloodpressure',null,116,144,'null','null','null');
INSERT INTO Observation VALUES ('1063','61','2019-03-01 15:30:00','2019-03-01 15:31:12');
INSERT INTO Observable VALUES ('1063',null,'heartrate',78,null,null,'null','null','null');
INSERT INTO Observation VALUES ('1064','61','2019-03-01 15:30:00',null);
INSERT INTO Observable VALUES ('1064',null,'bloodpressure',null,98,152,'null','null','null');
INSERT INTO Observation VALUES ('1065','21','2019-03-01 16:00:00',null);
INSERT INTO Observable VALUES ('1065',null,'heartrate',79,null,null,'null','null','null');
INSERT INTO Observation VALUES ('1066','21','2019-03-01 16:00:00','2019-03-01 16:01:18');
INSERT INTO Observable VALUES ('1066',null,'bloodpressure',null,129,150,'null','null','null');
INSERT INTO Observation VALUES ('1067','43','2019-03-01 16:30:00','2019-03-01 16:31:29');
INSERT INTO Observable VALUES ('1067','89','heartrate',70,null,null,'null','null','null');
INSERT INTO Observation VALUES ('1068','43','2019-03-01 16:30:00','2019-03-01 16:31:23');
INSERT INTO Observable VALUES ('1068','89','bloodpressure',null,91,103,'null','null','null');
INSERT INTO Observation VALUES ('1069','110','2019-03-01 17:00:00',null);
INSERT INTO Observable VALUES ('1069',null,'heartrate',69,null,null,'null','null','null');
INSERT INTO Observation VALUES ('1070','110','2019-03-01 17:00:00','2019-03-01 17:01:31');
INSERT INTO Observable VALUES ('1070',null,'bloodpressure',null,104,129,'null','null','null');
INSERT INTO Observation VALUES ('1071','51','2019-03-01 17:30:00','2019-03-01 17:30:10');
INSERT INTO Observable VALUES ('1071','142','heartrate',84,null,null,'null','null','null');
INSERT INTO Observation VALUES ('1072','51','2019-03-01 17:30:00',null);
INSERT INTO Observable VALUES ('1072','142','bloodpressure',null,134,191,'null','null','null');
INSERT INTO Observation VALUES ('1073','68','2019-03-01 18:00:00',null);
INSERT INTO Observable VALUES ('1073',null,'heartrate',85,null,null,'null','null','null');
INSERT INTO Observation VALUES ('1074','68','2019-03-01 18:00:00','2019-03-01 18:00:54');
INSERT INTO Observable VALUES ('1074',null,'bloodpressure',null,106,173,'null','null','null');
INSERT INTO Observation VALUES ('1075','29','2019-03-01 18:30:00','2019-03-01 18:31:38');
INSERT INTO Observable VALUES ('1075',null,'heartrate',82,null,null,'null','null','null');
INSERT INTO Observation VALUES ('1076','29','2019-03-01 18:30:00',null);
INSERT INTO Observable VALUES ('1076',null,'bloodpressure',null,139,187,'null','null','null');
INSERT INTO Observation VALUES ('1077','98','2019-03-01 19:00:00','2019-03-01 19:01:32');
INSERT INTO Observable VALUES ('1077',null,'heartrate',82,null,null,'null','null','null');
INSERT INTO Observation VALUES ('1078','98','2019-03-01 19:00:00',null);
INSERT INTO Observable VALUES ('1078',null,'bloodpressure',null,115,156,'null','null','null');
INSERT INTO Observation VALUES ('1079','53','2019-03-01 19:30:00','2019-03-01 19:31:57');
INSERT INTO Observable VALUES ('1079',null,'heartrate',68,null,null,'null','null','null');
INSERT INTO Observation VALUES ('1080','53','2019-03-01 19:30:00','2019-03-01 19:31:42');
INSERT INTO Observable VALUES ('1080',null,'bloodpressure',null,116,108,'null','null','null');
INSERT INTO Observation VALUES ('1081','63','2019-03-01 20:00:00',null);
INSERT INTO Observable VALUES ('1081',null,'heartrate',98,null,null,'null','null','null');
INSERT INTO Observation VALUES ('1082','63','2019-03-01 20:00:00','2019-03-01 20:01:12');
INSERT INTO Observable VALUES ('1082',null,'bloodpressure',null,97,139,'null','null','null');
INSERT INTO Observation VALUES ('1083','95','2019-03-01 20:30:00',null);
INSERT INTO Observable VALUES ('1083','120','heartrate',75,null,null,'null','null','null');
INSERT INTO Observation VALUES ('1084','95','2019-03-01 20:30:00',null);
INSERT INTO Observable VALUES ('1084','120','bloodpressure',null,113,113,'null','null','null');
INSERT INTO Observation VALUES ('1085','59','2019-03-01 21:00:00',null);
INSERT INTO Observable VALUES ('1085',null,'heartrate',89,null,null,'null','null','null');
INSERT INTO Observation VALUES ('1086','59','2019-03-01 21:00:00',null);
INSERT INTO Observable VALUES ('1086',null,'bloodpressure',null,88,103,'null','null','null');
INSERT INTO Observation VALUES ('1087','55','2019-03-01 21:30:00',null);
INSERT INTO Observable VALUES ('1087',null,'heartrate',96,null,null,'null','null','null');
INSERT INTO Observation VALUES ('1088','55','2019-03-01 21:30:00','2019-03-01 21:31:15');
INSERT INTO Observable VALUES ('1088',null,'bloodpressure',null,124,108,'null','null','null');
INSERT INTO Observation VALUES ('1089','97','2019-03-01 22:00:00','2019-03-01 22:00:29');
INSERT INTO Observable VALUES ('1089',null,'heartrate',88,null,null,'null','null','null');
INSERT INTO Observation VALUES ('1090','97','2019-03-01 22:00:00','2019-03-01 22:01:26');
INSERT INTO Observable VALUES ('1090',null,'bloodpressure',null,123,144,'null','null','null');
INSERT INTO Observation VALUES ('1091','7','2019-03-01 22:30:00',null);
INSERT INTO Observable VALUES ('1091','91','heartrate',70,null,null,'null','null','null');
INSERT INTO Observation VALUES ('1092','7','2019-03-01 22:30:00',null);
INSERT INTO Observable VALUES ('1092','91','bloodpressure',null,111,133,'null','null','null');
INSERT INTO Observation VALUES ('1093','56','2019-03-01 23:00:00','2019-03-01 23:00:04');
INSERT INTO Observable VALUES ('1093','75','heartrate',96,null,null,'null','null','null');
INSERT INTO Observation VALUES ('1094','56','2019-03-01 23:00:00',null);
INSERT INTO Observable VALUES ('1094','75','bloodpressure',null,113,168,'null','null','null');
INSERT INTO Observation VALUES ('1095','13','2019-03-01 23:30:00','2019-03-01 23:30:16');
INSERT INTO Observable VALUES ('1095','60','heartrate',77,null,null,'null','null','null');
INSERT INTO Observation VALUES ('1096','13','2019-03-01 23:30:00','2019-03-01 23:31:32');
INSERT INTO Observable VALUES ('1096','60','bloodpressure',null,136,115,'null','null','null');
INSERT INTO Observation VALUES ('1097','77','2019-03-02 00:00:00',null);
INSERT INTO Observable VALUES ('1097','95','heartrate',61,null,null,'null','null','null');
INSERT INTO Observation VALUES ('1098','77','2019-03-02 00:00:00',null);
INSERT INTO Observable VALUES ('1098','95','bloodpressure',null,134,143,'null','null','null');
INSERT INTO Observation VALUES ('1099','58','2019-03-02 00:30:00',null);
INSERT INTO Observable VALUES ('1099',null,'heartrate',84,null,null,'null','null','null');
INSERT INTO Observation VALUES ('1100','58','2019-03-02 00:30:00',null);
INSERT INTO Observable VALUES ('1100',null,'bloodpressure',null,109,198,'null','null','null');
INSERT INTO Observation VALUES ('1101','4','2019-03-02 01:00:00','2019-03-02 01:01:07');
INSERT INTO Observable VALUES ('1101',null,'heartrate',75,null,null,'null','null','null');
INSERT INTO Observation VALUES ('1102','4','2019-03-02 01:00:00','2019-03-02 01:01:08');
INSERT INTO Observable VALUES ('1102',null,'bloodpressure',null,75,114,'null','null','null');
INSERT INTO Observation VALUES ('1103','76','2019-03-02 01:30:00','2019-03-02 01:31:17');
INSERT INTO Observable VALUES ('1103','170','heartrate',90,null,null,'null','null','null');
INSERT INTO Observation VALUES ('1104','76','2019-03-02 01:30:00',null);
INSERT INTO Observable VALUES ('1104','170','bloodpressure',null,90,166,'null','null','null');
INSERT INTO Observation VALUES ('1105','8','2019-03-02 02:00:00','2019-03-02 02:00:41');
INSERT INTO Observable VALUES ('1105','55','heartrate',99,null,null,'null','null','null');
INSERT INTO Observation VALUES ('1106','8','2019-03-02 02:00:00','2019-03-02 02:01:52');
INSERT INTO Observable VALUES ('1106','55','bloodpressure',null,67,188,'null','null','null');
INSERT INTO Observation VALUES ('1107','49','2019-03-02 02:30:00','2019-03-02 02:30:46');
INSERT INTO Observable VALUES ('1107',null,'heartrate',72,null,null,'null','null','null');
INSERT INTO Observation VALUES ('1108','49','2019-03-02 02:30:00',null);
INSERT INTO Observable VALUES ('1108',null,'bloodpressure',null,74,123,'null','null','null');
INSERT INTO Observation VALUES ('1109','56','2019-03-02 03:00:00','2019-03-02 03:00:54');
INSERT INTO Observable VALUES ('1109','99','heartrate',62,null,null,'null','null','null');
INSERT INTO Observation VALUES ('1110','56','2019-03-02 03:00:00',null);
INSERT INTO Observable VALUES ('1110','99','bloodpressure',null,108,109,'null','null','null');
INSERT INTO Observation VALUES ('1111','10','2019-03-02 03:30:00','2019-03-02 03:30:36');
INSERT INTO Observable VALUES ('1111','44','heartrate',78,null,null,'null','null','null');
INSERT INTO Observation VALUES ('1112','10','2019-03-02 03:30:00',null);
INSERT INTO Observable VALUES ('1112','44','bloodpressure',null,130,117,'null','null','null');
INSERT INTO Observation VALUES ('1113','51','2019-03-02 04:00:00',null);
INSERT INTO Observable VALUES ('1113','144','heartrate',99,null,null,'null','null','null');
INSERT INTO Observation VALUES ('1114','51','2019-03-02 04:00:00','2019-03-02 04:00:52');
INSERT INTO Observable VALUES ('1114','144','bloodpressure',null,116,150,'null','null','null');
INSERT INTO Observation VALUES ('1115','32','2019-03-02 04:30:00','2019-03-02 04:30:07');
INSERT INTO Observable VALUES ('1115','97','heartrate',84,null,null,'null','null','null');
INSERT INTO Observation VALUES ('1116','32','2019-03-02 04:30:00',null);
INSERT INTO Observable VALUES ('1116','97','bloodpressure',null,109,184,'null','null','null');
INSERT INTO Observation VALUES ('1117','42','2019-03-02 05:00:00','2019-03-02 05:00:19');
INSERT INTO Observable VALUES ('1117','113','heartrate',84,null,null,'null','null','null');
INSERT INTO Observation VALUES ('1118','42','2019-03-02 05:00:00',null);
INSERT INTO Observable VALUES ('1118','113','bloodpressure',null,101,107,'null','null','null');
INSERT INTO Observation VALUES ('1119','19','2019-03-02 05:30:00','2019-03-02 05:31:54');
INSERT INTO Observable VALUES ('1119','85','heartrate',67,null,null,'null','null','null');
INSERT INTO Observation VALUES ('1120','19','2019-03-02 05:30:00','2019-03-02 05:30:43');
INSERT INTO Observable VALUES ('1120','85','bloodpressure',null,119,148,'null','null','null');
INSERT INTO Observation VALUES ('1121','46','2019-03-02 06:00:00','2019-03-02 06:01:40');
INSERT INTO Observable VALUES ('1121',null,'heartrate',86,null,null,'null','null','null');
INSERT INTO Observation VALUES ('1122','46','2019-03-02 06:00:00','2019-03-02 06:00:00');
INSERT INTO Observable VALUES ('1122',null,'bloodpressure',null,112,177,'null','null','null');
INSERT INTO Observation VALUES ('1123','11','2019-03-02 06:30:00',null);
INSERT INTO Observable VALUES ('1123','130','heartrate',60,null,null,'null','null','null');
INSERT INTO Observation VALUES ('1124','11','2019-03-02 06:30:00',null);
INSERT INTO Observable VALUES ('1124','130','bloodpressure',null,110,170,'null','null','null');
INSERT INTO Observation VALUES ('1125','104','2019-03-02 07:00:00','2019-03-02 07:00:31');
INSERT INTO Observable VALUES ('1125',null,'heartrate',83,null,null,'null','null','null');
INSERT INTO Observation VALUES ('1126','104','2019-03-02 07:00:00',null);
INSERT INTO Observable VALUES ('1126',null,'bloodpressure',null,79,164,'null','null','null');
INSERT INTO Observation VALUES ('1127','12','2019-03-02 07:30:00',null);
INSERT INTO Observable VALUES ('1127','129','heartrate',96,null,null,'null','null','null');
INSERT INTO Observation VALUES ('1128','12','2019-03-02 07:30:00','2019-03-02 07:31:32');
INSERT INTO Observable VALUES ('1128','129','bloodpressure',null,71,151,'null','null','null');
INSERT INTO Observation VALUES ('1129','1','2019-03-02 08:00:00','2019-03-02 08:00:34');
INSERT INTO Observable VALUES ('1129','126','heartrate',63,null,null,'null','null','null');
INSERT INTO Observation VALUES ('1130','1','2019-03-02 08:00:00','2019-03-02 08:00:28');
INSERT INTO Observable VALUES ('1130','126','bloodpressure',null,97,134,'null','null','null');
INSERT INTO Observation VALUES ('1131','7','2019-03-02 08:30:00','2019-03-02 08:30:20');
INSERT INTO Observable VALUES ('1131','12','heartrate',88,null,null,'null','null','null');
INSERT INTO Observation VALUES ('1132','7','2019-03-02 08:30:00','2019-03-02 08:31:47');
INSERT INTO Observable VALUES ('1132','12','bloodpressure',null,127,149,'null','null','null');
INSERT INTO Observation VALUES ('1133','27','2019-03-02 09:00:00',null);
INSERT INTO Observable VALUES ('1133','57','heartrate',89,null,null,'null','null','null');
INSERT INTO Observation VALUES ('1134','27','2019-03-02 09:00:00','2019-03-02 09:00:57');
INSERT INTO Observable VALUES ('1134','57','bloodpressure',null,75,170,'null','null','null');
INSERT INTO Observation VALUES ('1135','4','2019-03-02 09:30:00','2019-03-02 09:30:57');
INSERT INTO Observable VALUES ('1135',null,'heartrate',66,null,null,'null','null','null');
INSERT INTO Observation VALUES ('1136','4','2019-03-02 09:30:00','2019-03-02 09:31:11');
INSERT INTO Observable VALUES ('1136',null,'bloodpressure',null,126,130,'null','null','null');
INSERT INTO Observation VALUES ('1137','85','2019-03-02 10:00:00',null);
INSERT INTO Observable VALUES ('1137','181','heartrate',91,null,null,'null','null','null');
INSERT INTO Observation VALUES ('1138','85','2019-03-02 10:00:00',null);
INSERT INTO Observable VALUES ('1138','181','bloodpressure',null,135,196,'null','null','null');
INSERT INTO Observation VALUES ('1139','80','2019-03-02 10:30:00','2019-03-02 10:30:41');
INSERT INTO Observable VALUES ('1139','118','heartrate',76,null,null,'null','null','null');
INSERT INTO Observation VALUES ('1140','80','2019-03-02 10:30:00','2019-03-02 10:31:46');
INSERT INTO Observable VALUES ('1140','118','bloodpressure',null,101,186,'null','null','null');
INSERT INTO Observation VALUES ('1141','89','2019-03-02 11:00:00',null);
INSERT INTO Observable VALUES ('1141',null,'heartrate',69,null,null,'null','null','null');
INSERT INTO Observation VALUES ('1142','89','2019-03-02 11:00:00',null);
INSERT INTO Observable VALUES ('1142',null,'bloodpressure',null,106,112,'null','null','null');
INSERT INTO Observation VALUES ('1143','23','2019-03-02 11:30:00',null);
INSERT INTO Observable VALUES ('1143',null,'heartrate',72,null,null,'null','null','null');
INSERT INTO Observation VALUES ('1144','23','2019-03-02 11:30:00',null);
INSERT INTO Observable VALUES ('1144',null,'bloodpressure',null,109,194,'null','null','null');
INSERT INTO Observation VALUES ('1145','49','2019-03-02 12:00:00','2019-03-02 12:01:32');
INSERT INTO Observable VALUES ('1145',null,'heartrate',61,null,null,'null','null','null');
INSERT INTO Observation VALUES ('1146','49','2019-03-02 12:00:00','2019-03-02 12:00:36');
INSERT INTO Observable VALUES ('1146',null,'bloodpressure',null,130,117,'null','null','null');
INSERT INTO Observation VALUES ('1147','12','2019-03-02 12:30:00',null);
INSERT INTO Observable VALUES ('1147',null,'heartrate',72,null,null,'null','null','null');
INSERT INTO Observation VALUES ('1148','12','2019-03-02 12:30:00',null);
INSERT INTO Observable VALUES ('1148',null,'bloodpressure',null,78,149,'null','null','null');
INSERT INTO Observation VALUES ('1149','33','2019-03-02 13:00:00',null);
INSERT INTO Observable VALUES ('1149',null,'heartrate',98,null,null,'null','null','null');
INSERT INTO Observation VALUES ('1150','33','2019-03-02 13:00:00',null);
INSERT INTO Observable VALUES ('1150',null,'bloodpressure',null,94,132,'null','null','null');
INSERT INTO Observation VALUES ('1151','63','2019-03-02 13:30:00',null);
INSERT INTO Observable VALUES ('1151','26','heartrate',92,null,null,'null','null','null');
INSERT INTO Observation VALUES ('1152','63','2019-03-02 13:30:00','2019-03-02 13:30:36');
INSERT INTO Observable VALUES ('1152','26','bloodpressure',null,122,142,'null','null','null');
INSERT INTO Observation VALUES ('1153','63','2019-03-02 14:00:00','2019-03-02 14:00:07');
INSERT INTO Observable VALUES ('1153','26','heartrate',83,null,null,'null','null','null');
INSERT INTO Observation VALUES ('1154','63','2019-03-02 14:00:00',null);
INSERT INTO Observable VALUES ('1154','26','bloodpressure',null,78,173,'null','null','null');
INSERT INTO Observation VALUES ('1155','8','2019-03-02 14:30:00',null);
INSERT INTO Observable VALUES ('1155',null,'heartrate',62,null,null,'null','null','null');
INSERT INTO Observation VALUES ('1156','8','2019-03-02 14:30:00',null);
INSERT INTO Observable VALUES ('1156',null,'bloodpressure',null,130,117,'null','null','null');
INSERT INTO Observation VALUES ('1157','75','2019-03-02 15:00:00',null);
INSERT INTO Observable VALUES ('1157','145','heartrate',74,null,null,'null','null','null');
INSERT INTO Observation VALUES ('1158','75','2019-03-02 15:00:00','2019-03-02 15:01:01');
INSERT INTO Observable VALUES ('1158','145','bloodpressure',null,115,150,'null','null','null');
INSERT INTO Observation VALUES ('1159','61','2019-03-02 15:30:00','2019-03-02 15:30:15');
INSERT INTO Observable VALUES ('1159',null,'heartrate',86,null,null,'null','null','null');
INSERT INTO Observation VALUES ('1160','61','2019-03-02 15:30:00','2019-03-02 15:31:34');
INSERT INTO Observable VALUES ('1160',null,'bloodpressure',null,96,160,'null','null','null');
INSERT INTO Observation VALUES ('1161','80','2019-03-02 16:00:00','2019-03-02 16:00:22');
INSERT INTO Observable VALUES ('1161','122','heartrate',60,null,null,'null','null','null');
INSERT INTO Observation VALUES ('1162','80','2019-03-02 16:00:00',null);
INSERT INTO Observable VALUES ('1162','122','bloodpressure',null,122,104,'null','null','null');
INSERT INTO Observation VALUES ('1163','13','2019-03-02 16:30:00',null);
INSERT INTO Observable VALUES ('1163','65','heartrate',94,null,null,'null','null','null');
INSERT INTO Observation VALUES ('1164','13','2019-03-02 16:30:00',null);
INSERT INTO Observable VALUES ('1164','65','bloodpressure',null,70,136,'null','null','null');
INSERT INTO Observation VALUES ('1165','38','2019-03-02 17:00:00',null);
INSERT INTO Observable VALUES ('1165','161','heartrate',97,null,null,'null','null','null');
INSERT INTO Observation VALUES ('1166','38','2019-03-02 17:00:00','2019-03-02 17:01:56');
INSERT INTO Observable VALUES ('1166','161','bloodpressure',null,118,165,'null','null','null');
INSERT INTO Observation VALUES ('1167','1','2019-03-02 17:30:00',null);
INSERT INTO Observable VALUES ('1167','126','heartrate',87,null,null,'null','null','null');
INSERT INTO Observation VALUES ('1168','1','2019-03-02 17:30:00',null);
INSERT INTO Observable VALUES ('1168','126','bloodpressure',null,86,168,'null','null','null');
INSERT INTO Observation VALUES ('1169','68','2019-03-02 18:00:00',null);
INSERT INTO Observable VALUES ('1169','93','heartrate',89,null,null,'null','null','null');
INSERT INTO Observation VALUES ('1170','68','2019-03-02 18:00:00',null);
INSERT INTO Observable VALUES ('1170','93','bloodpressure',null,110,191,'null','null','null');
INSERT INTO Observation VALUES ('1171','93','2019-03-02 18:30:00','2019-03-02 18:30:05');
INSERT INTO Observable VALUES ('1171','103','heartrate',83,null,null,'null','null','null');
INSERT INTO Observation VALUES ('1172','93','2019-03-02 18:30:00',null);
INSERT INTO Observable VALUES ('1172','103','bloodpressure',null,136,121,'null','null','null');
INSERT INTO Observation VALUES ('1173','7','2019-03-02 19:00:00',null);
INSERT INTO Observable VALUES ('1173',null,'heartrate',99,null,null,'null','null','null');
INSERT INTO Observation VALUES ('1174','7','2019-03-02 19:00:00','2019-03-02 19:01:34');
INSERT INTO Observable VALUES ('1174',null,'bloodpressure',null,135,168,'null','null','null');
INSERT INTO Observation VALUES ('1175','8','2019-03-02 19:30:00',null);
INSERT INTO Observable VALUES ('1175','154','heartrate',83,null,null,'null','null','null');
INSERT INTO Observation VALUES ('1176','8','2019-03-02 19:30:00','2019-03-02 19:30:31');
INSERT INTO Observable VALUES ('1176','154','bloodpressure',null,78,114,'null','null','null');
INSERT INTO Observation VALUES ('1177','72','2019-03-02 20:00:00',null);
INSERT INTO Observable VALUES ('1177','171','heartrate',65,null,null,'null','null','null');
INSERT INTO Observation VALUES ('1178','72','2019-03-02 20:00:00','2019-03-02 20:01:21');
INSERT INTO Observable VALUES ('1178','171','bloodpressure',null,138,173,'null','null','null');
INSERT INTO Observation VALUES ('1179','110','2019-03-02 20:30:00','2019-03-02 20:31:11');
INSERT INTO Observable VALUES ('1179',null,'heartrate',63,null,null,'null','null','null');
INSERT INTO Observation VALUES ('1180','110','2019-03-02 20:30:00',null);
INSERT INTO Observable VALUES ('1180',null,'bloodpressure',null,60,137,'null','null','null');
INSERT INTO Observation VALUES ('1181','45','2019-03-02 21:00:00',null);
INSERT INTO Observable VALUES ('1181',null,'heartrate',86,null,null,'null','null','null');
INSERT INTO Observation VALUES ('1182','45','2019-03-02 21:00:00','2019-03-02 21:00:30');
INSERT INTO Observable VALUES ('1182',null,'bloodpressure',null,70,199,'null','null','null');
INSERT INTO Observation VALUES ('1183','25','2019-03-02 21:30:00',null);
INSERT INTO Observable VALUES ('1183',null,'heartrate',85,null,null,'null','null','null');
INSERT INTO Observation VALUES ('1184','25','2019-03-02 21:30:00',null);
INSERT INTO Observable VALUES ('1184',null,'bloodpressure',null,61,119,'null','null','null');
INSERT INTO Observation VALUES ('1185','39','2019-03-02 22:00:00','2019-03-02 22:00:37');
INSERT INTO Observable VALUES ('1185',null,'heartrate',75,null,null,'null','null','null');
INSERT INTO Observation VALUES ('1186','39','2019-03-02 22:00:00',null);
INSERT INTO Observable VALUES ('1186',null,'bloodpressure',null,133,192,'null','null','null');
INSERT INTO Observation VALUES ('1187','61','2019-03-02 22:30:00',null);
INSERT INTO Observable VALUES ('1187','67','heartrate',66,null,null,'null','null','null');
INSERT INTO Observation VALUES ('1188','61','2019-03-02 22:30:00','2019-03-02 22:31:51');
INSERT INTO Observable VALUES ('1188','67','bloodpressure',null,117,123,'null','null','null');
INSERT INTO Observation VALUES ('1189','51','2019-03-02 23:00:00','2019-03-02 23:01:10');
INSERT INTO Observable VALUES ('1189','142','heartrate',69,null,null,'null','null','null');
INSERT INTO Observation VALUES ('1190','51','2019-03-02 23:00:00',null);
INSERT INTO Observable VALUES ('1190','142','bloodpressure',null,96,188,'null','null','null');
INSERT INTO Observation VALUES ('1191','99','2019-03-02 23:30:00','2019-03-02 23:31:45');
INSERT INTO Observable VALUES ('1191',null,'heartrate',64,null,null,'null','null','null');
INSERT INTO Observation VALUES ('1192','99','2019-03-02 23:30:00','2019-03-02 23:30:00');
INSERT INTO Observable VALUES ('1192',null,'bloodpressure',null,84,199,'null','null','null');
INSERT INTO Observation VALUES ('1193','100','2019-03-03 00:00:00',null);
INSERT INTO Observable VALUES ('1193','10','heartrate',90,null,null,'null','null','null');
INSERT INTO Observation VALUES ('1194','100','2019-03-03 00:00:00','2019-03-03 00:01:14');
INSERT INTO Observable VALUES ('1194','10','bloodpressure',null,135,164,'null','null','null');
INSERT INTO Observation VALUES ('1195','53','2019-03-03 00:30:00','2019-03-03 00:30:59');
INSERT INTO Observable VALUES ('1195','131','heartrate',99,null,null,'null','null','null');
INSERT INTO Observation VALUES ('1196','53','2019-03-03 00:30:00',null);
INSERT INTO Observable VALUES ('1196','131','bloodpressure',null,109,103,'null','null','null');
INSERT INTO Observation VALUES ('1197','27','2019-03-03 01:00:00','2019-03-03 01:01:36');
INSERT INTO Observable VALUES ('1197',null,'heartrate',87,null,null,'null','null','null');
INSERT INTO Observation VALUES ('1198','27','2019-03-03 01:00:00',null);
INSERT INTO Observable VALUES ('1198',null,'bloodpressure',null,95,118,'null','null','null');
INSERT INTO Observation VALUES ('1199','77','2019-03-03 01:30:00','2019-03-03 01:31:09');
INSERT INTO Observable VALUES ('1199',null,'heartrate',99,null,null,'null','null','null');
INSERT INTO Observation VALUES ('1200','77','2019-03-03 01:30:00',null);
INSERT INTO Observable VALUES ('1200',null,'bloodpressure',null,74,182,'null','null','null');
INSERT INTO Observation VALUES ('1201','46','2019-03-03 02:00:00',null);
INSERT INTO Observable VALUES ('1201',null,'heartrate',61,null,null,'null','null','null');
INSERT INTO Observation VALUES ('1202','46','2019-03-03 02:00:00',null);
INSERT INTO Observable VALUES ('1202',null,'bloodpressure',null,129,179,'null','null','null');
INSERT INTO Observation VALUES ('1203','60','2019-03-03 02:30:00','2019-03-03 02:30:37');
INSERT INTO Observable VALUES ('1203','177','heartrate',80,null,null,'null','null','null');
INSERT INTO Observation VALUES ('1204','60','2019-03-03 02:30:00',null);
INSERT INTO Observable VALUES ('1204','177','bloodpressure',null,73,157,'null','null','null');
INSERT INTO Observation VALUES ('1205','96','2019-03-03 03:00:00','2019-03-03 03:00:05');
INSERT INTO Observable VALUES ('1205',null,'heartrate',61,null,null,'null','null','null');
INSERT INTO Observation VALUES ('1206','96','2019-03-03 03:00:00','2019-03-03 03:00:13');
INSERT INTO Observable VALUES ('1206',null,'bloodpressure',null,106,170,'null','null','null');
INSERT INTO Observation VALUES ('1207','76','2019-03-03 03:30:00','2019-03-03 03:30:08');
INSERT INTO Observable VALUES ('1207','163','heartrate',65,null,null,'null','null','null');
INSERT INTO Observation VALUES ('1208','76','2019-03-03 03:30:00','2019-03-03 03:30:47');
INSERT INTO Observable VALUES ('1208','163','bloodpressure',null,78,145,'null','null','null');
INSERT INTO Observation VALUES ('1209','31','2019-03-03 04:00:00','2019-03-03 04:01:00');
INSERT INTO Observable VALUES ('1209','68','heartrate',93,null,null,'null','null','null');
INSERT INTO Observation VALUES ('1210','31','2019-03-03 04:00:00',null);
INSERT INTO Observable VALUES ('1210','68','bloodpressure',null,100,182,'null','null','null');
INSERT INTO Observation VALUES ('1211','89','2019-03-03 04:30:00',null);
INSERT INTO Observable VALUES ('1211',null,'heartrate',64,null,null,'null','null','null');
INSERT INTO Observation VALUES ('1212','89','2019-03-03 04:30:00',null);
INSERT INTO Observable VALUES ('1212',null,'bloodpressure',null,79,117,'null','null','null');
INSERT INTO Observation VALUES ('1213','76','2019-03-03 05:00:00',null);
INSERT INTO Observable VALUES ('1213','163','heartrate',61,null,null,'null','null','null');
INSERT INTO Observation VALUES ('1214','76','2019-03-03 05:00:00',null);
INSERT INTO Observable VALUES ('1214','163','bloodpressure',null,73,151,'null','null','null');
INSERT INTO Observation VALUES ('1215','7','2019-03-03 05:30:00','2019-03-03 05:30:27');
INSERT INTO Observable VALUES ('1215','12','heartrate',87,null,null,'null','null','null');
INSERT INTO Observation VALUES ('1216','7','2019-03-03 05:30:00',null);
INSERT INTO Observable VALUES ('1216','12','bloodpressure',null,72,121,'null','null','null');
INSERT INTO Observation VALUES ('1217','10','2019-03-03 06:00:00',null);
INSERT INTO Observable VALUES ('1217','44','heartrate',86,null,null,'null','null','null');
INSERT INTO Observation VALUES ('1218','10','2019-03-03 06:00:00',null);
INSERT INTO Observable VALUES ('1218','44','bloodpressure',null,102,156,'null','null','null');
INSERT INTO Observation VALUES ('1219','39','2019-03-03 06:30:00','2019-03-03 06:31:04');
INSERT INTO Observable VALUES ('1219',null,'heartrate',81,null,null,'null','null','null');
INSERT INTO Observation VALUES ('1220','39','2019-03-03 06:30:00',null);
INSERT INTO Observable VALUES ('1220',null,'bloodpressure',null,95,129,'null','null','null');
INSERT INTO Observation VALUES ('1221','105','2019-03-03 07:00:00','2019-03-03 07:00:11');
INSERT INTO Observable VALUES ('1221',null,'heartrate',61,null,null,'null','null','null');
INSERT INTO Observation VALUES ('1222','105','2019-03-03 07:00:00',null);
INSERT INTO Observable VALUES ('1222',null,'bloodpressure',null,128,137,'null','null','null');
INSERT INTO Observation VALUES ('1223','55','2019-03-03 07:30:00','2019-03-03 07:30:24');
INSERT INTO Observable VALUES ('1223',null,'heartrate',75,null,null,'null','null','null');
INSERT INTO Observation VALUES ('1224','55','2019-03-03 07:30:00','2019-03-03 07:31:21');
INSERT INTO Observable VALUES ('1224',null,'bloodpressure',null,71,196,'null','null','null');
INSERT INTO Observation VALUES ('1225','7','2019-03-03 08:00:00',null);
INSERT INTO Observable VALUES ('1225','43','heartrate',63,null,null,'null','null','null');
INSERT INTO Observation VALUES ('1226','7','2019-03-03 08:00:00','2019-03-03 08:00:20');
INSERT INTO Observable VALUES ('1226','43','bloodpressure',null,117,134,'null','null','null');
INSERT INTO Observation VALUES ('1227','41','2019-03-03 08:30:00','2019-03-03 08:30:58');
INSERT INTO Observable VALUES ('1227',null,'heartrate',75,null,null,'null','null','null');
INSERT INTO Observation VALUES ('1228','41','2019-03-03 08:30:00',null);
INSERT INTO Observable VALUES ('1228',null,'bloodpressure',null,102,125,'null','null','null');
INSERT INTO Observation VALUES ('1229','42','2019-03-03 09:00:00',null);
INSERT INTO Observable VALUES ('1229',null,'heartrate',73,null,null,'null','null','null');
INSERT INTO Observation VALUES ('1230','42','2019-03-03 09:00:00','2019-03-03 09:01:24');
INSERT INTO Observable VALUES ('1230',null,'bloodpressure',null,89,161,'null','null','null');
INSERT INTO Observation VALUES ('1231','13','2019-03-03 09:30:00',null);
INSERT INTO Observable VALUES ('1231','61','heartrate',85,null,null,'null','null','null');
INSERT INTO Observation VALUES ('1232','13','2019-03-03 09:30:00','2019-03-03 09:30:51');
INSERT INTO Observable VALUES ('1232','61','bloodpressure',null,98,122,'null','null','null');
INSERT INTO Observation VALUES ('1233','30','2019-03-03 10:00:00','2019-03-03 10:01:53');
INSERT INTO Observable VALUES ('1233','188','heartrate',73,null,null,'null','null','null');
INSERT INTO Observation VALUES ('1234','30','2019-03-03 10:00:00',null);
INSERT INTO Observable VALUES ('1234','188','bloodpressure',null,104,116,'null','null','null');
INSERT INTO Observation VALUES ('1235','25','2019-03-03 10:30:00','2019-03-03 10:30:04');
INSERT INTO Observable VALUES ('1235',null,'heartrate',71,null,null,'null','null','null');
INSERT INTO Observation VALUES ('1236','25','2019-03-03 10:30:00',null);
INSERT INTO Observable VALUES ('1236',null,'bloodpressure',null,102,119,'null','null','null');
INSERT INTO Observation VALUES ('1237','5','2019-03-03 11:00:00',null);
INSERT INTO Observable VALUES ('1237','121','heartrate',84,null,null,'null','null','null');
INSERT INTO Observation VALUES ('1238','5','2019-03-03 11:00:00','2019-03-03 11:00:01');
INSERT INTO Observable VALUES ('1238','121','bloodpressure',null,92,192,'null','null','null');
INSERT INTO Observation VALUES ('1239','11','2019-03-03 11:30:00',null);
INSERT INTO Observable VALUES ('1239','130','heartrate',62,null,null,'null','null','null');
INSERT INTO Observation VALUES ('1240','11','2019-03-03 11:30:00','2019-03-03 11:30:08');
INSERT INTO Observable VALUES ('1240','130','bloodpressure',null,85,163,'null','null','null');
INSERT INTO Observation VALUES ('1241','13','2019-03-03 12:00:00',null);
INSERT INTO Observable VALUES ('1241','60','heartrate',79,null,null,'null','null','null');
INSERT INTO Observation VALUES ('1242','13','2019-03-03 12:00:00',null);
INSERT INTO Observable VALUES ('1242','60','bloodpressure',null,71,107,'null','null','null');
INSERT INTO Observation VALUES ('1243','51','2019-03-03 12:30:00','2019-03-03 12:31:11');
INSERT INTO Observable VALUES ('1243','51','heartrate',84,null,null,'null','null','null');
INSERT INTO Observation VALUES ('1244','51','2019-03-03 12:30:00','2019-03-03 12:30:11');
INSERT INTO Observable VALUES ('1244','51','bloodpressure',null,105,126,'null','null','null');
INSERT INTO Observation VALUES ('1245','110','2019-03-03 13:00:00','2019-03-03 13:00:42');
INSERT INTO Observable VALUES ('1245',null,'heartrate',95,null,null,'null','null','null');
INSERT INTO Observation VALUES ('1246','110','2019-03-03 13:00:00',null);
INSERT INTO Observable VALUES ('1246',null,'bloodpressure',null,108,117,'null','null','null');
INSERT INTO Observation VALUES ('1247','89','2019-03-03 13:30:00',null);
INSERT INTO Observable VALUES ('1247','13','heartrate',97,null,null,'null','null','null');
INSERT INTO Observation VALUES ('1248','89','2019-03-03 13:30:00',null);
INSERT INTO Observable VALUES ('1248','13','bloodpressure',null,117,126,'null','null','null');
INSERT INTO Observation VALUES ('1249','115','2019-03-03 14:00:00',null);
INSERT INTO Observable VALUES ('1249',null,'heartrate',80,null,null,'null','null','null');
INSERT INTO Observation VALUES ('1250','115','2019-03-03 14:00:00','2019-03-03 14:01:12');
INSERT INTO Observable VALUES ('1250',null,'bloodpressure',null,136,195,'null','null','null');
INSERT INTO Observation VALUES ('1251','7','2019-03-03 14:30:00','2019-03-03 14:31:32');
INSERT INTO Observable VALUES ('1251','12','heartrate',81,null,null,'null','null','null');
INSERT INTO Observation VALUES ('1252','7','2019-03-03 14:30:00','2019-03-03 14:31:32');
INSERT INTO Observable VALUES ('1252','12','bloodpressure',null,125,116,'null','null','null');
INSERT INTO Observation VALUES ('1253','89','2019-03-03 15:00:00','2019-03-03 15:00:34');
INSERT INTO Observable VALUES ('1253','27','heartrate',90,null,null,'null','null','null');
INSERT INTO Observation VALUES ('1254','89','2019-03-03 15:00:00','2019-03-03 15:01:00');
INSERT INTO Observable VALUES ('1254','27','bloodpressure',null,70,186,'null','null','null');
INSERT INTO Observation VALUES ('1255','22','2019-03-03 15:30:00','2019-03-03 15:30:36');
INSERT INTO Observable VALUES ('1255',null,'heartrate',90,null,null,'null','null','null');
INSERT INTO Observation VALUES ('1256','22','2019-03-03 15:30:00',null);
INSERT INTO Observable VALUES ('1256',null,'bloodpressure',null,136,179,'null','null','null');
INSERT INTO Observation VALUES ('1257','25','2019-03-03 16:00:00',null);
INSERT INTO Observable VALUES ('1257',null,'heartrate',63,null,null,'null','null','null');
INSERT INTO Observation VALUES ('1258','25','2019-03-03 16:00:00',null);
INSERT INTO Observable VALUES ('1258',null,'bloodpressure',null,100,182,'null','null','null');
INSERT INTO Observation VALUES ('1259','40','2019-03-03 16:30:00','2019-03-03 16:31:50');
INSERT INTO Observable VALUES ('1259',null,'heartrate',63,null,null,'null','null','null');
INSERT INTO Observation VALUES ('1260','40','2019-03-03 16:30:00',null);
INSERT INTO Observable VALUES ('1260',null,'bloodpressure',null,134,189,'null','null','null');
INSERT INTO Observation VALUES ('1261','102','2019-03-03 17:00:00',null);
INSERT INTO Observable VALUES ('1261',null,'heartrate',94,null,null,'null','null','null');
INSERT INTO Observation VALUES ('1262','102','2019-03-03 17:00:00',null);
INSERT INTO Observable VALUES ('1262',null,'bloodpressure',null,138,118,'null','null','null');
INSERT INTO Observation VALUES ('1263','107','2019-03-03 17:30:00','2019-03-03 17:30:52');
INSERT INTO Observable VALUES ('1263',null,'heartrate',95,null,null,'null','null','null');
INSERT INTO Observation VALUES ('1264','107','2019-03-03 17:30:00',null);
INSERT INTO Observable VALUES ('1264',null,'bloodpressure',null,86,115,'null','null','null');
INSERT INTO Observation VALUES ('1265','25','2019-03-03 18:00:00',null);
INSERT INTO Observable VALUES ('1265','196','heartrate',99,null,null,'null','null','null');
INSERT INTO Observation VALUES ('1266','25','2019-03-03 18:00:00',null);
INSERT INTO Observable VALUES ('1266','196','bloodpressure',null,106,185,'null','null','null');
INSERT INTO Observation VALUES ('1267','53','2019-03-03 18:30:00',null);
INSERT INTO Observable VALUES ('1267','148','heartrate',98,null,null,'null','null','null');
INSERT INTO Observation VALUES ('1268','53','2019-03-03 18:30:00',null);
INSERT INTO Observable VALUES ('1268','148','bloodpressure',null,94,177,'null','null','null');
INSERT INTO Observation VALUES ('1269','75','2019-03-03 19:00:00',null);
INSERT INTO Observable VALUES ('1269',null,'heartrate',60,null,null,'null','null','null');
INSERT INTO Observation VALUES ('1270','75','2019-03-03 19:00:00','2019-03-03 19:00:13');
INSERT INTO Observable VALUES ('1270',null,'bloodpressure',null,84,137,'null','null','null');
INSERT INTO Observation VALUES ('1271','44','2019-03-03 19:30:00',null);
INSERT INTO Observable VALUES ('1271','173','heartrate',81,null,null,'null','null','null');
INSERT INTO Observation VALUES ('1272','44','2019-03-03 19:30:00',null);
INSERT INTO Observable VALUES ('1272','173','bloodpressure',null,102,196,'null','null','null');
INSERT INTO Observation VALUES ('1273','59','2019-03-03 20:00:00',null);
INSERT INTO Observable VALUES ('1273','63','heartrate',68,null,null,'null','null','null');
INSERT INTO Observation VALUES ('1274','59','2019-03-03 20:00:00','2019-03-03 20:01:04');
INSERT INTO Observable VALUES ('1274','63','bloodpressure',null,92,177,'null','null','null');
INSERT INTO Observation VALUES ('1275','77','2019-03-03 20:30:00','2019-03-03 20:31:49');
INSERT INTO Observable VALUES ('1275','6','heartrate',61,null,null,'null','null','null');
INSERT INTO Observation VALUES ('1276','77','2019-03-03 20:30:00','2019-03-03 20:31:16');
INSERT INTO Observable VALUES ('1276','6','bloodpressure',null,115,133,'null','null','null');
INSERT INTO Observation VALUES ('1277','50','2019-03-03 21:00:00','2019-03-03 21:01:46');
INSERT INTO Observable VALUES ('1277',null,'heartrate',99,null,null,'null','null','null');
INSERT INTO Observation VALUES ('1278','50','2019-03-03 21:00:00',null);
INSERT INTO Observable VALUES ('1278',null,'bloodpressure',null,130,176,'null','null','null');
INSERT INTO Observation VALUES ('1279','32','2019-03-03 21:30:00','2019-03-03 21:31:38');
INSERT INTO Observable VALUES ('1279','30','heartrate',63,null,null,'null','null','null');
INSERT INTO Observation VALUES ('1280','32','2019-03-03 21:30:00',null);
INSERT INTO Observable VALUES ('1280','30','bloodpressure',null,66,136,'null','null','null');
INSERT INTO Observation VALUES ('1281','75','2019-03-03 22:00:00',null);
INSERT INTO Observable VALUES ('1281','127','heartrate',83,null,null,'null','null','null');
INSERT INTO Observation VALUES ('1282','75','2019-03-03 22:00:00',null);
INSERT INTO Observable VALUES ('1282','127','bloodpressure',null,119,151,'null','null','null');
INSERT INTO Observation VALUES ('1283','90','2019-03-03 22:30:00',null);
INSERT INTO Observable VALUES ('1283','25','heartrate',82,null,null,'null','null','null');
INSERT INTO Observation VALUES ('1284','90','2019-03-03 22:30:00','2019-03-03 22:30:23');
INSERT INTO Observable VALUES ('1284','25','bloodpressure',null,133,133,'null','null','null');
INSERT INTO Observation VALUES ('1285','7','2019-03-03 23:00:00','2019-03-03 23:01:28');
INSERT INTO Observable VALUES ('1285',null,'heartrate',92,null,null,'null','null','null');
INSERT INTO Observation VALUES ('1286','7','2019-03-03 23:00:00',null);
INSERT INTO Observable VALUES ('1286',null,'bloodpressure',null,134,186,'null','null','null');
INSERT INTO Observation VALUES ('1287','14','2019-03-03 23:30:00',null);
INSERT INTO Observable VALUES ('1287','74','heartrate',85,null,null,'null','null','null');
INSERT INTO Observation VALUES ('1288','14','2019-03-03 23:30:00',null);
INSERT INTO Observable VALUES ('1288','74','bloodpressure',null,113,165,'null','null','null');
INSERT INTO Observation VALUES ('1289','70','2019-03-04 00:00:00','2019-03-04 00:01:21');
INSERT INTO Observable VALUES ('1289','108','heartrate',79,null,null,'null','null','null');
INSERT INTO Observation VALUES ('1290','70','2019-03-04 00:00:00','2019-03-04 00:00:00');
INSERT INTO Observable VALUES ('1290','108','bloodpressure',null,101,115,'null','null','null');
INSERT INTO Observation VALUES ('1291','58','2019-03-04 00:30:00','2019-03-04 00:30:25');
INSERT INTO Observable VALUES ('1291','194','heartrate',67,null,null,'null','null','null');
INSERT INTO Observation VALUES ('1292','58','2019-03-04 00:30:00',null);
INSERT INTO Observable VALUES ('1292','194','bloodpressure',null,115,183,'null','null','null');
INSERT INTO Observation VALUES ('1293','102','2019-03-04 01:00:00',null);
INSERT INTO Observable VALUES ('1293',null,'heartrate',68,null,null,'null','null','null');
INSERT INTO Observation VALUES ('1294','102','2019-03-04 01:00:00',null);
INSERT INTO Observable VALUES ('1294',null,'bloodpressure',null,83,121,'null','null','null');
INSERT INTO Observation VALUES ('1295','49','2019-03-04 01:30:00','2019-03-04 01:30:54');
INSERT INTO Observable VALUES ('1295','112','heartrate',94,null,null,'null','null','null');
INSERT INTO Observation VALUES ('1296','49','2019-03-04 01:30:00',null);
INSERT INTO Observable VALUES ('1296','112','bloodpressure',null,94,153,'null','null','null');
INSERT INTO Observation VALUES ('1297','75','2019-03-04 02:00:00','2019-03-04 02:01:27');
INSERT INTO Observable VALUES ('1297','145','heartrate',98,null,null,'null','null','null');
INSERT INTO Observation VALUES ('1298','75','2019-03-04 02:00:00','2019-03-04 02:01:03');
INSERT INTO Observable VALUES ('1298','145','bloodpressure',null,88,146,'null','null','null');
INSERT INTO Observation VALUES ('1299','54','2019-03-04 02:30:00','2019-03-04 02:31:07');
INSERT INTO Observable VALUES ('1299','153','heartrate',80,null,null,'null','null','null');
INSERT INTO Observation VALUES ('1300','54','2019-03-04 02:30:00',null);
INSERT INTO Observable VALUES ('1300','153','bloodpressure',null,95,161,'null','null','null');
INSERT INTO Observation VALUES ('1301','14','2019-03-04 03:00:00',null);
INSERT INTO Observable VALUES ('1301',null,'heartrate',91,null,null,'null','null','null');
INSERT INTO Observation VALUES ('1302','14','2019-03-04 03:00:00',null);
INSERT INTO Observable VALUES ('1302',null,'bloodpressure',null,139,138,'null','null','null');
INSERT INTO Observation VALUES ('1303','38','2019-03-04 03:30:00',null);
INSERT INTO Observable VALUES ('1303',null,'heartrate',85,null,null,'null','null','null');
INSERT INTO Observation VALUES ('1304','38','2019-03-04 03:30:00',null);
INSERT INTO Observable VALUES ('1304',null,'bloodpressure',null,111,131,'null','null','null');
INSERT INTO Observation VALUES ('1305','63','2019-03-04 04:00:00','2019-03-04 04:01:44');
INSERT INTO Observable VALUES ('1305','26','heartrate',69,null,null,'null','null','null');
INSERT INTO Observation VALUES ('1306','63','2019-03-04 04:00:00','2019-03-04 04:01:59');
INSERT INTO Observable VALUES ('1306','26','bloodpressure',null,74,196,'null','null','null');
INSERT INTO Observation VALUES ('1307','25','2019-03-04 04:30:00','2019-03-04 04:30:32');
INSERT INTO Observable VALUES ('1307','45','heartrate',76,null,null,'null','null','null');
INSERT INTO Observation VALUES ('1308','25','2019-03-04 04:30:00','2019-03-04 04:30:55');
INSERT INTO Observable VALUES ('1308','45','bloodpressure',null,113,116,'null','null','null');
INSERT INTO Observation VALUES ('1309','78','2019-03-04 05:00:00','2019-03-04 05:01:16');
INSERT INTO Observable VALUES ('1309',null,'heartrate',93,null,null,'null','null','null');
INSERT INTO Observation VALUES ('1310','78','2019-03-04 05:00:00',null);
INSERT INTO Observable VALUES ('1310',null,'bloodpressure',null,116,142,'null','null','null');
INSERT INTO Observation VALUES ('1311','38','2019-03-04 05:30:00',null);
INSERT INTO Observable VALUES ('1311',null,'heartrate',90,null,null,'null','null','null');
INSERT INTO Observation VALUES ('1312','38','2019-03-04 05:30:00',null);
INSERT INTO Observable VALUES ('1312',null,'bloodpressure',null,105,148,'null','null','null');
INSERT INTO Observation VALUES ('1313','28','2019-03-04 06:00:00','2019-03-04 06:00:18');
INSERT INTO Observable VALUES ('1313','92','heartrate',79,null,null,'null','null','null');
INSERT INTO Observation VALUES ('1314','28','2019-03-04 06:00:00','2019-03-04 06:00:23');
INSERT INTO Observable VALUES ('1314','92','bloodpressure',null,105,183,'null','null','null');
INSERT INTO Observation VALUES ('1315','10','2019-03-04 06:30:00','2019-03-04 06:30:13');
INSERT INTO Observable VALUES ('1315','105','heartrate',60,null,null,'null','null','null');
INSERT INTO Observation VALUES ('1316','10','2019-03-04 06:30:00','2019-03-04 06:31:32');
INSERT INTO Observable VALUES ('1316','105','bloodpressure',null,128,121,'null','null','null');
INSERT INTO Observation VALUES ('1317','59','2019-03-04 07:00:00',null);
INSERT INTO Observable VALUES ('1317',null,'heartrate',65,null,null,'null','null','null');
INSERT INTO Observation VALUES ('1318','59','2019-03-04 07:00:00','2019-03-04 07:00:25');
INSERT INTO Observable VALUES ('1318',null,'bloodpressure',null,83,157,'null','null','null');
INSERT INTO Observation VALUES ('1319','42','2019-03-04 07:30:00','2019-03-04 07:30:04');
INSERT INTO Observable VALUES ('1319','140','heartrate',67,null,null,'null','null','null');
INSERT INTO Observation VALUES ('1320','42','2019-03-04 07:30:00','2019-03-04 07:31:30');
INSERT INTO Observable VALUES ('1320','140','bloodpressure',null,68,124,'null','null','null');
INSERT INTO Observation VALUES ('1321','123','2019-03-04 08:00:00',null);
INSERT INTO Observable VALUES ('1321',null,'heartrate',83,null,null,'null','null','null');
INSERT INTO Observation VALUES ('1322','123','2019-03-04 08:00:00',null);
INSERT INTO Observable VALUES ('1322',null,'bloodpressure',null,119,118,'null','null','null');
INSERT INTO Observation VALUES ('1323','70','2019-03-04 08:30:00','2019-03-04 08:30:13');
INSERT INTO Observable VALUES ('1323','150','heartrate',81,null,null,'null','null','null');
INSERT INTO Observation VALUES ('1324','70','2019-03-04 08:30:00',null);
INSERT INTO Observable VALUES ('1324','150','bloodpressure',null,93,107,'null','null','null');
INSERT INTO Observation VALUES ('1325','20','2019-03-04 09:00:00','2019-03-04 09:01:18');
INSERT INTO Observable VALUES ('1325',null,'heartrate',76,null,null,'null','null','null');
INSERT INTO Observation VALUES ('1326','20','2019-03-04 09:00:00','2019-03-04 09:01:21');
INSERT INTO Observable VALUES ('1326',null,'bloodpressure',null,76,121,'null','null','null');
INSERT INTO Observation VALUES ('1327','5','2019-03-04 09:30:00',null);
INSERT INTO Observable VALUES ('1327','121','heartrate',89,null,null,'null','null','null');
INSERT INTO Observation VALUES ('1328','5','2019-03-04 09:30:00',null);
INSERT INTO Observable VALUES ('1328','121','bloodpressure',null,86,120,'null','null','null');
INSERT INTO Observation VALUES ('1329','72','2019-03-04 10:00:00',null);
INSERT INTO Observable VALUES ('1329',null,'heartrate',99,null,null,'null','null','null');
INSERT INTO Observation VALUES ('1330','72','2019-03-04 10:00:00','2019-03-04 10:00:22');
INSERT INTO Observable VALUES ('1330',null,'bloodpressure',null,113,197,'null','null','null');
INSERT INTO Observation VALUES ('1331','23','2019-03-04 10:30:00','2019-03-04 10:31:33');
INSERT INTO Observable VALUES ('1331','199','heartrate',89,null,null,'null','null','null');
INSERT INTO Observation VALUES ('1332','23','2019-03-04 10:30:00',null);
INSERT INTO Observable VALUES ('1332','199','bloodpressure',null,119,191,'null','null','null');
INSERT INTO Observation VALUES ('1333','113','2019-03-04 11:00:00','2019-03-04 11:00:26');
INSERT INTO Observable VALUES ('1333',null,'heartrate',85,null,null,'null','null','null');
INSERT INTO Observation VALUES ('1334','113','2019-03-04 11:00:00',null);
INSERT INTO Observable VALUES ('1334',null,'bloodpressure',null,72,154,'null','null','null');
INSERT INTO Observation VALUES ('1335','47','2019-03-04 11:30:00','2019-03-04 11:31:54');
INSERT INTO Observable VALUES ('1335','35','heartrate',96,null,null,'null','null','null');
INSERT INTO Observation VALUES ('1336','47','2019-03-04 11:30:00','2019-03-04 11:31:37');
INSERT INTO Observable VALUES ('1336','35','bloodpressure',null,134,141,'null','null','null');
INSERT INTO Observation VALUES ('1337','29','2019-03-04 12:00:00','2019-03-04 12:00:25');
INSERT INTO Observable VALUES ('1337',null,'heartrate',82,null,null,'null','null','null');
INSERT INTO Observation VALUES ('1338','29','2019-03-04 12:00:00',null);
INSERT INTO Observable VALUES ('1338',null,'bloodpressure',null,78,145,'null','null','null');
INSERT INTO Observation VALUES ('1339','63','2019-03-04 12:30:00','2019-03-04 12:30:44');
INSERT INTO Observable VALUES ('1339',null,'heartrate',71,null,null,'null','null','null');
INSERT INTO Observation VALUES ('1340','63','2019-03-04 12:30:00','2019-03-04 12:30:39');
INSERT INTO Observable VALUES ('1340',null,'bloodpressure',null,74,151,'null','null','null');
INSERT INTO Observation VALUES ('1341','51','2019-03-04 13:00:00','2019-03-04 13:01:38');
INSERT INTO Observable VALUES ('1341','51','heartrate',70,null,null,'null','null','null');
INSERT INTO Observation VALUES ('1342','51','2019-03-04 13:00:00',null);
INSERT INTO Observable VALUES ('1342','51','bloodpressure',null,127,113,'null','null','null');
INSERT INTO Observation VALUES ('1343','44','2019-03-04 13:30:00',null);
INSERT INTO Observable VALUES ('1343',null,'heartrate',96,null,null,'null','null','null');
INSERT INTO Observation VALUES ('1344','44','2019-03-04 13:30:00',null);
INSERT INTO Observable VALUES ('1344',null,'bloodpressure',null,100,155,'null','null','null');
INSERT INTO Observation VALUES ('1345','82','2019-03-04 14:00:00','2019-03-04 14:01:30');
INSERT INTO Observable VALUES ('1345',null,'heartrate',99,null,null,'null','null','null');
INSERT INTO Observation VALUES ('1346','82','2019-03-04 14:00:00','2019-03-04 14:00:02');
INSERT INTO Observable VALUES ('1346',null,'bloodpressure',null,73,180,'null','null','null');
INSERT INTO Observation VALUES ('1347','59','2019-03-04 14:30:00',null);
INSERT INTO Observable VALUES ('1347',null,'heartrate',93,null,null,'null','null','null');
INSERT INTO Observation VALUES ('1348','59','2019-03-04 14:30:00',null);
INSERT INTO Observable VALUES ('1348',null,'bloodpressure',null,65,101,'null','null','null');
INSERT INTO Observation VALUES ('1349','108','2019-03-04 15:00:00',null);
INSERT INTO Observable VALUES ('1349',null,'heartrate',69,null,null,'null','null','null');
INSERT INTO Observation VALUES ('1350','108','2019-03-04 15:00:00',null);
INSERT INTO Observable VALUES ('1350',null,'bloodpressure',null,129,161,'null','null','null');
INSERT INTO Observation VALUES ('1351','42','2019-03-04 15:30:00','2019-03-04 15:31:01');
INSERT INTO Observable VALUES ('1351',null,'heartrate',70,null,null,'null','null','null');
INSERT INTO Observation VALUES ('1352','42','2019-03-04 15:30:00',null);
INSERT INTO Observable VALUES ('1352',null,'bloodpressure',null,127,139,'null','null','null');
INSERT INTO Observation VALUES ('1353','60','2019-03-04 16:00:00','2019-03-04 16:00:59');
INSERT INTO Observable VALUES ('1353',null,'heartrate',86,null,null,'null','null','null');
INSERT INTO Observation VALUES ('1354','60','2019-03-04 16:00:00',null);
INSERT INTO Observable VALUES ('1354',null,'bloodpressure',null,112,115,'null','null','null');
INSERT INTO Observation VALUES ('1355','77','2019-03-04 16:30:00',null);
INSERT INTO Observable VALUES ('1355','22','heartrate',98,null,null,'null','null','null');
INSERT INTO Observation VALUES ('1356','77','2019-03-04 16:30:00','2019-03-04 16:31:06');
INSERT INTO Observable VALUES ('1356','22','bloodpressure',null,72,155,'null','null','null');
INSERT INTO Observation VALUES ('1357','84','2019-03-04 17:00:00','2019-03-04 17:00:17');
INSERT INTO Observable VALUES ('1357',null,'heartrate',97,null,null,'null','null','null');
INSERT INTO Observation VALUES ('1358','84','2019-03-04 17:00:00',null);
INSERT INTO Observable VALUES ('1358',null,'bloodpressure',null,74,154,'null','null','null');
INSERT INTO Observation VALUES ('1359','83','2019-03-04 17:30:00','2019-03-04 17:31:51');
INSERT INTO Observable VALUES ('1359',null,'heartrate',75,null,null,'null','null','null');
INSERT INTO Observation VALUES ('1360','83','2019-03-04 17:30:00',null);
INSERT INTO Observable VALUES ('1360',null,'bloodpressure',null,75,176,'null','null','null');
INSERT INTO Observation VALUES ('1361','78','2019-03-04 18:00:00','2019-03-04 18:00:52');
INSERT INTO Observable VALUES ('1361','20','heartrate',78,null,null,'null','null','null');
INSERT INTO Observation VALUES ('1362','78','2019-03-04 18:00:00',null);
INSERT INTO Observable VALUES ('1362','20','bloodpressure',null,66,167,'null','null','null');
INSERT INTO Observation VALUES ('1363','8','2019-03-04 18:30:00',null);
INSERT INTO Observable VALUES ('1363','31','heartrate',74,null,null,'null','null','null');
INSERT INTO Observation VALUES ('1364','8','2019-03-04 18:30:00','2019-03-04 18:30:58');
INSERT INTO Observable VALUES ('1364','31','bloodpressure',null,124,100,'null','null','null');
INSERT INTO Observation VALUES ('1365','53','2019-03-04 19:00:00',null);
INSERT INTO Observable VALUES ('1365','131','heartrate',74,null,null,'null','null','null');
INSERT INTO Observation VALUES ('1366','53','2019-03-04 19:00:00','2019-03-04 19:01:29');
INSERT INTO Observable VALUES ('1366','131','bloodpressure',null,132,131,'null','null','null');
INSERT INTO Observation VALUES ('1367','2','2019-03-04 19:30:00',null);
INSERT INTO Observable VALUES ('1367',null,'heartrate',62,null,null,'null','null','null');
INSERT INTO Observation VALUES ('1368','2','2019-03-04 19:30:00',null);
INSERT INTO Observable VALUES ('1368',null,'bloodpressure',null,83,191,'null','null','null');
INSERT INTO Observation VALUES ('1369','42','2019-03-04 20:00:00','2019-03-04 20:01:12');
INSERT INTO Observable VALUES ('1369',null,'heartrate',68,null,null,'null','null','null');
INSERT INTO Observation VALUES ('1370','42','2019-03-04 20:00:00',null);
INSERT INTO Observable VALUES ('1370',null,'bloodpressure',null,116,163,'null','null','null');
INSERT INTO Observation VALUES ('1371','71','2019-03-04 20:30:00',null);
INSERT INTO Observable VALUES ('1371','107','heartrate',75,null,null,'null','null','null');
INSERT INTO Observation VALUES ('1372','71','2019-03-04 20:30:00','2019-03-04 20:31:53');
INSERT INTO Observable VALUES ('1372','107','bloodpressure',null,85,154,'null','null','null');
INSERT INTO Observation VALUES ('1373','82','2019-03-04 21:00:00',null);
INSERT INTO Observable VALUES ('1373','69','heartrate',98,null,null,'null','null','null');
INSERT INTO Observation VALUES ('1374','82','2019-03-04 21:00:00',null);
INSERT INTO Observable VALUES ('1374','69','bloodpressure',null,110,178,'null','null','null');
INSERT INTO Observation VALUES ('1375','29','2019-03-04 21:30:00','2019-03-04 21:31:03');
INSERT INTO Observable VALUES ('1375','133','heartrate',80,null,null,'null','null','null');
INSERT INTO Observation VALUES ('1376','29','2019-03-04 21:30:00','2019-03-04 21:31:46');
INSERT INTO Observable VALUES ('1376','133','bloodpressure',null,72,107,'null','null','null');
INSERT INTO Observation VALUES ('1377','14','2019-03-04 22:00:00','2019-03-04 22:00:07');
INSERT INTO Observable VALUES ('1377','74','heartrate',75,null,null,'null','null','null');
INSERT INTO Observation VALUES ('1378','14','2019-03-04 22:00:00','2019-03-04 22:00:24');
INSERT INTO Observable VALUES ('1378','74','bloodpressure',null,105,113,'null','null','null');
INSERT INTO Observation VALUES ('1379','67','2019-03-04 22:30:00','2019-03-04 22:30:15');
INSERT INTO Observable VALUES ('1379',null,'heartrate',72,null,null,'null','null','null');
INSERT INTO Observation VALUES ('1380','67','2019-03-04 22:30:00','2019-03-04 22:31:31');
INSERT INTO Observable VALUES ('1380',null,'bloodpressure',null,88,174,'null','null','null');
INSERT INTO Observation VALUES ('1381','111','2019-03-04 23:00:00','2019-03-04 23:01:24');
INSERT INTO Observable VALUES ('1381',null,'heartrate',81,null,null,'null','null','null');
INSERT INTO Observation VALUES ('1382','111','2019-03-04 23:00:00',null);
INSERT INTO Observable VALUES ('1382',null,'bloodpressure',null,83,135,'null','null','null');
INSERT INTO Observation VALUES ('1383','24','2019-03-04 23:30:00',null);
INSERT INTO Observable VALUES ('1383','101','heartrate',86,null,null,'null','null','null');
INSERT INTO Observation VALUES ('1384','24','2019-03-04 23:30:00','2019-03-04 23:30:22');
INSERT INTO Observable VALUES ('1384','101','bloodpressure',null,104,152,'null','null','null');
INSERT INTO Observation VALUES ('1385','37','2019-03-05 00:00:00','2019-03-05 00:01:22');
INSERT INTO Observable VALUES ('1385',null,'heartrate',97,null,null,'null','null','null');
INSERT INTO Observation VALUES ('1386','37','2019-03-05 00:00:00','2019-03-05 00:00:32');
INSERT INTO Observable VALUES ('1386',null,'bloodpressure',null,112,109,'null','null','null');
INSERT INTO Observation VALUES ('1387','67','2019-03-05 00:30:00',null);
INSERT INTO Observable VALUES ('1387','114','heartrate',69,null,null,'null','null','null');
INSERT INTO Observation VALUES ('1388','67','2019-03-05 00:30:00',null);
INSERT INTO Observable VALUES ('1388','114','bloodpressure',null,60,144,'null','null','null');
INSERT INTO Observation VALUES ('1389','54','2019-03-05 01:00:00','2019-03-05 01:00:13');
INSERT INTO Observable VALUES ('1389',null,'heartrate',83,null,null,'null','null','null');
INSERT INTO Observation VALUES ('1390','54','2019-03-05 01:00:00',null);
INSERT INTO Observable VALUES ('1390',null,'bloodpressure',null,135,192,'null','null','null');
INSERT INTO Observation VALUES ('1391','17','2019-03-05 01:30:00','2019-03-05 01:30:43');
INSERT INTO Observable VALUES ('1391',null,'heartrate',93,null,null,'null','null','null');
INSERT INTO Observation VALUES ('1392','17','2019-03-05 01:30:00','2019-03-05 01:30:31');
INSERT INTO Observable VALUES ('1392',null,'bloodpressure',null,95,178,'null','null','null');
INSERT INTO Observation VALUES ('1393','38','2019-03-05 02:00:00','2019-03-05 02:00:42');
INSERT INTO Observable VALUES ('1393','161','heartrate',90,null,null,'null','null','null');
INSERT INTO Observation VALUES ('1394','38','2019-03-05 02:00:00','2019-03-05 02:00:00');
INSERT INTO Observable VALUES ('1394','161','bloodpressure',null,102,149,'null','null','null');
INSERT INTO Observation VALUES ('1395','45','2019-03-05 02:30:00',null);
INSERT INTO Observable VALUES ('1395','192','heartrate',94,null,null,'null','null','null');
INSERT INTO Observation VALUES ('1396','45','2019-03-05 02:30:00',null);
INSERT INTO Observable VALUES ('1396','192','bloodpressure',null,128,151,'null','null','null');
INSERT INTO Observation VALUES ('1397','12','2019-03-05 03:00:00','2019-03-05 03:00:44');
INSERT INTO Observable VALUES ('1397','9','heartrate',82,null,null,'null','null','null');
INSERT INTO Observation VALUES ('1398','12','2019-03-05 03:00:00','2019-03-05 03:00:05');
INSERT INTO Observable VALUES ('1398','9','bloodpressure',null,65,149,'null','null','null');
INSERT INTO Observation VALUES ('1399','83','2019-03-05 03:30:00','2019-03-05 03:30:01');
INSERT INTO Observable VALUES ('1399',null,'heartrate',84,null,null,'null','null','null');
INSERT INTO Observation VALUES ('1400','83','2019-03-05 03:30:00',null);
INSERT INTO Observable VALUES ('1400',null,'bloodpressure',null,110,166,'null','null','null');
INSERT INTO Observation VALUES ('1401','89','2019-03-05 04:00:00',null);
INSERT INTO Observable VALUES ('1401','27','heartrate',93,null,null,'null','null','null');
INSERT INTO Observation VALUES ('1402','89','2019-03-05 04:00:00',null);
INSERT INTO Observable VALUES ('1402','27','bloodpressure',null,111,121,'null','null','null');
INSERT INTO Observation VALUES ('1403','67','2019-03-05 04:30:00','2019-03-05 04:31:23');
INSERT INTO Observable VALUES ('1403','114','heartrate',78,null,null,'null','null','null');
INSERT INTO Observation VALUES ('1404','67','2019-03-05 04:30:00','2019-03-05 04:30:42');
INSERT INTO Observable VALUES ('1404','114','bloodpressure',null,93,100,'null','null','null');
INSERT INTO Observation VALUES ('1405','72','2019-03-05 05:00:00',null);
INSERT INTO Observable VALUES ('1405','171','heartrate',88,null,null,'null','null','null');
INSERT INTO Observation VALUES ('1406','72','2019-03-05 05:00:00','2019-03-05 05:01:59');
INSERT INTO Observable VALUES ('1406','171','bloodpressure',null,106,164,'null','null','null');
INSERT INTO Observation VALUES ('1407','18','2019-03-05 05:30:00',null);
INSERT INTO Observable VALUES ('1407',null,'heartrate',90,null,null,'null','null','null');
INSERT INTO Observation VALUES ('1408','18','2019-03-05 05:30:00','2019-03-05 05:31:42');
INSERT INTO Observable VALUES ('1408',null,'bloodpressure',null,101,110,'null','null','null');
INSERT INTO Observation VALUES ('1409','125','2019-03-05 06:00:00','2019-03-05 06:00:58');
INSERT INTO Observable VALUES ('1409',null,'heartrate',74,null,null,'null','null','null');
INSERT INTO Observation VALUES ('1410','125','2019-03-05 06:00:00','2019-03-05 06:01:57');
INSERT INTO Observable VALUES ('1410',null,'bloodpressure',null,64,102,'null','null','null');
INSERT INTO Observation VALUES ('1411','87','2019-03-05 06:30:00','2019-03-05 06:31:50');
INSERT INTO Observable VALUES ('1411',null,'heartrate',77,null,null,'null','null','null');
INSERT INTO Observation VALUES ('1412','87','2019-03-05 06:30:00','2019-03-05 06:31:26');
INSERT INTO Observable VALUES ('1412',null,'bloodpressure',null,69,159,'null','null','null');
INSERT INTO Observation VALUES ('1413','30','2019-03-05 07:00:00','2019-03-05 07:00:19');
INSERT INTO Observable VALUES ('1413','47','heartrate',86,null,null,'null','null','null');
INSERT INTO Observation VALUES ('1414','30','2019-03-05 07:00:00','2019-03-05 07:00:29');
INSERT INTO Observable VALUES ('1414','47','bloodpressure',null,82,118,'null','null','null');
INSERT INTO Observation VALUES ('1415','108','2019-03-05 07:30:00','2019-03-05 07:30:28');
INSERT INTO Observable VALUES ('1415',null,'heartrate',64,null,null,'null','null','null');
INSERT INTO Observation VALUES ('1416','108','2019-03-05 07:30:00',null);
INSERT INTO Observable VALUES ('1416',null,'bloodpressure',null,121,169,'null','null','null');
INSERT INTO Observation VALUES ('1417','27','2019-03-05 08:00:00',null);
INSERT INTO Observable VALUES ('1417',null,'heartrate',82,null,null,'null','null','null');
INSERT INTO Observation VALUES ('1418','27','2019-03-05 08:00:00','2019-03-05 08:00:24');
INSERT INTO Observable VALUES ('1418',null,'bloodpressure',null,115,149,'null','null','null');
INSERT INTO Observation VALUES ('1419','63','2019-03-05 08:30:00',null);
INSERT INTO Observable VALUES ('1419','184','heartrate',74,null,null,'null','null','null');
INSERT INTO Observation VALUES ('1420','63','2019-03-05 08:30:00',null);
INSERT INTO Observable VALUES ('1420','184','bloodpressure',null,65,160,'null','null','null');
INSERT INTO Observation VALUES ('1421','80','2019-03-05 09:00:00',null);
INSERT INTO Observable VALUES ('1421','122','heartrate',82,null,null,'null','null','null');
INSERT INTO Observation VALUES ('1422','80','2019-03-05 09:00:00','2019-03-05 09:01:39');
INSERT INTO Observable VALUES ('1422','122','bloodpressure',null,60,172,'null','null','null');
INSERT INTO Observation VALUES ('1423','20','2019-03-05 09:30:00',null);
INSERT INTO Observable VALUES ('1423','33','heartrate',86,null,null,'null','null','null');
INSERT INTO Observation VALUES ('1424','20','2019-03-05 09:30:00','2019-03-05 09:31:46');
INSERT INTO Observable VALUES ('1424','33','bloodpressure',null,71,152,'null','null','null');
INSERT INTO Observation VALUES ('1425','84','2019-03-05 10:00:00',null);
INSERT INTO Observable VALUES ('1425',null,'heartrate',75,null,null,'null','null','null');
INSERT INTO Observation VALUES ('1426','84','2019-03-05 10:00:00','2019-03-05 10:01:09');
INSERT INTO Observable VALUES ('1426',null,'bloodpressure',null,94,153,'null','null','null');
INSERT INTO Observation VALUES ('1427','86','2019-03-05 10:30:00',null);
INSERT INTO Observable VALUES ('1427',null,'heartrate',70,null,null,'null','null','null');
INSERT INTO Observation VALUES ('1428','86','2019-03-05 10:30:00',null);
INSERT INTO Observable VALUES ('1428',null,'bloodpressure',null,77,120,'null','null','null');
INSERT INTO Observation VALUES ('1429','44','2019-03-05 11:00:00',null);
INSERT INTO Observable VALUES ('1429','173','heartrate',71,null,null,'null','null','null');
INSERT INTO Observation VALUES ('1430','44','2019-03-05 11:00:00','2019-03-05 11:00:33');
INSERT INTO Observable VALUES ('1430','173','bloodpressure',null,96,115,'null','null','null');
INSERT INTO Observation VALUES ('1431','28','2019-03-05 11:30:00',null);
INSERT INTO Observable VALUES ('1431',null,'heartrate',98,null,null,'null','null','null');
INSERT INTO Observation VALUES ('1432','28','2019-03-05 11:30:00',null);
INSERT INTO Observable VALUES ('1432',null,'bloodpressure',null,79,105,'null','null','null');
INSERT INTO Observation VALUES ('1433','35','2019-03-05 12:00:00',null);
INSERT INTO Observable VALUES ('1433',null,'heartrate',81,null,null,'null','null','null');
INSERT INTO Observation VALUES ('1434','35','2019-03-05 12:00:00','2019-03-05 12:00:58');
INSERT INTO Observable VALUES ('1434',null,'bloodpressure',null,132,127,'null','null','null');
INSERT INTO Observation VALUES ('1435','45','2019-03-05 12:30:00','2019-03-05 12:31:14');
INSERT INTO Observable VALUES ('1435','1','heartrate',63,null,null,'null','null','null');
INSERT INTO Observation VALUES ('1436','45','2019-03-05 12:30:00',null);
INSERT INTO Observable VALUES ('1436','1','bloodpressure',null,115,114,'null','null','null');
INSERT INTO Observation VALUES ('1437','109','2019-03-05 13:00:00',null);
INSERT INTO Observable VALUES ('1437',null,'heartrate',89,null,null,'null','null','null');
INSERT INTO Observation VALUES ('1438','109','2019-03-05 13:00:00',null);
INSERT INTO Observable VALUES ('1438',null,'bloodpressure',null,94,111,'null','null','null');
INSERT INTO Observation VALUES ('1439','56','2019-03-05 13:30:00',null);
INSERT INTO Observable VALUES ('1439','99','heartrate',63,null,null,'null','null','null');
INSERT INTO Observation VALUES ('1440','56','2019-03-05 13:30:00','2019-03-05 13:30:06');
INSERT INTO Observable VALUES ('1440','99','bloodpressure',null,97,190,'null','null','null');
INSERT INTO Observation VALUES ('1441','91','2019-03-05 14:00:00','2019-03-05 14:01:13');
INSERT INTO Observable VALUES ('1441',null,'heartrate',99,null,null,'null','null','null');
INSERT INTO Observation VALUES ('1442','91','2019-03-05 14:00:00','2019-03-05 14:00:38');
INSERT INTO Observable VALUES ('1442',null,'bloodpressure',null,97,183,'null','null','null');
INSERT INTO Observation VALUES ('1443','51','2019-03-05 14:30:00','2019-03-05 14:30:36');
INSERT INTO Observable VALUES ('1443','142','heartrate',79,null,null,'null','null','null');
INSERT INTO Observation VALUES ('1444','51','2019-03-05 14:30:00','2019-03-05 14:30:53');
INSERT INTO Observable VALUES ('1444','142','bloodpressure',null,139,114,'null','null','null');
INSERT INTO Observation VALUES ('1445','94','2019-03-05 15:00:00','2019-03-05 15:01:10');
INSERT INTO Observable VALUES ('1445',null,'heartrate',80,null,null,'null','null','null');
INSERT INTO Observation VALUES ('1446','94','2019-03-05 15:00:00',null);
INSERT INTO Observable VALUES ('1446',null,'bloodpressure',null,108,119,'null','null','null');
INSERT INTO Observation VALUES ('1447','90','2019-03-05 15:30:00','2019-03-05 15:31:48');
INSERT INTO Observable VALUES ('1447','25','heartrate',79,null,null,'null','null','null');
INSERT INTO Observation VALUES ('1448','90','2019-03-05 15:30:00','2019-03-05 15:31:44');
INSERT INTO Observable VALUES ('1448','25','bloodpressure',null,100,125,'null','null','null');
INSERT INTO Observation VALUES ('1449','37','2019-03-05 16:00:00',null);
INSERT INTO Observable VALUES ('1449',null,'heartrate',69,null,null,'null','null','null');
INSERT INTO Observation VALUES ('1450','37','2019-03-05 16:00:00',null);
INSERT INTO Observable VALUES ('1450',null,'bloodpressure',null,73,115,'null','null','null');
INSERT INTO Observation VALUES ('1451','10','2019-03-05 16:30:00','2019-03-05 16:31:23');
INSERT INTO Observable VALUES ('1451','195','heartrate',81,null,null,'null','null','null');
INSERT INTO Observation VALUES ('1452','10','2019-03-05 16:30:00','2019-03-05 16:30:50');
INSERT INTO Observable VALUES ('1452','195','bloodpressure',null,89,191,'null','null','null');
INSERT INTO Observation VALUES ('1453','35','2019-03-05 17:00:00','2019-03-05 17:00:31');
INSERT INTO Observable VALUES ('1453','166','heartrate',70,null,null,'null','null','null');
INSERT INTO Observation VALUES ('1454','35','2019-03-05 17:00:00','2019-03-05 17:01:45');
INSERT INTO Observable VALUES ('1454','166','bloodpressure',null,80,175,'null','null','null');
INSERT INTO Observation VALUES ('1455','96','2019-03-05 17:30:00','2019-03-05 17:31:29');
INSERT INTO Observable VALUES ('1455','174','heartrate',73,null,null,'null','null','null');
INSERT INTO Observation VALUES ('1456','96','2019-03-05 17:30:00','2019-03-05 17:30:21');
INSERT INTO Observable VALUES ('1456','174','bloodpressure',null,92,172,'null','null','null');
INSERT INTO Observation VALUES ('1457','89','2019-03-05 18:00:00','2019-03-05 18:01:20');
INSERT INTO Observable VALUES ('1457','13','heartrate',91,null,null,'null','null','null');
INSERT INTO Observation VALUES ('1458','89','2019-03-05 18:00:00','2019-03-05 18:01:49');
INSERT INTO Observable VALUES ('1458','13','bloodpressure',null,90,171,'null','null','null');
INSERT INTO Observation VALUES ('1459','85','2019-03-05 18:30:00','2019-03-05 18:30:52');
INSERT INTO Observable VALUES ('1459',null,'heartrate',63,null,null,'null','null','null');
INSERT INTO Observation VALUES ('1460','85','2019-03-05 18:30:00',null);
INSERT INTO Observable VALUES ('1460',null,'bloodpressure',null,83,179,'null','null','null');
INSERT INTO Observation VALUES ('1461','96','2019-03-05 19:00:00',null);
INSERT INTO Observable VALUES ('1461',null,'heartrate',80,null,null,'null','null','null');
INSERT INTO Observation VALUES ('1462','96','2019-03-05 19:00:00','2019-03-05 19:01:52');
INSERT INTO Observable VALUES ('1462',null,'bloodpressure',null,72,122,'null','null','null');
INSERT INTO Observation VALUES ('1463','116','2019-03-05 19:30:00',null);
INSERT INTO Observable VALUES ('1463',null,'heartrate',95,null,null,'null','null','null');
INSERT INTO Observation VALUES ('1464','116','2019-03-05 19:30:00','2019-03-05 19:30:17');
INSERT INTO Observable VALUES ('1464',null,'bloodpressure',null,109,121,'null','null','null');
INSERT INTO Observation VALUES ('1465','16','2019-03-05 20:00:00','2019-03-05 20:00:58');
INSERT INTO Observable VALUES ('1465',null,'heartrate',72,null,null,'null','null','null');
INSERT INTO Observation VALUES ('1466','16','2019-03-05 20:00:00',null);
INSERT INTO Observable VALUES ('1466',null,'bloodpressure',null,74,147,'null','null','null');
INSERT INTO Observation VALUES ('1467','56','2019-03-05 20:30:00',null);
INSERT INTO Observable VALUES ('1467',null,'heartrate',81,null,null,'null','null','null');
INSERT INTO Observation VALUES ('1468','56','2019-03-05 20:30:00','2019-03-05 20:31:38');
INSERT INTO Observable VALUES ('1468',null,'bloodpressure',null,73,104,'null','null','null');
INSERT INTO Observation VALUES ('1469','40','2019-03-05 21:00:00',null);
INSERT INTO Observable VALUES ('1469','21','heartrate',96,null,null,'null','null','null');
INSERT INTO Observation VALUES ('1470','40','2019-03-05 21:00:00',null);
INSERT INTO Observable VALUES ('1470','21','bloodpressure',null,96,140,'null','null','null');
INSERT INTO Observation VALUES ('1471','85','2019-03-05 21:30:00',null);
INSERT INTO Observable VALUES ('1471','125','heartrate',90,null,null,'null','null','null');
INSERT INTO Observation VALUES ('1472','85','2019-03-05 21:30:00',null);
INSERT INTO Observable VALUES ('1472','125','bloodpressure',null,86,184,'null','null','null');
INSERT INTO Observation VALUES ('1473','98','2019-03-05 22:00:00','2019-03-05 22:00:04');
INSERT INTO Observable VALUES ('1473','159','heartrate',84,null,null,'null','null','null');
INSERT INTO Observation VALUES ('1474','98','2019-03-05 22:00:00','2019-03-05 22:00:34');
INSERT INTO Observable VALUES ('1474','159','bloodpressure',null,99,177,'null','null','null');
INSERT INTO Observation VALUES ('1475','69','2019-03-05 22:30:00',null);
INSERT INTO Observable VALUES ('1475',null,'heartrate',77,null,null,'null','null','null');
INSERT INTO Observation VALUES ('1476','69','2019-03-05 22:30:00',null);
INSERT INTO Observable VALUES ('1476',null,'bloodpressure',null,105,159,'null','null','null');
INSERT INTO Observation VALUES ('1477','105','2019-03-05 23:00:00',null);
INSERT INTO Observable VALUES ('1477',null,'heartrate',66,null,null,'null','null','null');
INSERT INTO Observation VALUES ('1478','105','2019-03-05 23:00:00',null);
INSERT INTO Observable VALUES ('1478',null,'bloodpressure',null,120,182,'null','null','null');
INSERT INTO Observation VALUES ('1479','49','2019-03-05 23:30:00',null);
INSERT INTO Observable VALUES ('1479',null,'heartrate',97,null,null,'null','null','null');
INSERT INTO Observation VALUES ('1480','49','2019-03-05 23:30:00',null);
INSERT INTO Observable VALUES ('1480',null,'bloodpressure',null,104,196,'null','null','null');
INSERT INTO Observation VALUES ('1481','48','2019-03-06 00:00:00',null);
INSERT INTO Observable VALUES ('1481',null,'heartrate',74,null,null,'null','null','null');
INSERT INTO Observation VALUES ('1482','48','2019-03-06 00:00:00','2019-03-06 00:00:45');
INSERT INTO Observable VALUES ('1482',null,'bloodpressure',null,103,166,'null','null','null');
INSERT INTO Observation VALUES ('1483','12','2019-03-06 00:30:00',null);
INSERT INTO Observable VALUES ('1483','197','heartrate',85,null,null,'null','null','null');
INSERT INTO Observation VALUES ('1484','12','2019-03-06 00:30:00','2019-03-06 00:31:27');
INSERT INTO Observable VALUES ('1484','197','bloodpressure',null,78,142,'null','null','null');
INSERT INTO Observation VALUES ('1485','78','2019-03-06 01:00:00',null);
INSERT INTO Observable VALUES ('1485',null,'heartrate',85,null,null,'null','null','null');
INSERT INTO Observation VALUES ('1486','78','2019-03-06 01:00:00','2019-03-06 01:00:06');
INSERT INTO Observable VALUES ('1486',null,'bloodpressure',null,92,189,'null','null','null');
INSERT INTO Observation VALUES ('1487','103','2019-03-06 01:30:00','2019-03-06 01:31:40');
INSERT INTO Observable VALUES ('1487',null,'heartrate',66,null,null,'null','null','null');
INSERT INTO Observation VALUES ('1488','103','2019-03-06 01:30:00','2019-03-06 01:31:09');
INSERT INTO Observable VALUES ('1488',null,'bloodpressure',null,84,134,'null','null','null');
INSERT INTO Observation VALUES ('1489','70','2019-03-06 02:00:00','2019-03-06 02:00:02');
INSERT INTO Observable VALUES ('1489',null,'heartrate',68,null,null,'null','null','null');
INSERT INTO Observation VALUES ('1490','70','2019-03-06 02:00:00','2019-03-06 02:01:57');
INSERT INTO Observable VALUES ('1490',null,'bloodpressure',null,91,106,'null','null','null');
INSERT INTO Observation VALUES ('1491','88','2019-03-06 02:30:00','2019-03-06 02:30:29');
INSERT INTO Observable VALUES ('1491','182','heartrate',75,null,null,'null','null','null');
INSERT INTO Observation VALUES ('1492','88','2019-03-06 02:30:00',null);
INSERT INTO Observable VALUES ('1492','182','bloodpressure',null,118,160,'null','null','null');
INSERT INTO Observation VALUES ('1493','29','2019-03-06 03:00:00',null);
INSERT INTO Observable VALUES ('1493',null,'heartrate',81,null,null,'null','null','null');
INSERT INTO Observation VALUES ('1494','29','2019-03-06 03:00:00','2019-03-06 03:01:24');
INSERT INTO Observable VALUES ('1494',null,'bloodpressure',null,66,186,'null','null','null');
INSERT INTO Observation VALUES ('1495','5','2019-03-06 03:30:00',null);
INSERT INTO Observable VALUES ('1495','121','heartrate',88,null,null,'null','null','null');
INSERT INTO Observation VALUES ('1496','5','2019-03-06 03:30:00',null);
INSERT INTO Observable VALUES ('1496','121','bloodpressure',null,70,199,'null','null','null');
INSERT INTO Observation VALUES ('1497','77','2019-03-06 04:00:00','2019-03-06 04:01:36');
INSERT INTO Observable VALUES ('1497','95','heartrate',86,null,null,'null','null','null');
INSERT INTO Observation VALUES ('1498','77','2019-03-06 04:00:00','2019-03-06 04:00:56');
INSERT INTO Observable VALUES ('1498','95','bloodpressure',null,95,138,'null','null','null');
INSERT INTO Observation VALUES ('1499','7','2019-03-06 04:30:00',null);
INSERT INTO Observable VALUES ('1499','91','heartrate',89,null,null,'null','null','null');
INSERT INTO Observation VALUES ('1500','7','2019-03-06 04:30:00',null);
INSERT INTO Observable VALUES ('1500','91','bloodpressure',null,80,170,'null','null','null');
INSERT INTO Observation VALUES ('1501','45','2019-03-06 05:00:00',null);
INSERT INTO Observable VALUES ('1501','1','heartrate',60,null,null,'null','null','null');
INSERT INTO Observation VALUES ('1502','45','2019-03-06 05:00:00',null);
INSERT INTO Observable VALUES ('1502','1','bloodpressure',null,73,178,'null','null','null');
INSERT INTO Observation VALUES ('1503','20','2019-03-06 05:30:00','2019-03-06 05:31:47');
INSERT INTO Observable VALUES ('1503','156','heartrate',96,null,null,'null','null','null');
INSERT INTO Observation VALUES ('1504','20','2019-03-06 05:30:00','2019-03-06 05:30:47');
INSERT INTO Observable VALUES ('1504','156','bloodpressure',null,122,169,'null','null','null');
INSERT INTO Observation VALUES ('1505','31','2019-03-06 06:00:00','2019-03-06 06:01:56');
INSERT INTO Observable VALUES ('1505','68','heartrate',63,null,null,'null','null','null');
INSERT INTO Observation VALUES ('1506','31','2019-03-06 06:00:00','2019-03-06 06:01:31');
INSERT INTO Observable VALUES ('1506','68','bloodpressure',null,115,121,'null','null','null');
INSERT INTO Observation VALUES ('1507','61','2019-03-06 06:30:00',null);
INSERT INTO Observable VALUES ('1507',null,'heartrate',87,null,null,'null','null','null');
INSERT INTO Observation VALUES ('1508','61','2019-03-06 06:30:00','2019-03-06 06:31:00');
INSERT INTO Observable VALUES ('1508',null,'bloodpressure',null,117,131,'null','null','null');
INSERT INTO Observation VALUES ('1509','70','2019-03-06 07:00:00','2019-03-06 07:00:18');
INSERT INTO Observable VALUES ('1509',null,'heartrate',96,null,null,'null','null','null');
INSERT INTO Observation VALUES ('1510','70','2019-03-06 07:00:00',null);
INSERT INTO Observable VALUES ('1510',null,'bloodpressure',null,78,175,'null','null','null');
INSERT INTO Observation VALUES ('1511','28','2019-03-06 07:30:00',null);
INSERT INTO Observable VALUES ('1511',null,'heartrate',66,null,null,'null','null','null');
INSERT INTO Observation VALUES ('1512','28','2019-03-06 07:30:00','2019-03-06 07:30:03');
INSERT INTO Observable VALUES ('1512',null,'bloodpressure',null,103,178,'null','null','null');
INSERT INTO Observation VALUES ('1513','39','2019-03-06 08:00:00','2019-03-06 08:01:15');
INSERT INTO Observable VALUES ('1513',null,'heartrate',71,null,null,'null','null','null');
INSERT INTO Observation VALUES ('1514','39','2019-03-06 08:00:00','2019-03-06 08:01:28');
INSERT INTO Observable VALUES ('1514',null,'bloodpressure',null,116,169,'null','null','null');
INSERT INTO Observation VALUES ('1515','72','2019-03-06 08:30:00','2019-03-06 08:31:04');
INSERT INTO Observable VALUES ('1515','171','heartrate',98,null,null,'null','null','null');
INSERT INTO Observation VALUES ('1516','72','2019-03-06 08:30:00','2019-03-06 08:30:46');
INSERT INTO Observable VALUES ('1516','171','bloodpressure',null,134,113,'null','null','null');
INSERT INTO Observation VALUES ('1517','13','2019-03-06 09:00:00',null);
INSERT INTO Observable VALUES ('1517','119','heartrate',95,null,null,'null','null','null');
INSERT INTO Observation VALUES ('1518','13','2019-03-06 09:00:00',null);
INSERT INTO Observable VALUES ('1518','119','bloodpressure',null,113,155,'null','null','null');
INSERT INTO Observation VALUES ('1519','74','2019-03-06 09:30:00',null);
INSERT INTO Observable VALUES ('1519',null,'heartrate',84,null,null,'null','null','null');
INSERT INTO Observation VALUES ('1520','74','2019-03-06 09:30:00',null);
INSERT INTO Observable VALUES ('1520',null,'bloodpressure',null,137,136,'null','null','null');
INSERT INTO Observation VALUES ('1521','26','2019-03-06 10:00:00',null);
INSERT INTO Observable VALUES ('1521',null,'heartrate',80,null,null,'null','null','null');
INSERT INTO Observation VALUES ('1522','26','2019-03-06 10:00:00',null);
INSERT INTO Observable VALUES ('1522',null,'bloodpressure',null,76,114,'null','null','null');
INSERT INTO Observation VALUES ('1523','28','2019-03-06 10:30:00','2019-03-06 10:30:44');
INSERT INTO Observable VALUES ('1523',null,'heartrate',73,null,null,'null','null','null');
INSERT INTO Observation VALUES ('1524','28','2019-03-06 10:30:00',null);
INSERT INTO Observable VALUES ('1524',null,'bloodpressure',null,113,192,'null','null','null');
INSERT INTO Observation VALUES ('1525','14','2019-03-06 11:00:00','2019-03-06 11:00:54');
INSERT INTO Observable VALUES ('1525','139','heartrate',90,null,null,'null','null','null');
INSERT INTO Observation VALUES ('1526','14','2019-03-06 11:00:00',null);
INSERT INTO Observable VALUES ('1526','139','bloodpressure',null,131,182,'null','null','null');
INSERT INTO Observation VALUES ('1527','104','2019-03-06 11:30:00',null);
INSERT INTO Observable VALUES ('1527',null,'heartrate',72,null,null,'null','null','null');
INSERT INTO Observation VALUES ('1528','104','2019-03-06 11:30:00',null);
INSERT INTO Observable VALUES ('1528',null,'bloodpressure',null,83,198,'null','null','null');
INSERT INTO Observation VALUES ('1529','6','2019-03-06 12:00:00',null);
INSERT INTO Observable VALUES ('1529',null,'heartrate',97,null,null,'null','null','null');
INSERT INTO Observation VALUES ('1530','6','2019-03-06 12:00:00',null);
INSERT INTO Observable VALUES ('1530',null,'bloodpressure',null,139,167,'null','null','null');
INSERT INTO Observation VALUES ('1531','30','2019-03-06 12:30:00',null);
INSERT INTO Observable VALUES ('1531','47','heartrate',94,null,null,'null','null','null');
INSERT INTO Observation VALUES ('1532','30','2019-03-06 12:30:00','2019-03-06 12:30:22');
INSERT INTO Observable VALUES ('1532','47','bloodpressure',null,99,100,'null','null','null');
INSERT INTO Observation VALUES ('1533','86','2019-03-06 13:00:00','2019-03-06 13:00:58');
INSERT INTO Observable VALUES ('1533',null,'heartrate',79,null,null,'null','null','null');
INSERT INTO Observation VALUES ('1534','86','2019-03-06 13:00:00','2019-03-06 13:00:56');
INSERT INTO Observable VALUES ('1534',null,'bloodpressure',null,119,137,'null','null','null');
INSERT INTO Observation VALUES ('1535','96','2019-03-06 13:30:00',null);
INSERT INTO Observable VALUES ('1535','174','heartrate',92,null,null,'null','null','null');
INSERT INTO Observation VALUES ('1536','96','2019-03-06 13:30:00','2019-03-06 13:30:05');
INSERT INTO Observable VALUES ('1536','174','bloodpressure',null,129,182,'null','null','null');
INSERT INTO Observation VALUES ('1537','44','2019-03-06 14:00:00','2019-03-06 14:01:59');
INSERT INTO Observable VALUES ('1537',null,'heartrate',85,null,null,'null','null','null');
INSERT INTO Observation VALUES ('1538','44','2019-03-06 14:00:00',null);
INSERT INTO Observable VALUES ('1538',null,'bloodpressure',null,121,133,'null','null','null');
INSERT INTO Observation VALUES ('1539','43','2019-03-06 14:30:00',null);
INSERT INTO Observable VALUES ('1539','152','heartrate',85,null,null,'null','null','null');
INSERT INTO Observation VALUES ('1540','43','2019-03-06 14:30:00',null);
INSERT INTO Observable VALUES ('1540','152','bloodpressure',null,86,196,'null','null','null');
INSERT INTO Observation VALUES ('1541','15','2019-03-06 15:00:00','2019-03-06 15:00:45');
INSERT INTO Observable VALUES ('1541',null,'heartrate',98,null,null,'null','null','null');
INSERT INTO Observation VALUES ('1542','15','2019-03-06 15:00:00',null);
INSERT INTO Observable VALUES ('1542',null,'bloodpressure',null,103,164,'null','null','null');
INSERT INTO Observation VALUES ('1543','73','2019-03-06 15:30:00','2019-03-06 15:31:52');
INSERT INTO Observable VALUES ('1543',null,'heartrate',79,null,null,'null','null','null');
INSERT INTO Observation VALUES ('1544','73','2019-03-06 15:30:00','2019-03-06 15:31:27');
INSERT INTO Observable VALUES ('1544',null,'bloodpressure',null,72,156,'null','null','null');
INSERT INTO Observation VALUES ('1545','97','2019-03-06 16:00:00','2019-03-06 16:01:32');
INSERT INTO Observable VALUES ('1545',null,'heartrate',74,null,null,'null','null','null');
INSERT INTO Observation VALUES ('1546','97','2019-03-06 16:00:00','2019-03-06 16:01:34');
INSERT INTO Observable VALUES ('1546',null,'bloodpressure',null,128,170,'null','null','null');
INSERT INTO Observation VALUES ('1547','75','2019-03-06 16:30:00',null);
INSERT INTO Observable VALUES ('1547','145','heartrate',65,null,null,'null','null','null');
INSERT INTO Observation VALUES ('1548','75','2019-03-06 16:30:00','2019-03-06 16:31:27');
INSERT INTO Observable VALUES ('1548','145','bloodpressure',null,96,195,'null','null','null');
INSERT INTO Observation VALUES ('1549','64','2019-03-06 17:00:00','2019-03-06 17:01:31');
INSERT INTO Observable VALUES ('1549',null,'heartrate',72,null,null,'null','null','null');
INSERT INTO Observation VALUES ('1550','64','2019-03-06 17:00:00','2019-03-06 17:00:36');
INSERT INTO Observable VALUES ('1550',null,'bloodpressure',null,73,156,'null','null','null');
INSERT INTO Observation VALUES ('1551','120','2019-03-06 17:30:00',null);
INSERT INTO Observable VALUES ('1551',null,'heartrate',68,null,null,'null','null','null');
INSERT INTO Observation VALUES ('1552','120','2019-03-06 17:30:00',null);
INSERT INTO Observable VALUES ('1552',null,'bloodpressure',null,82,171,'null','null','null');
INSERT INTO Observation VALUES ('1553','68','2019-03-06 18:00:00','2019-03-06 18:00:36');
INSERT INTO Observable VALUES ('1553',null,'heartrate',66,null,null,'null','null','null');
INSERT INTO Observation VALUES ('1554','68','2019-03-06 18:00:00',null);
INSERT INTO Observable VALUES ('1554',null,'bloodpressure',null,138,189,'null','null','null');
INSERT INTO Observation VALUES ('1555','80','2019-03-06 18:30:00','2019-03-06 18:31:54');
INSERT INTO Observable VALUES ('1555','122','heartrate',67,null,null,'null','null','null');
INSERT INTO Observation VALUES ('1556','80','2019-03-06 18:30:00','2019-03-06 18:30:35');
INSERT INTO Observable VALUES ('1556','122','bloodpressure',null,138,195,'null','null','null');
INSERT INTO Observation VALUES ('1557','85','2019-03-06 19:00:00','2019-03-06 19:01:32');
INSERT INTO Observable VALUES ('1557','125','heartrate',85,null,null,'null','null','null');
INSERT INTO Observation VALUES ('1558','85','2019-03-06 19:00:00','2019-03-06 19:01:23');
INSERT INTO Observable VALUES ('1558','125','bloodpressure',null,106,147,'null','null','null');
INSERT INTO Observation VALUES ('1559','7','2019-03-06 19:30:00','2019-03-06 19:30:18');
INSERT INTO Observable VALUES ('1559','12','heartrate',96,null,null,'null','null','null');
INSERT INTO Observation VALUES ('1560','7','2019-03-06 19:30:00',null);
INSERT INTO Observable VALUES ('1560','12','bloodpressure',null,91,172,'null','null','null');
INSERT INTO Observation VALUES ('1561','61','2019-03-06 20:00:00',null);
INSERT INTO Observable VALUES ('1561','134','heartrate',73,null,null,'null','null','null');
INSERT INTO Observation VALUES ('1562','61','2019-03-06 20:00:00','2019-03-06 20:01:20');
INSERT INTO Observable VALUES ('1562','134','bloodpressure',null,134,182,'null','null','null');
INSERT INTO Observation VALUES ('1563','86','2019-03-06 20:30:00','2019-03-06 20:30:49');
INSERT INTO Observable VALUES ('1563',null,'heartrate',88,null,null,'null','null','null');
INSERT INTO Observation VALUES ('1564','86','2019-03-06 20:30:00','2019-03-06 20:31:50');
INSERT INTO Observable VALUES ('1564',null,'bloodpressure',null,64,151,'null','null','null');
INSERT INTO Observation VALUES ('1565','10','2019-03-06 21:00:00',null);
INSERT INTO Observable VALUES ('1565','44','heartrate',88,null,null,'null','null','null');
INSERT INTO Observation VALUES ('1566','10','2019-03-06 21:00:00','2019-03-06 21:01:23');
INSERT INTO Observable VALUES ('1566','44','bloodpressure',null,62,182,'null','null','null');
INSERT INTO Observation VALUES ('1567','70','2019-03-06 21:30:00',null);
INSERT INTO Observable VALUES ('1567',null,'heartrate',82,null,null,'null','null','null');
INSERT INTO Observation VALUES ('1568','70','2019-03-06 21:30:00','2019-03-06 21:31:21');
INSERT INTO Observable VALUES ('1568',null,'bloodpressure',null,101,192,'null','null','null');
INSERT INTO Observation VALUES ('1569','33','2019-03-06 22:00:00',null);
INSERT INTO Observable VALUES ('1569','40','heartrate',80,null,null,'null','null','null');
INSERT INTO Observation VALUES ('1570','33','2019-03-06 22:00:00',null);
INSERT INTO Observable VALUES ('1570','40','bloodpressure',null,138,152,'null','null','null');
INSERT INTO Observation VALUES ('1571','39','2019-03-06 22:30:00',null);
INSERT INTO Observable VALUES ('1571','32','heartrate',75,null,null,'null','null','null');
INSERT INTO Observation VALUES ('1572','39','2019-03-06 22:30:00',null);
INSERT INTO Observable VALUES ('1572','32','bloodpressure',null,78,180,'null','null','null');
INSERT INTO Observation VALUES ('1573','51','2019-03-06 23:00:00','2019-03-06 23:00:46');
INSERT INTO Observable VALUES ('1573','142','heartrate',96,null,null,'null','null','null');
INSERT INTO Observation VALUES ('1574','51','2019-03-06 23:00:00',null);
INSERT INTO Observable VALUES ('1574','142','bloodpressure',null,93,117,'null','null','null');
INSERT INTO Observation VALUES ('1575','84','2019-03-06 23:30:00','2019-03-06 23:30:26');
INSERT INTO Observable VALUES ('1575',null,'heartrate',76,null,null,'null','null','null');
INSERT INTO Observation VALUES ('1576','84','2019-03-06 23:30:00','2019-03-06 23:30:05');
INSERT INTO Observable VALUES ('1576',null,'bloodpressure',null,70,192,'null','null','null');
INSERT INTO Observation VALUES ('1577','108','2019-03-07 00:00:00',null);
INSERT INTO Observable VALUES ('1577',null,'heartrate',99,null,null,'null','null','null');
INSERT INTO Observation VALUES ('1578','108','2019-03-07 00:00:00','2019-03-07 00:00:46');
INSERT INTO Observable VALUES ('1578',null,'bloodpressure',null,136,191,'null','null','null');
INSERT INTO Observation VALUES ('1579','88','2019-03-07 00:30:00','2019-03-07 00:31:40');
INSERT INTO Observable VALUES ('1579','50','heartrate',87,null,null,'null','null','null');
INSERT INTO Observation VALUES ('1580','88','2019-03-07 00:30:00','2019-03-07 00:31:36');
INSERT INTO Observable VALUES ('1580','50','bloodpressure',null,102,198,'null','null','null');
INSERT INTO Observation VALUES ('1581','98','2019-03-07 01:00:00','2019-03-07 01:00:48');
INSERT INTO Observable VALUES ('1581',null,'heartrate',95,null,null,'null','null','null');
INSERT INTO Observation VALUES ('1582','98','2019-03-07 01:00:00',null);
INSERT INTO Observable VALUES ('1582',null,'bloodpressure',null,75,170,'null','null','null');
INSERT INTO Observation VALUES ('1583','79','2019-03-07 01:30:00',null);
INSERT INTO Observable VALUES ('1583',null,'heartrate',91,null,null,'null','null','null');
INSERT INTO Observation VALUES ('1584','79','2019-03-07 01:30:00','2019-03-07 01:30:56');
INSERT INTO Observable VALUES ('1584',null,'bloodpressure',null,113,120,'null','null','null');
INSERT INTO Observation VALUES ('1585','83','2019-03-07 02:00:00',null);
INSERT INTO Observable VALUES ('1585',null,'heartrate',64,null,null,'null','null','null');
INSERT INTO Observation VALUES ('1586','83','2019-03-07 02:00:00','2019-03-07 02:00:43');
INSERT INTO Observable VALUES ('1586',null,'bloodpressure',null,108,125,'null','null','null');
INSERT INTO Observation VALUES ('1587','99','2019-03-07 02:30:00','2019-03-07 02:31:57');
INSERT INTO Observable VALUES ('1587','106','heartrate',96,null,null,'null','null','null');
INSERT INTO Observation VALUES ('1588','99','2019-03-07 02:30:00','2019-03-07 02:30:48');
INSERT INTO Observable VALUES ('1588','106','bloodpressure',null,99,111,'null','null','null');
INSERT INTO Observation VALUES ('1589','124','2019-03-07 03:00:00','2019-03-07 03:01:09');
INSERT INTO Observable VALUES ('1589',null,'heartrate',92,null,null,'null','null','null');
INSERT INTO Observation VALUES ('1590','124','2019-03-07 03:00:00',null);
INSERT INTO Observable VALUES ('1590',null,'bloodpressure',null,112,132,'null','null','null');
INSERT INTO Observation VALUES ('1591','40','2019-03-07 03:30:00','2019-03-07 03:30:31');
INSERT INTO Observable VALUES ('1591',null,'heartrate',87,null,null,'null','null','null');
INSERT INTO Observation VALUES ('1592','40','2019-03-07 03:30:00',null);
INSERT INTO Observable VALUES ('1592',null,'bloodpressure',null,68,161,'null','null','null');
INSERT INTO Observation VALUES ('1593','118','2019-03-07 04:00:00','2019-03-07 04:00:07');
INSERT INTO Observable VALUES ('1593',null,'heartrate',77,null,null,'null','null','null');
INSERT INTO Observation VALUES ('1594','118','2019-03-07 04:00:00',null);
INSERT INTO Observable VALUES ('1594',null,'bloodpressure',null,134,138,'null','null','null');
INSERT INTO Observation VALUES ('1595','67','2019-03-07 04:30:00',null);
INSERT INTO Observable VALUES ('1595','114','heartrate',80,null,null,'null','null','null');
INSERT INTO Observation VALUES ('1596','67','2019-03-07 04:30:00','2019-03-07 04:30:31');
INSERT INTO Observable VALUES ('1596','114','bloodpressure',null,120,187,'null','null','null');
INSERT INTO Observation VALUES ('1597','8','2019-03-07 05:00:00',null);
INSERT INTO Observable VALUES ('1597','31','heartrate',73,null,null,'null','null','null');
INSERT INTO Observation VALUES ('1598','8','2019-03-07 05:00:00','2019-03-07 05:00:59');
INSERT INTO Observable VALUES ('1598','31','bloodpressure',null,121,165,'null','null','null');
INSERT INTO Observation VALUES ('1599','90','2019-03-07 05:30:00','2019-03-07 05:31:08');
INSERT INTO Observable VALUES ('1599',null,'heartrate',93,null,null,'null','null','null');
INSERT INTO Observation VALUES ('1600','90','2019-03-07 05:30:00','2019-03-07 05:30:12');
INSERT INTO Observable VALUES ('1600',null,'bloodpressure',null,113,130,'null','null','null');
INSERT INTO Observation VALUES ('1601','47','2019-03-07 06:00:00','2019-03-07 06:00:52');
INSERT INTO Observable VALUES ('1601',null,'heartrate',93,null,null,'null','null','null');
INSERT INTO Observation VALUES ('1602','47','2019-03-07 06:00:00','2019-03-07 06:01:54');
INSERT INTO Observable VALUES ('1602',null,'bloodpressure',null,90,159,'null','null','null');
INSERT INTO Observation VALUES ('1603','77','2019-03-07 06:30:00','2019-03-07 06:30:04');
INSERT INTO Observable VALUES ('1603',null,'heartrate',63,null,null,'null','null','null');
INSERT INTO Observation VALUES ('1604','77','2019-03-07 06:30:00','2019-03-07 06:30:18');
INSERT INTO Observable VALUES ('1604',null,'bloodpressure',null,121,138,'null','null','null');
INSERT INTO Observation VALUES ('1605','6','2019-03-07 07:00:00',null);
INSERT INTO Observable VALUES ('1605',null,'heartrate',86,null,null,'null','null','null');
INSERT INTO Observation VALUES ('1606','6','2019-03-07 07:00:00','2019-03-07 07:01:19');
INSERT INTO Observable VALUES ('1606',null,'bloodpressure',null,135,158,'null','null','null');
INSERT INTO Observation VALUES ('1607','39','2019-03-07 07:30:00',null);
INSERT INTO Observable VALUES ('1607',null,'heartrate',84,null,null,'null','null','null');
INSERT INTO Observation VALUES ('1608','39','2019-03-07 07:30:00',null);
INSERT INTO Observable VALUES ('1608',null,'bloodpressure',null,103,172,'null','null','null');
INSERT INTO Observation VALUES ('1609','1','2019-03-07 08:00:00','2019-03-07 08:01:12');
INSERT INTO Observable VALUES ('1609','126','heartrate',67,null,null,'null','null','null');
INSERT INTO Observation VALUES ('1610','1','2019-03-07 08:00:00',null);
INSERT INTO Observable VALUES ('1610','126','bloodpressure',null,94,169,'null','null','null');
INSERT INTO Observation VALUES ('1611','46','2019-03-07 08:30:00',null);
INSERT INTO Observable VALUES ('1611','172','heartrate',85,null,null,'null','null','null');
INSERT INTO Observation VALUES ('1612','46','2019-03-07 08:30:00','2019-03-07 08:31:41');
INSERT INTO Observable VALUES ('1612','172','bloodpressure',null,66,176,'null','null','null');
INSERT INTO Observation VALUES ('1613','13','2019-03-07 09:00:00',null);
INSERT INTO Observable VALUES ('1613',null,'heartrate',60,null,null,'null','null','null');
INSERT INTO Observation VALUES ('1614','13','2019-03-07 09:00:00','2019-03-07 09:01:14');
INSERT INTO Observable VALUES ('1614',null,'bloodpressure',null,85,113,'null','null','null');
INSERT INTO Observation VALUES ('1615','119','2019-03-07 09:30:00','2019-03-07 09:31:00');
INSERT INTO Observable VALUES ('1615',null,'heartrate',96,null,null,'null','null','null');
INSERT INTO Observation VALUES ('1616','119','2019-03-07 09:30:00',null);
INSERT INTO Observable VALUES ('1616',null,'bloodpressure',null,63,126,'null','null','null');
INSERT INTO Observation VALUES ('1617','45','2019-03-07 10:00:00','2019-03-07 10:01:31');
INSERT INTO Observable VALUES ('1617','192','heartrate',77,null,null,'null','null','null');
INSERT INTO Observation VALUES ('1618','45','2019-03-07 10:00:00','2019-03-07 10:01:49');
INSERT INTO Observable VALUES ('1618','192','bloodpressure',null,107,129,'null','null','null');
INSERT INTO Observation VALUES ('1619','62','2019-03-07 10:30:00',null);
INSERT INTO Observable VALUES ('1619','79','heartrate',64,null,null,'null','null','null');
INSERT INTO Observation VALUES ('1620','62','2019-03-07 10:30:00',null);
INSERT INTO Observable VALUES ('1620','79','bloodpressure',null,118,161,'null','null','null');
INSERT INTO Observation VALUES ('1621','78','2019-03-07 11:00:00','2019-03-07 11:01:46');
INSERT INTO Observable VALUES ('1621','8','heartrate',61,null,null,'null','null','null');
INSERT INTO Observation VALUES ('1622','78','2019-03-07 11:00:00',null);
INSERT INTO Observable VALUES ('1622','8','bloodpressure',null,103,133,'null','null','null');
INSERT INTO Observation VALUES ('1623','23','2019-03-07 11:30:00',null);
INSERT INTO Observable VALUES ('1623','80','heartrate',78,null,null,'null','null','null');
INSERT INTO Observation VALUES ('1624','23','2019-03-07 11:30:00',null);
INSERT INTO Observable VALUES ('1624','80','bloodpressure',null,128,154,'null','null','null');
INSERT INTO Observation VALUES ('1625','40','2019-03-07 12:00:00','2019-03-07 12:00:11');
INSERT INTO Observable VALUES ('1625',null,'heartrate',79,null,null,'null','null','null');
INSERT INTO Observation VALUES ('1626','40','2019-03-07 12:00:00',null);
INSERT INTO Observable VALUES ('1626',null,'bloodpressure',null,128,152,'null','null','null');
INSERT INTO Observation VALUES ('1627','75','2019-03-07 12:30:00',null);
INSERT INTO Observable VALUES ('1627','145','heartrate',62,null,null,'null','null','null');
INSERT INTO Observation VALUES ('1628','75','2019-03-07 12:30:00',null);
INSERT INTO Observable VALUES ('1628','145','bloodpressure',null,75,148,'null','null','null');
INSERT INTO Observation VALUES ('1629','77','2019-03-07 13:00:00',null);
INSERT INTO Observable VALUES ('1629','22','heartrate',76,null,null,'null','null','null');
INSERT INTO Observation VALUES ('1630','77','2019-03-07 13:00:00','2019-03-07 13:00:25');
INSERT INTO Observable VALUES ('1630','22','bloodpressure',null,91,143,'null','null','null');
INSERT INTO Observation VALUES ('1631','45','2019-03-07 13:30:00',null);
INSERT INTO Observable VALUES ('1631','1','heartrate',63,null,null,'null','null','null');
INSERT INTO Observation VALUES ('1632','45','2019-03-07 13:30:00','2019-03-07 13:31:24');
INSERT INTO Observable VALUES ('1632','1','bloodpressure',null,107,179,'null','null','null');
INSERT INTO Observation VALUES ('1633','86','2019-03-07 14:00:00',null);
INSERT INTO Observable VALUES ('1633',null,'heartrate',84,null,null,'null','null','null');
INSERT INTO Observation VALUES ('1634','86','2019-03-07 14:00:00',null);
INSERT INTO Observable VALUES ('1634',null,'bloodpressure',null,134,182,'null','null','null');
INSERT INTO Observation VALUES ('1635','76','2019-03-07 14:30:00','2019-03-07 14:31:24');
INSERT INTO Observable VALUES ('1635','163','heartrate',96,null,null,'null','null','null');
INSERT INTO Observation VALUES ('1636','76','2019-03-07 14:30:00','2019-03-07 14:31:23');
INSERT INTO Observable VALUES ('1636','163','bloodpressure',null,93,142,'null','null','null');
INSERT INTO Observation VALUES ('1637','30','2019-03-07 15:00:00',null);
INSERT INTO Observable VALUES ('1637','83','heartrate',96,null,null,'null','null','null');
INSERT INTO Observation VALUES ('1638','30','2019-03-07 15:00:00','2019-03-07 15:01:22');
INSERT INTO Observable VALUES ('1638','83','bloodpressure',null,130,117,'null','null','null');
INSERT INTO Observation VALUES ('1639','65','2019-03-07 15:30:00','2019-03-07 15:30:07');
INSERT INTO Observable VALUES ('1639',null,'heartrate',64,null,null,'null','null','null');
INSERT INTO Observation VALUES ('1640','65','2019-03-07 15:30:00','2019-03-07 15:31:07');
INSERT INTO Observable VALUES ('1640',null,'bloodpressure',null,133,113,'null','null','null');
INSERT INTO Observation VALUES ('1641','16','2019-03-07 16:00:00',null);
INSERT INTO Observable VALUES ('1641',null,'heartrate',72,null,null,'null','null','null');
INSERT INTO Observation VALUES ('1642','16','2019-03-07 16:00:00',null);
INSERT INTO Observable VALUES ('1642',null,'bloodpressure',null,70,141,'null','null','null');
INSERT INTO Observation VALUES ('1643','62','2019-03-07 16:30:00','2019-03-07 16:31:25');
INSERT INTO Observable VALUES ('1643',null,'heartrate',78,null,null,'null','null','null');
INSERT INTO Observation VALUES ('1644','62','2019-03-07 16:30:00',null);
INSERT INTO Observable VALUES ('1644',null,'bloodpressure',null,66,174,'null','null','null');
INSERT INTO Observation VALUES ('1645','56','2019-03-07 17:00:00',null);
INSERT INTO Observable VALUES ('1645','39','heartrate',81,null,null,'null','null','null');
INSERT INTO Observation VALUES ('1646','56','2019-03-07 17:00:00','2019-03-07 17:01:12');
INSERT INTO Observable VALUES ('1646','39','bloodpressure',null,74,130,'null','null','null');
INSERT INTO Observation VALUES ('1647','98','2019-03-07 17:30:00','2019-03-07 17:30:15');
INSERT INTO Observable VALUES ('1647',null,'heartrate',68,null,null,'null','null','null');
INSERT INTO Observation VALUES ('1648','98','2019-03-07 17:30:00',null);
INSERT INTO Observable VALUES ('1648',null,'bloodpressure',null,132,127,'null','null','null');
INSERT INTO Observation VALUES ('1649','60','2019-03-07 18:00:00',null);
INSERT INTO Observable VALUES ('1649','137','heartrate',92,null,null,'null','null','null');
INSERT INTO Observation VALUES ('1650','60','2019-03-07 18:00:00','2019-03-07 18:01:59');
INSERT INTO Observable VALUES ('1650','137','bloodpressure',null,90,154,'null','null','null');
INSERT INTO Observation VALUES ('1651','42','2019-03-07 18:30:00','2019-03-07 18:30:40');
INSERT INTO Observable VALUES ('1651','113','heartrate',84,null,null,'null','null','null');
INSERT INTO Observation VALUES ('1652','42','2019-03-07 18:30:00','2019-03-07 18:31:56');
